{"id":41737,"date":"2026-03-27T19:09:43","date_gmt":"2026-03-27T18:09:43","guid":{"rendered":"https:\/\/solumeca.com\/?product=kit-de-multimetro-probadores-electrico-modelomm320kt-klein"},"modified":"2026-03-28T17:32:22","modified_gmt":"2026-03-28T16:32:22","slug":"kit-de-multimetro-probadores-electrico-modelomm320kt-klein","status":"publish","type":"product","link":"https:\/\/solumeca.com\/?product=kit-de-multimetro-probadores-electrico-modelomm320kt-klein","title":{"rendered":"KIT DE MULTIMETRO + PROBADORES ELECTRICO MODELO:MM320KT KLEIN &#8211; Ref.MM320KIT"},"content":{"rendered":"<p>El mult\u00edmetro digital mide hasta 600 V CA\/CC, 10 A CC y 2 ohmios de resistencia.<br \/>\nTambi\u00e9n prueba bater\u00edas, diodos y continuidad.<br \/>\nEl comprobador de voltaje NCVT-3P tiene capacidad de doble rango para detectar de 12 a 1000 V CA o de 70 a 1000 V CA, para una amplia variedad de aplicaciones de bajo voltaje o voltaje est\u00e1ndar.<br \/>\nLa linterna brillante ilumina el \u00e1rea de trabajo y puede usarse independientemente de la funci\u00f3n de detecci\u00f3n de voltaje del NCVT-3P.<br \/>\nEl ET45 prueba voltajes CA de 28 V a 240 V CA en cuatro niveles \u00fatiles, alineados con los voltajes residenciales comunes, y voltajes CC de 32 V a 330 V en cuatro niveles comunes.<br \/>\nEl soporte integrado para cables de prueba en la parte posterior del ET45 mantiene los cables en una de dos posiciones: una para que est\u00e9n correctamente espaciados para probar tomacorrientes a prueba de manipulaciones de estilo estadounidense y otra para un almacenamiento conveniente de los cables de prueba.<br \/>\nEl RT210 detecta los problemas de cableado m\u00e1s comunes en tomacorrientes est\u00e1ndar y GFCI, incluyendo tierra abierta y polaridad inversa. Polaridad, fase abierta, neutro abierto y fase\/tierra invertidas.<\/p>\n<p>El comprobador de tomacorrientes funciona con tomacorrientes GFCI y confirma el funcionamiento del dispositivo de protecci\u00f3n contra fallas a tierra.<\/p>\n","protected":false},"excerpt":{"rendered":"<p>El mult\u00edmetro digital mide hasta 600 V CA\/CC, 10 A CC y 2 ohmios de resistencia. Tambi\u00e9n prueba bater\u00edas, diodos y continuidad. El comprobador de voltaje NCVT-3P tiene capacidad de doble rango para detectar de 12 a 1000 V CA o de 70 a 1000 V CA, para una amplia variedad de aplicaciones de bajo<\/p>\n<div class=\"klb-readmore button\"><a class=\"btn link\" href=\"https:\/\/solumeca.com\/?product=kit-de-multimetro-probadores-electrico-modelomm320kt-klein\">Read More <i class=\"klbth-icon-right-arrow\"><\/i><\/a><\/div>\n","protected":false},"featured_media":41843,"comment_status":"open","ping_status":"closed","template":"","meta":[],"product_brand":[],"product_cat":[423],"product_tag":[],"class_list":{"0":"post-41737","1":"product","2":"type-product","3":"status-publish","4":"has-post-thumbnail","6":"product_cat-klein-tools","8":"first","9":"instock","10":"taxable","11":"shipping-taxable","12":"purchasable","13":"product-type-simple"},"yoast_head":"<!-- This site is optimized with the Yoast SEO Premium plugin v22.5 (Yoast SEO v22.6) - https:\/\/yoast.com\/wordpress\/plugins\/seo\/ -->\n<title>KIT DE MULTIMETRO + PROBADORES ELECTRICO MODELO:MM320KT KLEIN - Ref.MM320KIT - Herramientas Industriales - Equipos de Seguridad - Solumeca.com<\/title>\n<meta name=\"robots\" content=\"index, follow, max-snippet:-1, max-image-preview:large, max-video-preview:-1\" \/>\n<link rel=\"canonical\" href=\"https:\/\/solumeca.com\/?product=kit-de-multimetro-probadores-electrico-modelomm320kt-klein\" \/>\n<meta property=\"og:locale\" content=\"es_ES\" \/>\n<meta property=\"og:type\" content=\"article\" \/>\n<meta property=\"og:title\" content=\"KIT DE MULTIMETRO + PROBADORES ELECTRICO MODELO:MM320KT KLEIN - Ref.MM320KIT\" \/>\n<meta property=\"og:description\" content=\"El mult\u00edmetro digital mide hasta 600 V CA\/CC, 10 A CC y 2 ohmios de resistencia. Tambi\u00e9n prueba bater\u00edas, diodos y continuidad. El comprobador de voltaje NCVT-3P tiene capacidad de doble rango para detectar de 12 a 1000 V CA o de 70 a 1000 V CA, para una amplia variedad de aplicaciones de bajoRead More\" \/>\n<meta property=\"og:url\" content=\"https:\/\/solumeca.com\/?product=kit-de-multimetro-probadores-electrico-modelomm320kt-klein\" \/>\n<meta property=\"og:site_name\" content=\"Herramientas Industriales - Equipos de Seguridad - Solumeca.com\" \/>\n<meta property=\"article:modified_time\" content=\"2026-03-28T16:32:22+00:00\" \/>\n<meta property=\"og:image\" content=\"https:\/\/solumeca.com\/wp-content\/uploads\/2026\/03\/mm320kit_c.jpg\" \/>\n\t<meta property=\"og:image:width\" content=\"1000\" \/>\n\t<meta property=\"og:image:height\" content=\"1000\" \/>\n\t<meta property=\"og:image:type\" content=\"image\/jpeg\" \/>\n<meta name=\"twitter:card\" content=\"summary_large_image\" \/>\n<meta name=\"twitter:label1\" content=\"Tiempo de lectura\" \/>\n\t<meta name=\"twitter:data1\" content=\"1 minuto\" \/>\n<script type=\"application\/ld+json\" class=\"yoast-schema-graph\">{\"@context\":\"https:\/\/schema.org\",\"@graph\":[{\"@type\":\"WebPage\",\"@id\":\"https:\/\/solumeca.com\/?product=kit-de-multimetro-probadores-electrico-modelomm320kt-klein\",\"url\":\"https:\/\/solumeca.com\/?product=kit-de-multimetro-probadores-electrico-modelomm320kt-klein\",\"name\":\"KIT DE MULTIMETRO + PROBADORES ELECTRICO MODELO:MM320KT KLEIN - Ref.MM320KIT - Herramientas Industriales - Equipos de Seguridad - Solumeca.com\",\"isPartOf\":{\"@id\":\"https:\/\/solumeca.com\/#website\"},\"primaryImageOfPage\":{\"@id\":\"https:\/\/solumeca.com\/?product=kit-de-multimetro-probadores-electrico-modelomm320kt-klein#primaryimage\"},\"image\":{\"@id\":\"https:\/\/solumeca.com\/?product=kit-de-multimetro-probadores-electrico-modelomm320kt-klein#primaryimage\"},\"thumbnailUrl\":\"https:\/\/solumeca.com\/wp-content\/uploads\/2026\/03\/mm320kit_c.jpg\",\"datePublished\":\"2026-03-27T18:09:43+00:00\",\"dateModified\":\"2026-03-28T16:32:22+00:00\",\"breadcrumb\":{\"@id\":\"https:\/\/solumeca.com\/?product=kit-de-multimetro-probadores-electrico-modelomm320kt-klein#breadcrumb\"},\"inLanguage\":\"es\",\"potentialAction\":[{\"@type\":\"ReadAction\",\"target\":[\"https:\/\/solumeca.com\/?product=kit-de-multimetro-probadores-electrico-modelomm320kt-klein\"]}]},{\"@type\":\"ImageObject\",\"inLanguage\":\"es\",\"@id\":\"https:\/\/solumeca.com\/?product=kit-de-multimetro-probadores-electrico-modelomm320kt-klein#primaryimage\",\"url\":\"https:\/\/solumeca.com\/wp-content\/uploads\/2026\/03\/mm320kit_c.jpg\",\"contentUrl\":\"https:\/\/solumeca.com\/wp-content\/uploads\/2026\/03\/mm320kit_c.jpg\",\"width\":1000,\"height\":1000},{\"@type\":\"BreadcrumbList\",\"@id\":\"https:\/\/solumeca.com\/?product=kit-de-multimetro-probadores-electrico-modelomm320kt-klein#breadcrumb\",\"itemListElement\":[{\"@type\":\"ListItem\",\"position\":1,\"name\":\"Portada\",\"item\":\"https:\/\/solumeca.com\/\"},{\"@type\":\"ListItem\",\"position\":2,\"name\":\"Shop\",\"item\":\"https:\/\/solumeca.com\/?page_id=10\"},{\"@type\":\"ListItem\",\"position\":3,\"name\":\"KIT DE MULTIMETRO + PROBADORES ELECTRICO MODELO:MM320KT KLEIN &#8211; Ref.MM320KIT\"}]},{\"@type\":\"WebSite\",\"@id\":\"https:\/\/solumeca.com\/#website\",\"url\":\"https:\/\/solumeca.com\/\",\"name\":\"SOS Integral - Equipos de Seguridad - Herramientas Industriales\",\"description\":\"Equipos de Seguridad, Santo Domingo, Republica Dominicana, Herramientas Industriales,Tel.: (809) 274-3888 \/ Info@solumeca.com\",\"publisher\":{\"@id\":\"https:\/\/solumeca.com\/#organization\"},\"potentialAction\":[{\"@type\":\"SearchAction\",\"target\":{\"@type\":\"EntryPoint\",\"urlTemplate\":\"https:\/\/solumeca.com\/?s={search_term_string}\"},\"query-input\":\"required name=search_term_string\"}],\"inLanguage\":\"es\"},{\"@type\":\"Organization\",\"@id\":\"https:\/\/solumeca.com\/#organization\",\"name\":\"SOS Integral - Equipos de Seguridad - Herramientas Industriales\",\"url\":\"https:\/\/solumeca.com\/\",\"logo\":{\"@type\":\"ImageObject\",\"inLanguage\":\"es\",\"@id\":\"https:\/\/solumeca.com\/#\/schema\/logo\/image\/\",\"url\":\"https:\/\/solumeca.com\/wp-content\/uploads\/2024\/04\/equipos-de-seguridad-sos-2.png\",\"contentUrl\":\"https:\/\/solumeca.com\/wp-content\/uploads\/2024\/04\/equipos-de-seguridad-sos-2.png\",\"width\":600,\"height\":259,\"caption\":\"SOS Integral - Equipos de Seguridad - Herramientas Industriales\"},\"image\":{\"@id\":\"https:\/\/solumeca.com\/#\/schema\/logo\/image\/\"},\"sameAs\":[\"https:\/\/www.instagram.com\/sosintegralrd\/\"]}]}<\/script>\n<!-- \/ Yoast SEO Premium plugin. -->","yoast_head_json":{"title":"KIT DE MULTIMETRO + PROBADORES ELECTRICO MODELO:MM320KT KLEIN - Ref.MM320KIT - Herramientas Industriales - Equipos de Seguridad - Solumeca.com","robots":{"index":"index","follow":"follow","max-snippet":"max-snippet:-1","max-image-preview":"max-image-preview:large","max-video-preview":"max-video-preview:-1"},"canonical":"https:\/\/solumeca.com\/?product=kit-de-multimetro-probadores-electrico-modelomm320kt-klein","og_locale":"es_ES","og_type":"article","og_title":"KIT DE MULTIMETRO + PROBADORES ELECTRICO MODELO:MM320KT KLEIN - Ref.MM320KIT","og_description":"El mult\u00edmetro digital mide hasta 600 V CA\/CC, 10 A CC y 2 ohmios de resistencia. Tambi\u00e9n prueba bater\u00edas, diodos y continuidad. El comprobador de voltaje NCVT-3P tiene capacidad de doble rango para detectar de 12 a 1000 V CA o de 70 a 1000 V CA, para una amplia variedad de aplicaciones de bajoRead More","og_url":"https:\/\/solumeca.com\/?product=kit-de-multimetro-probadores-electrico-modelomm320kt-klein","og_site_name":"Herramientas Industriales - Equipos de Seguridad - Solumeca.com","article_modified_time":"2026-03-28T16:32:22+00:00","og_image":[{"width":1000,"height":1000,"url":"https:\/\/solumeca.com\/wp-content\/uploads\/2026\/03\/mm320kit_c.jpg","type":"image\/jpeg"}],"twitter_card":"summary_large_image","twitter_misc":{"Tiempo de lectura":"1 minuto"},"schema":{"@context":"https:\/\/schema.org","@graph":[{"@type":"WebPage","@id":"https:\/\/solumeca.com\/?product=kit-de-multimetro-probadores-electrico-modelomm320kt-klein","url":"https:\/\/solumeca.com\/?product=kit-de-multimetro-probadores-electrico-modelomm320kt-klein","name":"KIT DE MULTIMETRO + PROBADORES ELECTRICO MODELO:MM320KT KLEIN - Ref.MM320KIT - Herramientas Industriales - Equipos de Seguridad - Solumeca.com","isPartOf":{"@id":"https:\/\/solumeca.com\/#website"},"primaryImageOfPage":{"@id":"https:\/\/solumeca.com\/?product=kit-de-multimetro-probadores-electrico-modelomm320kt-klein#primaryimage"},"image":{"@id":"https:\/\/solumeca.com\/?product=kit-de-multimetro-probadores-electrico-modelomm320kt-klein#primaryimage"},"thumbnailUrl":"https:\/\/solumeca.com\/wp-content\/uploads\/2026\/03\/mm320kit_c.jpg","datePublished":"2026-03-27T18:09:43+00:00","dateModified":"2026-03-28T16:32:22+00:00","breadcrumb":{"@id":"https:\/\/solumeca.com\/?product=kit-de-multimetro-probadores-electrico-modelomm320kt-klein#breadcrumb"},"inLanguage":"es","potentialAction":[{"@type":"ReadAction","target":["https:\/\/solumeca.com\/?product=kit-de-multimetro-probadores-electrico-modelomm320kt-klein"]}]},{"@type":"ImageObject","inLanguage":"es","@id":"https:\/\/solumeca.com\/?product=kit-de-multimetro-probadores-electrico-modelomm320kt-klein#primaryimage","url":"https:\/\/solumeca.com\/wp-content\/uploads\/2026\/03\/mm320kit_c.jpg","contentUrl":"https:\/\/solumeca.com\/wp-content\/uploads\/2026\/03\/mm320kit_c.jpg","width":1000,"height":1000},{"@type":"BreadcrumbList","@id":"https:\/\/solumeca.com\/?product=kit-de-multimetro-probadores-electrico-modelomm320kt-klein#breadcrumb","itemListElement":[{"@type":"ListItem","position":1,"name":"Portada","item":"https:\/\/solumeca.com\/"},{"@type":"ListItem","position":2,"name":"Shop","item":"https:\/\/solumeca.com\/?page_id=10"},{"@type":"ListItem","position":3,"name":"KIT DE MULTIMETRO + PROBADORES ELECTRICO MODELO:MM320KT KLEIN &#8211; Ref.MM320KIT"}]},{"@type":"WebSite","@id":"https:\/\/solumeca.com\/#website","url":"https:\/\/solumeca.com\/","name":"SOS Integral - Equipos de Seguridad - Herramientas Industriales","description":"Equipos de Seguridad, Santo Domingo, Republica Dominicana, Herramientas Industriales,Tel.: (809) 274-3888 \/ Info@solumeca.com","publisher":{"@id":"https:\/\/solumeca.com\/#organization"},"potentialAction":[{"@type":"SearchAction","target":{"@type":"EntryPoint","urlTemplate":"https:\/\/solumeca.com\/?s={search_term_string}"},"query-input":"required name=search_term_string"}],"inLanguage":"es"},{"@type":"Organization","@id":"https:\/\/solumeca.com\/#organization","name":"SOS Integral - Equipos de Seguridad - Herramientas Industriales","url":"https:\/\/solumeca.com\/","logo":{"@type":"ImageObject","inLanguage":"es","@id":"https:\/\/solumeca.com\/#\/schema\/logo\/image\/","url":"https:\/\/solumeca.com\/wp-content\/uploads\/2024\/04\/equipos-de-seguridad-sos-2.png","contentUrl":"https:\/\/solumeca.com\/wp-content\/uploads\/2024\/04\/equipos-de-seguridad-sos-2.png","width":600,"height":259,"caption":"SOS Integral - Equipos de Seguridad - Herramientas Industriales"},"image":{"@id":"https:\/\/solumeca.com\/#\/schema\/logo\/image\/"},"sameAs":["https:\/\/www.instagram.com\/sosintegralrd\/"]}]}},"_links":{"self":[{"href":"https:\/\/solumeca.com\/index.php?rest_route=\/wp\/v2\/product\/41737","targetHints":{"allow":["GET"]}}],"collection":[{"href":"https:\/\/solumeca.com\/index.php?rest_route=\/wp\/v2\/product"}],"about":[{"href":"https:\/\/solumeca.com\/index.php?rest_route=\/wp\/v2\/types\/product"}],"replies":[{"embeddable":true,"href":"https:\/\/solumeca.com\/index.php?rest_route=%2Fwp%2Fv2%2Fcomments&post=41737"}],"version-history":[{"count":2,"href":"https:\/\/solumeca.com\/index.php?rest_route=\/wp\/v2\/product\/41737\/revisions"}],"predecessor-version":[{"id":41844,"href":"https:\/\/solumeca.com\/index.php?rest_route=\/wp\/v2\/product\/41737\/revisions\/41844"}],"wp:featuredmedia":[{"embeddable":true,"href":"https:\/\/solumeca.com\/index.php?rest_route=\/wp\/v2\/media\/41843"}],"wp:attachment":[{"href":"https:\/\/solumeca.com\/index.php?rest_route=%2Fwp%2Fv2%2Fmedia&parent=41737"}],"wp:term":[{"taxonomy":"product_brand","embeddable":true,"href":"https:\/\/solumeca.com\/index.php?rest_route=%2Fwp%2Fv2%2Fproduct_brand&post=41737"},{"taxonomy":"product_cat","embeddable":true,"href":"https:\/\/solumeca.com\/index.php?rest_route=%2Fwp%2Fv2%2Fproduct_cat&post=41737"},{"taxonomy":"product_tag","embeddable":true,"href":"https:\/\/solumeca.com\/index.php?rest_route=%2Fwp%2Fv2%2Fproduct_tag&post=41737"}],"curies":[{"name":"wp","href":"https:\/\/api.w.org\/{rel}","templated":true}]}}