{"id":41667,"date":"2026-03-27T19:08:52","date_gmt":"2026-03-27T18:08:52","guid":{"rendered":"https:\/\/solumeca.com\/?product=guia-jalacable-de-fibra-de-vidrio-de-10030m-modelo56380-klein"},"modified":"2026-03-31T23:05:27","modified_gmt":"2026-03-31T21:05:27","slug":"guia-jalacable-de-fibra-de-vidrio-de-10030m-modelo56380-klein","status":"publish","type":"product","link":"https:\/\/solumeca.com\/?product=guia-jalacable-de-fibra-de-vidrio-de-10030m-modelo56380-klein","title":{"rendered":"GUIA JALACABLE DE FIBRA DE VIDRIO DE 100&#8242;(30M) MODELO:56380 KLEIN"},"content":{"rendered":"<ul>\n<li>La gu\u00eda pasacables de fibra de vidrio multicanal cuenta con un n\u00facleo robusto para una mayor fuerza de empuje, mientras que las ranuras reducen la superficie de contacto para una alimentaci\u00f3n m\u00e1s suave de la cinta.<\/li>\n<li>El dise\u00f1o de la carcasa disminuye el esfuerzo y la fricci\u00f3n al optimizar el \u00e1ngulo de salida de la cinta.<\/li>\n<li>La geometr\u00eda antideslizante de la carcasa mejora la fuerza de enrollado y reduce los atascos.<\/li>\n<li>El mango multiposici\u00f3n proporciona un agarre firme y estable al tirar o rebobinar la cinta.<\/li>\n<li>El resistente gu\u00eda espiral de acero de 18 cm (7 pulgadas) facilita el paso a trav\u00e9s de conductos estrechos.<\/li>\n<li>La fibra de vidrio duradera ofrece mayor resistencia y maniobrabilidad en conductos estrechos.<\/li>\n<li>La carcasa y el mango de polipropileno ofrecen m\u00e1xima resistencia a los impactos.<\/li>\n<\/ul>\n","protected":false},"excerpt":{"rendered":"<p>56380<\/p>\n","protected":false},"featured_media":42282,"comment_status":"open","ping_status":"closed","template":"","meta":[],"product_brand":[],"product_cat":[423],"product_tag":[],"class_list":{"0":"post-41667","1":"product","2":"type-product","3":"status-publish","4":"has-post-thumbnail","6":"product_cat-klein-tools","8":"first","9":"instock","10":"taxable","11":"shipping-taxable","12":"purchasable","13":"product-type-simple"},"yoast_head":"<!-- This site is optimized with the Yoast SEO Premium plugin v22.5 (Yoast SEO v22.6) - https:\/\/yoast.com\/wordpress\/plugins\/seo\/ -->\n<title>GUIA JALACABLE DE FIBRA DE VIDRIO DE 100&#039;(30M) MODELO:56380 KLEIN - Herramientas Industriales - Equipos de Seguridad - Solumeca.com<\/title>\n<meta name=\"robots\" content=\"index, follow, max-snippet:-1, max-image-preview:large, max-video-preview:-1\" \/>\n<link rel=\"canonical\" href=\"https:\/\/solumeca.com\/?product=guia-jalacable-de-fibra-de-vidrio-de-10030m-modelo56380-klein\" \/>\n<meta property=\"og:locale\" content=\"es_ES\" \/>\n<meta property=\"og:type\" content=\"article\" \/>\n<meta property=\"og:title\" content=\"GUIA JALACABLE DE FIBRA DE VIDRIO DE 100&#039;(30M) MODELO:56380 KLEIN\" \/>\n<meta property=\"og:description\" content=\"56380\" \/>\n<meta property=\"og:url\" content=\"https:\/\/solumeca.com\/?product=guia-jalacable-de-fibra-de-vidrio-de-10030m-modelo56380-klein\" \/>\n<meta property=\"og:site_name\" content=\"Herramientas Industriales - Equipos de Seguridad - Solumeca.com\" \/>\n<meta property=\"article:modified_time\" content=\"2026-03-31T21:05:27+00:00\" \/>\n<meta property=\"og:image\" content=\"https:\/\/solumeca.com\/wp-content\/uploads\/2026\/03\/56380.jpg\" \/>\n\t<meta property=\"og:image:width\" content=\"1000\" \/>\n\t<meta property=\"og:image:height\" content=\"1000\" \/>\n\t<meta property=\"og:image:type\" content=\"image\/jpeg\" \/>\n<meta name=\"twitter:card\" content=\"summary_large_image\" \/>\n<meta name=\"twitter:label1\" content=\"Tiempo de lectura\" \/>\n\t<meta name=\"twitter:data1\" content=\"1 minuto\" \/>\n<script type=\"application\/ld+json\" class=\"yoast-schema-graph\">{\"@context\":\"https:\/\/schema.org\",\"@graph\":[{\"@type\":\"WebPage\",\"@id\":\"https:\/\/solumeca.com\/?product=guia-jalacable-de-fibra-de-vidrio-de-10030m-modelo56380-klein\",\"url\":\"https:\/\/solumeca.com\/?product=guia-jalacable-de-fibra-de-vidrio-de-10030m-modelo56380-klein\",\"name\":\"GUIA JALACABLE DE FIBRA DE VIDRIO DE 100'(30M) MODELO:56380 KLEIN - Herramientas Industriales - Equipos de Seguridad - Solumeca.com\",\"isPartOf\":{\"@id\":\"https:\/\/solumeca.com\/#website\"},\"primaryImageOfPage\":{\"@id\":\"https:\/\/solumeca.com\/?product=guia-jalacable-de-fibra-de-vidrio-de-10030m-modelo56380-klein#primaryimage\"},\"image\":{\"@id\":\"https:\/\/solumeca.com\/?product=guia-jalacable-de-fibra-de-vidrio-de-10030m-modelo56380-klein#primaryimage\"},\"thumbnailUrl\":\"https:\/\/solumeca.com\/wp-content\/uploads\/2026\/03\/56380.jpg\",\"datePublished\":\"2026-03-27T18:08:52+00:00\",\"dateModified\":\"2026-03-31T21:05:27+00:00\",\"breadcrumb\":{\"@id\":\"https:\/\/solumeca.com\/?product=guia-jalacable-de-fibra-de-vidrio-de-10030m-modelo56380-klein#breadcrumb\"},\"inLanguage\":\"es\",\"potentialAction\":[{\"@type\":\"ReadAction\",\"target\":[\"https:\/\/solumeca.com\/?product=guia-jalacable-de-fibra-de-vidrio-de-10030m-modelo56380-klein\"]}]},{\"@type\":\"ImageObject\",\"inLanguage\":\"es\",\"@id\":\"https:\/\/solumeca.com\/?product=guia-jalacable-de-fibra-de-vidrio-de-10030m-modelo56380-klein#primaryimage\",\"url\":\"https:\/\/solumeca.com\/wp-content\/uploads\/2026\/03\/56380.jpg\",\"contentUrl\":\"https:\/\/solumeca.com\/wp-content\/uploads\/2026\/03\/56380.jpg\",\"width\":1000,\"height\":1000},{\"@type\":\"BreadcrumbList\",\"@id\":\"https:\/\/solumeca.com\/?product=guia-jalacable-de-fibra-de-vidrio-de-10030m-modelo56380-klein#breadcrumb\",\"itemListElement\":[{\"@type\":\"ListItem\",\"position\":1,\"name\":\"Portada\",\"item\":\"https:\/\/solumeca.com\/\"},{\"@type\":\"ListItem\",\"position\":2,\"name\":\"Shop\",\"item\":\"https:\/\/solumeca.com\/?page_id=10\"},{\"@type\":\"ListItem\",\"position\":3,\"name\":\"GUIA JALACABLE DE FIBRA DE VIDRIO DE 100&#8242;(30M) MODELO:56380 KLEIN\"}]},{\"@type\":\"WebSite\",\"@id\":\"https:\/\/solumeca.com\/#website\",\"url\":\"https:\/\/solumeca.com\/\",\"name\":\"SOS Integral - Equipos de Seguridad - Herramientas Industriales\",\"description\":\"Equipos de Seguridad, Santo Domingo, Republica Dominicana, Herramientas Industriales,Tel.: (809) 274-3888 \/ Info@solumeca.com\",\"publisher\":{\"@id\":\"https:\/\/solumeca.com\/#organization\"},\"potentialAction\":[{\"@type\":\"SearchAction\",\"target\":{\"@type\":\"EntryPoint\",\"urlTemplate\":\"https:\/\/solumeca.com\/?s={search_term_string}\"},\"query-input\":\"required name=search_term_string\"}],\"inLanguage\":\"es\"},{\"@type\":\"Organization\",\"@id\":\"https:\/\/solumeca.com\/#organization\",\"name\":\"SOS Integral - Equipos de Seguridad - Herramientas Industriales\",\"url\":\"https:\/\/solumeca.com\/\",\"logo\":{\"@type\":\"ImageObject\",\"inLanguage\":\"es\",\"@id\":\"https:\/\/solumeca.com\/#\/schema\/logo\/image\/\",\"url\":\"https:\/\/solumeca.com\/wp-content\/uploads\/2024\/04\/equipos-de-seguridad-sos-2.png\",\"contentUrl\":\"https:\/\/solumeca.com\/wp-content\/uploads\/2024\/04\/equipos-de-seguridad-sos-2.png\",\"width\":600,\"height\":259,\"caption\":\"SOS Integral - Equipos de Seguridad - Herramientas Industriales\"},\"image\":{\"@id\":\"https:\/\/solumeca.com\/#\/schema\/logo\/image\/\"},\"sameAs\":[\"https:\/\/www.instagram.com\/sosintegralrd\/\"]}]}<\/script>\n<!-- \/ Yoast SEO Premium plugin. -->","yoast_head_json":{"title":"GUIA JALACABLE DE FIBRA DE VIDRIO DE 100'(30M) MODELO:56380 KLEIN - Herramientas Industriales - Equipos de Seguridad - Solumeca.com","robots":{"index":"index","follow":"follow","max-snippet":"max-snippet:-1","max-image-preview":"max-image-preview:large","max-video-preview":"max-video-preview:-1"},"canonical":"https:\/\/solumeca.com\/?product=guia-jalacable-de-fibra-de-vidrio-de-10030m-modelo56380-klein","og_locale":"es_ES","og_type":"article","og_title":"GUIA JALACABLE DE FIBRA DE VIDRIO DE 100'(30M) MODELO:56380 KLEIN","og_description":"56380","og_url":"https:\/\/solumeca.com\/?product=guia-jalacable-de-fibra-de-vidrio-de-10030m-modelo56380-klein","og_site_name":"Herramientas Industriales - Equipos de Seguridad - Solumeca.com","article_modified_time":"2026-03-31T21:05:27+00:00","og_image":[{"width":1000,"height":1000,"url":"https:\/\/solumeca.com\/wp-content\/uploads\/2026\/03\/56380.jpg","type":"image\/jpeg"}],"twitter_card":"summary_large_image","twitter_misc":{"Tiempo de lectura":"1 minuto"},"schema":{"@context":"https:\/\/schema.org","@graph":[{"@type":"WebPage","@id":"https:\/\/solumeca.com\/?product=guia-jalacable-de-fibra-de-vidrio-de-10030m-modelo56380-klein","url":"https:\/\/solumeca.com\/?product=guia-jalacable-de-fibra-de-vidrio-de-10030m-modelo56380-klein","name":"GUIA JALACABLE DE FIBRA DE VIDRIO DE 100'(30M) MODELO:56380 KLEIN - Herramientas Industriales - Equipos de Seguridad - Solumeca.com","isPartOf":{"@id":"https:\/\/solumeca.com\/#website"},"primaryImageOfPage":{"@id":"https:\/\/solumeca.com\/?product=guia-jalacable-de-fibra-de-vidrio-de-10030m-modelo56380-klein#primaryimage"},"image":{"@id":"https:\/\/solumeca.com\/?product=guia-jalacable-de-fibra-de-vidrio-de-10030m-modelo56380-klein#primaryimage"},"thumbnailUrl":"https:\/\/solumeca.com\/wp-content\/uploads\/2026\/03\/56380.jpg","datePublished":"2026-03-27T18:08:52+00:00","dateModified":"2026-03-31T21:05:27+00:00","breadcrumb":{"@id":"https:\/\/solumeca.com\/?product=guia-jalacable-de-fibra-de-vidrio-de-10030m-modelo56380-klein#breadcrumb"},"inLanguage":"es","potentialAction":[{"@type":"ReadAction","target":["https:\/\/solumeca.com\/?product=guia-jalacable-de-fibra-de-vidrio-de-10030m-modelo56380-klein"]}]},{"@type":"ImageObject","inLanguage":"es","@id":"https:\/\/solumeca.com\/?product=guia-jalacable-de-fibra-de-vidrio-de-10030m-modelo56380-klein#primaryimage","url":"https:\/\/solumeca.com\/wp-content\/uploads\/2026\/03\/56380.jpg","contentUrl":"https:\/\/solumeca.com\/wp-content\/uploads\/2026\/03\/56380.jpg","width":1000,"height":1000},{"@type":"BreadcrumbList","@id":"https:\/\/solumeca.com\/?product=guia-jalacable-de-fibra-de-vidrio-de-10030m-modelo56380-klein#breadcrumb","itemListElement":[{"@type":"ListItem","position":1,"name":"Portada","item":"https:\/\/solumeca.com\/"},{"@type":"ListItem","position":2,"name":"Shop","item":"https:\/\/solumeca.com\/?page_id=10"},{"@type":"ListItem","position":3,"name":"GUIA JALACABLE DE FIBRA DE VIDRIO DE 100&#8242;(30M) MODELO:56380 KLEIN"}]},{"@type":"WebSite","@id":"https:\/\/solumeca.com\/#website","url":"https:\/\/solumeca.com\/","name":"SOS Integral - Equipos de Seguridad - Herramientas Industriales","description":"Equipos de Seguridad, Santo Domingo, Republica Dominicana, Herramientas Industriales,Tel.: (809) 274-3888 \/ Info@solumeca.com","publisher":{"@id":"https:\/\/solumeca.com\/#organization"},"potentialAction":[{"@type":"SearchAction","target":{"@type":"EntryPoint","urlTemplate":"https:\/\/solumeca.com\/?s={search_term_string}"},"query-input":"required name=search_term_string"}],"inLanguage":"es"},{"@type":"Organization","@id":"https:\/\/solumeca.com\/#organization","name":"SOS Integral - Equipos de Seguridad - Herramientas Industriales","url":"https:\/\/solumeca.com\/","logo":{"@type":"ImageObject","inLanguage":"es","@id":"https:\/\/solumeca.com\/#\/schema\/logo\/image\/","url":"https:\/\/solumeca.com\/wp-content\/uploads\/2024\/04\/equipos-de-seguridad-sos-2.png","contentUrl":"https:\/\/solumeca.com\/wp-content\/uploads\/2024\/04\/equipos-de-seguridad-sos-2.png","width":600,"height":259,"caption":"SOS Integral - Equipos de Seguridad - Herramientas Industriales"},"image":{"@id":"https:\/\/solumeca.com\/#\/schema\/logo\/image\/"},"sameAs":["https:\/\/www.instagram.com\/sosintegralrd\/"]}]}},"_links":{"self":[{"href":"https:\/\/solumeca.com\/index.php?rest_route=\/wp\/v2\/product\/41667","targetHints":{"allow":["GET"]}}],"collection":[{"href":"https:\/\/solumeca.com\/index.php?rest_route=\/wp\/v2\/product"}],"about":[{"href":"https:\/\/solumeca.com\/index.php?rest_route=\/wp\/v2\/types\/product"}],"replies":[{"embeddable":true,"href":"https:\/\/solumeca.com\/index.php?rest_route=%2Fwp%2Fv2%2Fcomments&post=41667"}],"version-history":[{"count":2,"href":"https:\/\/solumeca.com\/index.php?rest_route=\/wp\/v2\/product\/41667\/revisions"}],"predecessor-version":[{"id":42292,"href":"https:\/\/solumeca.com\/index.php?rest_route=\/wp\/v2\/product\/41667\/revisions\/42292"}],"wp:featuredmedia":[{"embeddable":true,"href":"https:\/\/solumeca.com\/index.php?rest_route=\/wp\/v2\/media\/42282"}],"wp:attachment":[{"href":"https:\/\/solumeca.com\/index.php?rest_route=%2Fwp%2Fv2%2Fmedia&parent=41667"}],"wp:term":[{"taxonomy":"product_brand","embeddable":true,"href":"https:\/\/solumeca.com\/index.php?rest_route=%2Fwp%2Fv2%2Fproduct_brand&post=41667"},{"taxonomy":"product_cat","embeddable":true,"href":"https:\/\/solumeca.com\/index.php?rest_route=%2Fwp%2Fv2%2Fproduct_cat&post=41667"},{"taxonomy":"product_tag","embeddable":true,"href":"https:\/\/solumeca.com\/index.php?rest_route=%2Fwp%2Fv2%2Fproduct_tag&post=41667"}],"curies":[{"name":"wp","href":"https:\/\/api.w.org\/{rel}","templated":true}]}}