{"id":40692,"date":"2026-03-17T21:42:56","date_gmt":"2026-03-17T20:42:56","guid":{"rendered":"https:\/\/solumeca.com\/?post_type=product&#038;p=40692"},"modified":"2026-03-17T21:43:57","modified_gmt":"2026-03-17T20:43:57","slug":"casco-de-seguridad-clase-e-amarillo-ref-16-15010","status":"publish","type":"product","link":"https:\/\/solumeca.com\/?product=casco-de-seguridad-clase-e-amarillo-ref-16-15010","title":{"rendered":"CASCO DE SEGURIDAD, CLASE E AMARILLO &#8211; Ref.16-15010"},"content":{"rendered":"<ul>\n<li>Tipo I, casco de seguridad de clase E<\/li>\n<li>La c\u00e1scara del casco est\u00e1 completamente cerrada, por lo que es adecuado para trabajos el\u00e9ctricos<\/li>\n<li>Corto borde<\/li>\n<li>Emplea de cizabla de cuatro puntos extra\u00edble<\/li>\n<li>Construido de material HDPE premium<\/li>\n<li>Sistema de suspensi\u00f3n AirBridge previamente montado y de seis puntos<\/li>\n<li>Glot de rueda de una mano de SwiftLock<\/li>\n<li>Accesorios magn\u00e9ticos y accesorios mec\u00e1nicos de Click-and-Go perfectamente a decortido<\/li>\n<li>Sudadera de cuero sint\u00e9tica extra\u00edble, resistente a la humedad<\/li>\n<li>Personalizar con logotipo de la empresa, elementos reflectantes y m\u00e1s<\/li>\n<li>Se re\u00fane ANSI Z89.1 y CE EN397<\/li>\n<li>Los cascos de clase E son probados a prueba en 20.000 voltios<\/li>\n<\/ul>\n","protected":false},"excerpt":{"rendered":"<p>Tipo I, casco de seguridad de clase E La c\u00e1scara del casco est\u00e1 completamente cerrada, por lo que es adecuado para trabajos el\u00e9ctricos Corto borde Emplea de cizabla de cuatro puntos extra\u00edble Construido de material HDPE premium Sistema de suspensi\u00f3n AirBridge previamente montado y de seis puntos Glot de rueda de una mano de SwiftLock<\/p>\n<div class=\"klb-readmore button\"><a class=\"btn link\" href=\"https:\/\/solumeca.com\/?product=casco-de-seguridad-clase-e-amarillo-ref-16-15010\">Read More <i class=\"klbth-icon-right-arrow\"><\/i><\/a><\/div>\n","protected":false},"featured_media":40799,"comment_status":"closed","ping_status":"closed","template":"","meta":[],"product_brand":[],"product_cat":[303,413],"product_tag":[],"class_list":{"0":"post-40692","1":"product","2":"type-product","3":"status-publish","4":"has-post-thumbnail","6":"product_cat-cascos","7":"product_cat-hexarmor","9":"first","10":"instock","11":"purchasable","12":"product-type-simple"},"yoast_head":"<!-- This site is optimized with the Yoast SEO Premium plugin v22.5 (Yoast SEO v22.6) - https:\/\/yoast.com\/wordpress\/plugins\/seo\/ -->\n<title>CASCO DE SEGURIDAD, CLASE E AMARILLO - Ref.16-15010 - Herramientas Industriales - Equipos de Seguridad - Solumeca.com<\/title>\n<meta name=\"robots\" content=\"index, follow, max-snippet:-1, max-image-preview:large, max-video-preview:-1\" \/>\n<link rel=\"canonical\" href=\"https:\/\/solumeca.com\/?product=casco-de-seguridad-clase-e-amarillo-ref-16-15010\" \/>\n<meta property=\"og:locale\" content=\"es_ES\" \/>\n<meta property=\"og:type\" content=\"article\" \/>\n<meta property=\"og:title\" content=\"CASCO DE SEGURIDAD, CLASE E AMARILLO - Ref.16-15010\" \/>\n<meta property=\"og:description\" content=\"Tipo I, casco de seguridad de clase E La c\u00e1scara del casco est\u00e1 completamente cerrada, por lo que es adecuado para trabajos el\u00e9ctricos Corto borde Emplea de cizabla de cuatro puntos extra\u00edble Construido de material HDPE premium Sistema de suspensi\u00f3n AirBridge previamente montado y de seis puntos Glot de rueda de una mano de SwiftLockRead More\" \/>\n<meta property=\"og:url\" content=\"https:\/\/solumeca.com\/?product=casco-de-seguridad-clase-e-amarillo-ref-16-15010\" \/>\n<meta property=\"og:site_name\" content=\"Herramientas Industriales - Equipos de Seguridad - Solumeca.com\" \/>\n<meta property=\"article:modified_time\" content=\"2026-03-17T20:43:57+00:00\" \/>\n<meta name=\"twitter:card\" content=\"summary_large_image\" \/>\n<meta name=\"twitter:label1\" content=\"Tiempo de lectura\" \/>\n\t<meta name=\"twitter:data1\" content=\"1 minuto\" \/>\n<script type=\"application\/ld+json\" class=\"yoast-schema-graph\">{\"@context\":\"https:\/\/schema.org\",\"@graph\":[{\"@type\":\"WebPage\",\"@id\":\"https:\/\/solumeca.com\/?product=casco-de-seguridad-clase-e-amarillo-ref-16-15010\",\"url\":\"https:\/\/solumeca.com\/?product=casco-de-seguridad-clase-e-amarillo-ref-16-15010\",\"name\":\"CASCO DE SEGURIDAD, CLASE E AMARILLO - Ref.16-15010 - Herramientas Industriales - Equipos de Seguridad - Solumeca.com\",\"isPartOf\":{\"@id\":\"https:\/\/solumeca.com\/#website\"},\"primaryImageOfPage\":{\"@id\":\"https:\/\/solumeca.com\/?product=casco-de-seguridad-clase-e-amarillo-ref-16-15010#primaryimage\"},\"image\":{\"@id\":\"https:\/\/solumeca.com\/?product=casco-de-seguridad-clase-e-amarillo-ref-16-15010#primaryimage\"},\"thumbnailUrl\":\"https:\/\/solumeca.com\/wp-content\/uploads\/2026\/03\/cass.png\",\"datePublished\":\"2026-03-17T20:42:56+00:00\",\"dateModified\":\"2026-03-17T20:43:57+00:00\",\"breadcrumb\":{\"@id\":\"https:\/\/solumeca.com\/?product=casco-de-seguridad-clase-e-amarillo-ref-16-15010#breadcrumb\"},\"inLanguage\":\"es\",\"potentialAction\":[{\"@type\":\"ReadAction\",\"target\":[\"https:\/\/solumeca.com\/?product=casco-de-seguridad-clase-e-amarillo-ref-16-15010\"]}]},{\"@type\":\"ImageObject\",\"inLanguage\":\"es\",\"@id\":\"https:\/\/solumeca.com\/?product=casco-de-seguridad-clase-e-amarillo-ref-16-15010#primaryimage\",\"url\":\"https:\/\/solumeca.com\/wp-content\/uploads\/2026\/03\/cass.png\",\"contentUrl\":\"https:\/\/solumeca.com\/wp-content\/uploads\/2026\/03\/cass.png\",\"width\":800,\"height\":800},{\"@type\":\"BreadcrumbList\",\"@id\":\"https:\/\/solumeca.com\/?product=casco-de-seguridad-clase-e-amarillo-ref-16-15010#breadcrumb\",\"itemListElement\":[{\"@type\":\"ListItem\",\"position\":1,\"name\":\"Portada\",\"item\":\"https:\/\/solumeca.com\/\"},{\"@type\":\"ListItem\",\"position\":2,\"name\":\"Shop\",\"item\":\"https:\/\/solumeca.com\/?page_id=10\"},{\"@type\":\"ListItem\",\"position\":3,\"name\":\"CASCO DE SEGURIDAD, CLASE E AMARILLO &#8211; Ref.16-15010\"}]},{\"@type\":\"WebSite\",\"@id\":\"https:\/\/solumeca.com\/#website\",\"url\":\"https:\/\/solumeca.com\/\",\"name\":\"SOS Integral - Equipos de Seguridad - Herramientas Industriales\",\"description\":\"Equipos de Seguridad, Santo Domingo, Republica Dominicana, Herramientas Industriales,Tel.: (809) 274-3888 \/ Info@solumeca.com\",\"publisher\":{\"@id\":\"https:\/\/solumeca.com\/#organization\"},\"potentialAction\":[{\"@type\":\"SearchAction\",\"target\":{\"@type\":\"EntryPoint\",\"urlTemplate\":\"https:\/\/solumeca.com\/?s={search_term_string}\"},\"query-input\":\"required name=search_term_string\"}],\"inLanguage\":\"es\"},{\"@type\":\"Organization\",\"@id\":\"https:\/\/solumeca.com\/#organization\",\"name\":\"SOS Integral - Equipos de Seguridad - Herramientas Industriales\",\"url\":\"https:\/\/solumeca.com\/\",\"logo\":{\"@type\":\"ImageObject\",\"inLanguage\":\"es\",\"@id\":\"https:\/\/solumeca.com\/#\/schema\/logo\/image\/\",\"url\":\"https:\/\/solumeca.com\/wp-content\/uploads\/2024\/04\/equipos-de-seguridad-sos-2.png\",\"contentUrl\":\"https:\/\/solumeca.com\/wp-content\/uploads\/2024\/04\/equipos-de-seguridad-sos-2.png\",\"width\":600,\"height\":259,\"caption\":\"SOS Integral - Equipos de Seguridad - Herramientas Industriales\"},\"image\":{\"@id\":\"https:\/\/solumeca.com\/#\/schema\/logo\/image\/\"},\"sameAs\":[\"https:\/\/www.instagram.com\/sosintegralrd\/\"]}]}<\/script>\n<!-- \/ Yoast SEO Premium plugin. -->","yoast_head_json":{"title":"CASCO DE SEGURIDAD, CLASE E AMARILLO - Ref.16-15010 - Herramientas Industriales - Equipos de Seguridad - Solumeca.com","robots":{"index":"index","follow":"follow","max-snippet":"max-snippet:-1","max-image-preview":"max-image-preview:large","max-video-preview":"max-video-preview:-1"},"canonical":"https:\/\/solumeca.com\/?product=casco-de-seguridad-clase-e-amarillo-ref-16-15010","og_locale":"es_ES","og_type":"article","og_title":"CASCO DE SEGURIDAD, CLASE E AMARILLO - Ref.16-15010","og_description":"Tipo I, casco de seguridad de clase E La c\u00e1scara del casco est\u00e1 completamente cerrada, por lo que es adecuado para trabajos el\u00e9ctricos Corto borde Emplea de cizabla de cuatro puntos extra\u00edble Construido de material HDPE premium Sistema de suspensi\u00f3n AirBridge previamente montado y de seis puntos Glot de rueda de una mano de SwiftLockRead More","og_url":"https:\/\/solumeca.com\/?product=casco-de-seguridad-clase-e-amarillo-ref-16-15010","og_site_name":"Herramientas Industriales - Equipos de Seguridad - Solumeca.com","article_modified_time":"2026-03-17T20:43:57+00:00","twitter_card":"summary_large_image","twitter_misc":{"Tiempo de lectura":"1 minuto"},"schema":{"@context":"https:\/\/schema.org","@graph":[{"@type":"WebPage","@id":"https:\/\/solumeca.com\/?product=casco-de-seguridad-clase-e-amarillo-ref-16-15010","url":"https:\/\/solumeca.com\/?product=casco-de-seguridad-clase-e-amarillo-ref-16-15010","name":"CASCO DE SEGURIDAD, CLASE E AMARILLO - Ref.16-15010 - Herramientas Industriales - Equipos de Seguridad - Solumeca.com","isPartOf":{"@id":"https:\/\/solumeca.com\/#website"},"primaryImageOfPage":{"@id":"https:\/\/solumeca.com\/?product=casco-de-seguridad-clase-e-amarillo-ref-16-15010#primaryimage"},"image":{"@id":"https:\/\/solumeca.com\/?product=casco-de-seguridad-clase-e-amarillo-ref-16-15010#primaryimage"},"thumbnailUrl":"https:\/\/solumeca.com\/wp-content\/uploads\/2026\/03\/cass.png","datePublished":"2026-03-17T20:42:56+00:00","dateModified":"2026-03-17T20:43:57+00:00","breadcrumb":{"@id":"https:\/\/solumeca.com\/?product=casco-de-seguridad-clase-e-amarillo-ref-16-15010#breadcrumb"},"inLanguage":"es","potentialAction":[{"@type":"ReadAction","target":["https:\/\/solumeca.com\/?product=casco-de-seguridad-clase-e-amarillo-ref-16-15010"]}]},{"@type":"ImageObject","inLanguage":"es","@id":"https:\/\/solumeca.com\/?product=casco-de-seguridad-clase-e-amarillo-ref-16-15010#primaryimage","url":"https:\/\/solumeca.com\/wp-content\/uploads\/2026\/03\/cass.png","contentUrl":"https:\/\/solumeca.com\/wp-content\/uploads\/2026\/03\/cass.png","width":800,"height":800},{"@type":"BreadcrumbList","@id":"https:\/\/solumeca.com\/?product=casco-de-seguridad-clase-e-amarillo-ref-16-15010#breadcrumb","itemListElement":[{"@type":"ListItem","position":1,"name":"Portada","item":"https:\/\/solumeca.com\/"},{"@type":"ListItem","position":2,"name":"Shop","item":"https:\/\/solumeca.com\/?page_id=10"},{"@type":"ListItem","position":3,"name":"CASCO DE SEGURIDAD, CLASE E AMARILLO &#8211; Ref.16-15010"}]},{"@type":"WebSite","@id":"https:\/\/solumeca.com\/#website","url":"https:\/\/solumeca.com\/","name":"SOS Integral - Equipos de Seguridad - Herramientas Industriales","description":"Equipos de Seguridad, Santo Domingo, Republica Dominicana, Herramientas Industriales,Tel.: (809) 274-3888 \/ Info@solumeca.com","publisher":{"@id":"https:\/\/solumeca.com\/#organization"},"potentialAction":[{"@type":"SearchAction","target":{"@type":"EntryPoint","urlTemplate":"https:\/\/solumeca.com\/?s={search_term_string}"},"query-input":"required name=search_term_string"}],"inLanguage":"es"},{"@type":"Organization","@id":"https:\/\/solumeca.com\/#organization","name":"SOS Integral - Equipos de Seguridad - Herramientas Industriales","url":"https:\/\/solumeca.com\/","logo":{"@type":"ImageObject","inLanguage":"es","@id":"https:\/\/solumeca.com\/#\/schema\/logo\/image\/","url":"https:\/\/solumeca.com\/wp-content\/uploads\/2024\/04\/equipos-de-seguridad-sos-2.png","contentUrl":"https:\/\/solumeca.com\/wp-content\/uploads\/2024\/04\/equipos-de-seguridad-sos-2.png","width":600,"height":259,"caption":"SOS Integral - Equipos de Seguridad - Herramientas Industriales"},"image":{"@id":"https:\/\/solumeca.com\/#\/schema\/logo\/image\/"},"sameAs":["https:\/\/www.instagram.com\/sosintegralrd\/"]}]}},"_links":{"self":[{"href":"https:\/\/solumeca.com\/index.php?rest_route=\/wp\/v2\/product\/40692","targetHints":{"allow":["GET"]}}],"collection":[{"href":"https:\/\/solumeca.com\/index.php?rest_route=\/wp\/v2\/product"}],"about":[{"href":"https:\/\/solumeca.com\/index.php?rest_route=\/wp\/v2\/types\/product"}],"replies":[{"embeddable":true,"href":"https:\/\/solumeca.com\/index.php?rest_route=%2Fwp%2Fv2%2Fcomments&post=40692"}],"version-history":[{"count":1,"href":"https:\/\/solumeca.com\/index.php?rest_route=\/wp\/v2\/product\/40692\/revisions"}],"predecessor-version":[{"id":40800,"href":"https:\/\/solumeca.com\/index.php?rest_route=\/wp\/v2\/product\/40692\/revisions\/40800"}],"wp:featuredmedia":[{"embeddable":true,"href":"https:\/\/solumeca.com\/index.php?rest_route=\/wp\/v2\/media\/40799"}],"wp:attachment":[{"href":"https:\/\/solumeca.com\/index.php?rest_route=%2Fwp%2Fv2%2Fmedia&parent=40692"}],"wp:term":[{"taxonomy":"product_brand","embeddable":true,"href":"https:\/\/solumeca.com\/index.php?rest_route=%2Fwp%2Fv2%2Fproduct_brand&post=40692"},{"taxonomy":"product_cat","embeddable":true,"href":"https:\/\/solumeca.com\/index.php?rest_route=%2Fwp%2Fv2%2Fproduct_cat&post=40692"},{"taxonomy":"product_tag","embeddable":true,"href":"https:\/\/solumeca.com\/index.php?rest_route=%2Fwp%2Fv2%2Fproduct_tag&post=40692"}],"curies":[{"name":"wp","href":"https:\/\/api.w.org\/{rel}","templated":true}]}}