{"id":39642,"date":"2026-03-17T21:33:20","date_gmt":"2026-03-17T20:33:20","guid":{"rendered":"https:\/\/solumeca.com\/?post_type=product&#038;p=39642"},"modified":"2026-03-17T21:33:50","modified_gmt":"2026-03-17T20:33:50","slug":"zapato-de-seguridad-s3-piel-gamnuza-wru-ref-franklin","status":"publish","type":"product","link":"https:\/\/solumeca.com\/?product=zapato-de-seguridad-s3-piel-gamnuza-wru-ref-franklin","title":{"rendered":"ZAPATO DE SEGURIDAD S3, PIEL GAMNUZA WRU, &#8211; Ref.FRANKLIN"},"content":{"rendered":"<p>Zapato de seguridad bajo, en piel gamuzada WRU, tal\u00f3n en piel antirayaduras espesor 1,8-2,0 mm.<br \/>\nForro en tejido muy transpirable y resistente a la abrasi\u00f3n.<br \/>\nLeng\u00fceta suave, forrada y alcochillada.<br \/>\n<strong>CALZADO SIN PARTES METALICAS<\/strong><\/p>\n<p><strong>PUNTERA 200J composite<\/strong> a base de pol\u00edmeros <strong>at\u00e9rmico <\/strong>EN 12568<br \/>\n<strong>PLANTILLA ANTIPERFORACION tejido AISLANTE composite antiperforacion flexible<\/strong> EN 12568<br \/>\n<strong>SUELA HARD ROCK AISLANTE <\/strong>doble densidad poliuretano y <strong>CAUCHO AISLANTE<\/strong> resistente a los hidrocarburos y a la abrasi\u00f3n, anti-shock y anti-deslizante <strong>SRC<\/strong><br \/>\n&#8212; La parte inferior del zapato dentro de ciertos l\u00edmites (sin humedad, no se refiere a la parte superior) ofrece aislamiento el\u00e9ctrico contra tensiones hasta 1000V M \u03a9 &gt; 1.000<br \/>\n&#8212; Resistencia el\u00e9ctrica: norma canadiense CSA Z195 \u0096 14 incremento 1 kV\/sec voltaje 20.000V \/60 hz &#8211; duraci\u00f3n 1 minuto.<br \/>\n&#8212; Resistencia el\u00e9ctrica ASTM F2413 -11 incremento 1 kV\/sec \u0096 voltaje 20000 V\/60 Hz duraci\u00f3n 1 minuto.<br \/>\nRequisito de flujo el\u00e9ctrico inferior de 1,0 mA.<br \/>\n<strong>PLANTILLA DIELECTRIC<\/strong> extra\u00edble, anat\u00f3mica, absorbente, aislante y transpirable<br \/>\n<strong>FO <\/strong>resistencia de la suela a los hidrocarburos<br \/>\n<strong>E <\/strong>absorci\u00f3n de energ\u00eda en la zona del tal\u00f3n<br \/>\n<strong>P <\/strong>resistencia de la suela a la perforaci\u00f3n<br \/>\n<strong>HRO <\/strong>resistencia de la suela en contacto con el calor<\/p>\n","protected":false},"excerpt":{"rendered":"<p>Zapato de seguridad bajo, en piel gamuzada WRU, tal\u00f3n en piel antirayaduras espesor 1,8-2,0 mm. Forro en tejido muy transpirable y resistente a la abrasi\u00f3n. Leng\u00fceta suave, forrada y alcochillada. CALZADO SIN PARTES METALICAS PUNTERA 200J composite a base de pol\u00edmeros at\u00e9rmico EN 12568 PLANTILLA ANTIPERFORACION tejido AISLANTE composite antiperforacion flexible EN 12568 SUELA HARD<\/p>\n<div class=\"klb-readmore button\"><a class=\"btn link\" href=\"https:\/\/solumeca.com\/?product=zapato-de-seguridad-s3-piel-gamnuza-wru-ref-franklin\">Read More <i class=\"klbth-icon-right-arrow\"><\/i><\/a><\/div>\n","protected":false},"featured_media":21497,"comment_status":"closed","ping_status":"closed","template":"","meta":[],"product_brand":[],"product_cat":[310,375],"product_tag":[],"class_list":{"0":"post-39642","1":"product","2":"type-product","3":"status-publish","4":"has-post-thumbnail","6":"product_cat-calzados-de-seguridad","7":"product_cat-giasco","9":"first","10":"instock","11":"taxable","12":"shipping-taxable","13":"product-type-variable"},"yoast_head":"<!-- This site is optimized with the Yoast SEO Premium plugin v22.5 (Yoast SEO v22.6) - https:\/\/yoast.com\/wordpress\/plugins\/seo\/ -->\n<title>ZAPATO DE SEGURIDAD S3, PIEL GAMNUZA WRU, - Ref.FRANKLIN - Herramientas Industriales - Equipos de Seguridad - Solumeca.com<\/title>\n<meta name=\"robots\" content=\"index, follow, max-snippet:-1, max-image-preview:large, max-video-preview:-1\" \/>\n<link rel=\"canonical\" href=\"https:\/\/solumeca.com\/?product=zapato-de-seguridad-s3-piel-gamnuza-wru-ref-franklin\" \/>\n<meta property=\"og:locale\" content=\"es_ES\" \/>\n<meta property=\"og:type\" content=\"article\" \/>\n<meta property=\"og:title\" content=\"ZAPATO DE SEGURIDAD S3, PIEL GAMNUZA WRU, - Ref.FRANKLIN\" \/>\n<meta property=\"og:description\" content=\"Zapato de seguridad bajo, en piel gamuzada WRU, tal\u00f3n en piel antirayaduras espesor 1,8-2,0 mm. Forro en tejido muy transpirable y resistente a la abrasi\u00f3n. Leng\u00fceta suave, forrada y alcochillada. CALZADO SIN PARTES METALICAS PUNTERA 200J composite a base de pol\u00edmeros at\u00e9rmico EN 12568 PLANTILLA ANTIPERFORACION tejido AISLANTE composite antiperforacion flexible EN 12568 SUELA HARDRead More\" \/>\n<meta property=\"og:url\" content=\"https:\/\/solumeca.com\/?product=zapato-de-seguridad-s3-piel-gamnuza-wru-ref-franklin\" \/>\n<meta property=\"og:site_name\" content=\"Herramientas Industriales - Equipos de Seguridad - Solumeca.com\" \/>\n<meta property=\"article:modified_time\" content=\"2026-03-17T20:33:50+00:00\" \/>\n<meta name=\"twitter:card\" content=\"summary_large_image\" \/>\n<meta name=\"twitter:label1\" content=\"Tiempo de lectura\" \/>\n\t<meta name=\"twitter:data1\" content=\"1 minuto\" \/>\n<script type=\"application\/ld+json\" class=\"yoast-schema-graph\">{\"@context\":\"https:\/\/schema.org\",\"@graph\":[{\"@type\":\"WebPage\",\"@id\":\"https:\/\/solumeca.com\/?product=zapato-de-seguridad-s3-piel-gamnuza-wru-ref-franklin\",\"url\":\"https:\/\/solumeca.com\/?product=zapato-de-seguridad-s3-piel-gamnuza-wru-ref-franklin\",\"name\":\"ZAPATO DE SEGURIDAD S3, PIEL GAMNUZA WRU, - Ref.FRANKLIN - Herramientas Industriales - Equipos de Seguridad - Solumeca.com\",\"isPartOf\":{\"@id\":\"https:\/\/solumeca.com\/#website\"},\"primaryImageOfPage\":{\"@id\":\"https:\/\/solumeca.com\/?product=zapato-de-seguridad-s3-piel-gamnuza-wru-ref-franklin#primaryimage\"},\"image\":{\"@id\":\"https:\/\/solumeca.com\/?product=zapato-de-seguridad-s3-piel-gamnuza-wru-ref-franklin#primaryimage\"},\"thumbnailUrl\":\"https:\/\/solumeca.com\/wp-content\/uploads\/2024\/07\/FRANKLIN.jpg\",\"datePublished\":\"2026-03-17T20:33:20+00:00\",\"dateModified\":\"2026-03-17T20:33:50+00:00\",\"breadcrumb\":{\"@id\":\"https:\/\/solumeca.com\/?product=zapato-de-seguridad-s3-piel-gamnuza-wru-ref-franklin#breadcrumb\"},\"inLanguage\":\"es\",\"potentialAction\":[{\"@type\":\"ReadAction\",\"target\":[\"https:\/\/solumeca.com\/?product=zapato-de-seguridad-s3-piel-gamnuza-wru-ref-franklin\"]}]},{\"@type\":\"ImageObject\",\"inLanguage\":\"es\",\"@id\":\"https:\/\/solumeca.com\/?product=zapato-de-seguridad-s3-piel-gamnuza-wru-ref-franklin#primaryimage\",\"url\":\"https:\/\/solumeca.com\/wp-content\/uploads\/2024\/07\/FRANKLIN.jpg\",\"contentUrl\":\"https:\/\/solumeca.com\/wp-content\/uploads\/2024\/07\/FRANKLIN.jpg\",\"width\":1200,\"height\":1200},{\"@type\":\"BreadcrumbList\",\"@id\":\"https:\/\/solumeca.com\/?product=zapato-de-seguridad-s3-piel-gamnuza-wru-ref-franklin#breadcrumb\",\"itemListElement\":[{\"@type\":\"ListItem\",\"position\":1,\"name\":\"Portada\",\"item\":\"https:\/\/solumeca.com\/\"},{\"@type\":\"ListItem\",\"position\":2,\"name\":\"Shop\",\"item\":\"https:\/\/solumeca.com\/?page_id=10\"},{\"@type\":\"ListItem\",\"position\":3,\"name\":\"ZAPATO DE SEGURIDAD S3, PIEL GAMNUZA WRU, &#8211; Ref.FRANKLIN\"}]},{\"@type\":\"WebSite\",\"@id\":\"https:\/\/solumeca.com\/#website\",\"url\":\"https:\/\/solumeca.com\/\",\"name\":\"SOS Integral - Equipos de Seguridad - Herramientas Industriales\",\"description\":\"Equipos de Seguridad, Santo Domingo, Republica Dominicana, Herramientas Industriales,Tel.: (809) 274-3888 \/ Info@solumeca.com\",\"publisher\":{\"@id\":\"https:\/\/solumeca.com\/#organization\"},\"potentialAction\":[{\"@type\":\"SearchAction\",\"target\":{\"@type\":\"EntryPoint\",\"urlTemplate\":\"https:\/\/solumeca.com\/?s={search_term_string}\"},\"query-input\":\"required name=search_term_string\"}],\"inLanguage\":\"es\"},{\"@type\":\"Organization\",\"@id\":\"https:\/\/solumeca.com\/#organization\",\"name\":\"SOS Integral - Equipos de Seguridad - Herramientas Industriales\",\"url\":\"https:\/\/solumeca.com\/\",\"logo\":{\"@type\":\"ImageObject\",\"inLanguage\":\"es\",\"@id\":\"https:\/\/solumeca.com\/#\/schema\/logo\/image\/\",\"url\":\"https:\/\/solumeca.com\/wp-content\/uploads\/2024\/04\/equipos-de-seguridad-sos-2.png\",\"contentUrl\":\"https:\/\/solumeca.com\/wp-content\/uploads\/2024\/04\/equipos-de-seguridad-sos-2.png\",\"width\":600,\"height\":259,\"caption\":\"SOS Integral - Equipos de Seguridad - Herramientas Industriales\"},\"image\":{\"@id\":\"https:\/\/solumeca.com\/#\/schema\/logo\/image\/\"},\"sameAs\":[\"https:\/\/www.instagram.com\/sosintegralrd\/\"]}]}<\/script>\n<!-- \/ Yoast SEO Premium plugin. -->","yoast_head_json":{"title":"ZAPATO DE SEGURIDAD S3, PIEL GAMNUZA WRU, - Ref.FRANKLIN - Herramientas Industriales - Equipos de Seguridad - Solumeca.com","robots":{"index":"index","follow":"follow","max-snippet":"max-snippet:-1","max-image-preview":"max-image-preview:large","max-video-preview":"max-video-preview:-1"},"canonical":"https:\/\/solumeca.com\/?product=zapato-de-seguridad-s3-piel-gamnuza-wru-ref-franklin","og_locale":"es_ES","og_type":"article","og_title":"ZAPATO DE SEGURIDAD S3, PIEL GAMNUZA WRU, - Ref.FRANKLIN","og_description":"Zapato de seguridad bajo, en piel gamuzada WRU, tal\u00f3n en piel antirayaduras espesor 1,8-2,0 mm. Forro en tejido muy transpirable y resistente a la abrasi\u00f3n. Leng\u00fceta suave, forrada y alcochillada. CALZADO SIN PARTES METALICAS PUNTERA 200J composite a base de pol\u00edmeros at\u00e9rmico EN 12568 PLANTILLA ANTIPERFORACION tejido AISLANTE composite antiperforacion flexible EN 12568 SUELA HARDRead More","og_url":"https:\/\/solumeca.com\/?product=zapato-de-seguridad-s3-piel-gamnuza-wru-ref-franklin","og_site_name":"Herramientas Industriales - Equipos de Seguridad - Solumeca.com","article_modified_time":"2026-03-17T20:33:50+00:00","twitter_card":"summary_large_image","twitter_misc":{"Tiempo de lectura":"1 minuto"},"schema":{"@context":"https:\/\/schema.org","@graph":[{"@type":"WebPage","@id":"https:\/\/solumeca.com\/?product=zapato-de-seguridad-s3-piel-gamnuza-wru-ref-franklin","url":"https:\/\/solumeca.com\/?product=zapato-de-seguridad-s3-piel-gamnuza-wru-ref-franklin","name":"ZAPATO DE SEGURIDAD S3, PIEL GAMNUZA WRU, - Ref.FRANKLIN - Herramientas Industriales - Equipos de Seguridad - Solumeca.com","isPartOf":{"@id":"https:\/\/solumeca.com\/#website"},"primaryImageOfPage":{"@id":"https:\/\/solumeca.com\/?product=zapato-de-seguridad-s3-piel-gamnuza-wru-ref-franklin#primaryimage"},"image":{"@id":"https:\/\/solumeca.com\/?product=zapato-de-seguridad-s3-piel-gamnuza-wru-ref-franklin#primaryimage"},"thumbnailUrl":"https:\/\/solumeca.com\/wp-content\/uploads\/2024\/07\/FRANKLIN.jpg","datePublished":"2026-03-17T20:33:20+00:00","dateModified":"2026-03-17T20:33:50+00:00","breadcrumb":{"@id":"https:\/\/solumeca.com\/?product=zapato-de-seguridad-s3-piel-gamnuza-wru-ref-franklin#breadcrumb"},"inLanguage":"es","potentialAction":[{"@type":"ReadAction","target":["https:\/\/solumeca.com\/?product=zapato-de-seguridad-s3-piel-gamnuza-wru-ref-franklin"]}]},{"@type":"ImageObject","inLanguage":"es","@id":"https:\/\/solumeca.com\/?product=zapato-de-seguridad-s3-piel-gamnuza-wru-ref-franklin#primaryimage","url":"https:\/\/solumeca.com\/wp-content\/uploads\/2024\/07\/FRANKLIN.jpg","contentUrl":"https:\/\/solumeca.com\/wp-content\/uploads\/2024\/07\/FRANKLIN.jpg","width":1200,"height":1200},{"@type":"BreadcrumbList","@id":"https:\/\/solumeca.com\/?product=zapato-de-seguridad-s3-piel-gamnuza-wru-ref-franklin#breadcrumb","itemListElement":[{"@type":"ListItem","position":1,"name":"Portada","item":"https:\/\/solumeca.com\/"},{"@type":"ListItem","position":2,"name":"Shop","item":"https:\/\/solumeca.com\/?page_id=10"},{"@type":"ListItem","position":3,"name":"ZAPATO DE SEGURIDAD S3, PIEL GAMNUZA WRU, &#8211; Ref.FRANKLIN"}]},{"@type":"WebSite","@id":"https:\/\/solumeca.com\/#website","url":"https:\/\/solumeca.com\/","name":"SOS Integral - Equipos de Seguridad - Herramientas Industriales","description":"Equipos de Seguridad, Santo Domingo, Republica Dominicana, Herramientas Industriales,Tel.: (809) 274-3888 \/ Info@solumeca.com","publisher":{"@id":"https:\/\/solumeca.com\/#organization"},"potentialAction":[{"@type":"SearchAction","target":{"@type":"EntryPoint","urlTemplate":"https:\/\/solumeca.com\/?s={search_term_string}"},"query-input":"required name=search_term_string"}],"inLanguage":"es"},{"@type":"Organization","@id":"https:\/\/solumeca.com\/#organization","name":"SOS Integral - Equipos de Seguridad - Herramientas Industriales","url":"https:\/\/solumeca.com\/","logo":{"@type":"ImageObject","inLanguage":"es","@id":"https:\/\/solumeca.com\/#\/schema\/logo\/image\/","url":"https:\/\/solumeca.com\/wp-content\/uploads\/2024\/04\/equipos-de-seguridad-sos-2.png","contentUrl":"https:\/\/solumeca.com\/wp-content\/uploads\/2024\/04\/equipos-de-seguridad-sos-2.png","width":600,"height":259,"caption":"SOS Integral - Equipos de Seguridad - Herramientas Industriales"},"image":{"@id":"https:\/\/solumeca.com\/#\/schema\/logo\/image\/"},"sameAs":["https:\/\/www.instagram.com\/sosintegralrd\/"]}]}},"_links":{"self":[{"href":"https:\/\/solumeca.com\/index.php?rest_route=\/wp\/v2\/product\/39642","targetHints":{"allow":["GET"]}}],"collection":[{"href":"https:\/\/solumeca.com\/index.php?rest_route=\/wp\/v2\/product"}],"about":[{"href":"https:\/\/solumeca.com\/index.php?rest_route=\/wp\/v2\/types\/product"}],"replies":[{"embeddable":true,"href":"https:\/\/solumeca.com\/index.php?rest_route=%2Fwp%2Fv2%2Fcomments&post=39642"}],"version-history":[{"count":1,"href":"https:\/\/solumeca.com\/index.php?rest_route=\/wp\/v2\/product\/39642\/revisions"}],"predecessor-version":[{"id":39695,"href":"https:\/\/solumeca.com\/index.php?rest_route=\/wp\/v2\/product\/39642\/revisions\/39695"}],"wp:featuredmedia":[{"embeddable":true,"href":"https:\/\/solumeca.com\/index.php?rest_route=\/wp\/v2\/media\/21497"}],"wp:attachment":[{"href":"https:\/\/solumeca.com\/index.php?rest_route=%2Fwp%2Fv2%2Fmedia&parent=39642"}],"wp:term":[{"taxonomy":"product_brand","embeddable":true,"href":"https:\/\/solumeca.com\/index.php?rest_route=%2Fwp%2Fv2%2Fproduct_brand&post=39642"},{"taxonomy":"product_cat","embeddable":true,"href":"https:\/\/solumeca.com\/index.php?rest_route=%2Fwp%2Fv2%2Fproduct_cat&post=39642"},{"taxonomy":"product_tag","embeddable":true,"href":"https:\/\/solumeca.com\/index.php?rest_route=%2Fwp%2Fv2%2Fproduct_tag&post=39642"}],"curies":[{"name":"wp","href":"https:\/\/api.w.org\/{rel}","templated":true}]}}