{"id":39555,"date":"2026-03-17T21:32:33","date_gmt":"2026-03-17T20:32:33","guid":{"rendered":"https:\/\/solumeca.com\/?post_type=product&#038;p=39555"},"modified":"2026-03-17T21:32:44","modified_gmt":"2026-03-17T20:32:44","slug":"manguita-en-kevlar-ansell-ref-70-118","status":"publish","type":"product","link":"https:\/\/solumeca.com\/?product=manguita-en-kevlar-ansell-ref-70-118","title":{"rendered":"MANGUITA EN KEVLAR ANSELL &#8211; Ref.70-118"},"content":{"rendered":"<div class=\"intro\">\n<p class=\"sub-header\" data-webid=\"old-product-name\">Denominado anteriormente Neptune<sup>\u00ae<\/sup> Kevlar<sup>\u00ae<\/sup><\/p>\n<p>Mangas de protecci\u00f3n de los brazos forradas de Kevlar<sup>\u00ae<\/sup>, que garantizan la resistencia a los cortes y la protecci\u00f3n contra el calor<\/p>\n<\/div>\n<div class=\"details\">\n<h3>Caracter\u00edsticas y ventajas claves<\/h3>\n<ul>\n<li><strong>Fibras cortas de para-aramida Kevlar<sup>\u00ae<\/sup>:<\/strong> excelente resistencia a los cortes y confort<\/li>\n<li><strong>Resistencia al calor:<\/strong> Protecci\u00f3n contra el calor de contacto hasta 100\u00b0C\/212\u00b0F<\/li>\n<li><strong>Thumbslot:<\/strong> ajuste c\u00f3modo con protecci\u00f3n a\u00f1adida para la mu\u00f1eca<\/li>\n<\/ul>\n<p><strong>Size Disponibles:<\/strong> <strong>18\u00b4\u00b4<\/strong><\/p>\n<\/div>\n","protected":false},"excerpt":{"rendered":"<p>Denominado anteriormente Neptune\u00ae Kevlar\u00ae Mangas de protecci\u00f3n de los brazos forradas de Kevlar\u00ae, que garantizan la resistencia a los cortes y la protecci\u00f3n contra el calor Caracter\u00edsticas y ventajas claves Fibras cortas de para-aramida Kevlar\u00ae: excelente resistencia a los cortes y confort Resistencia al calor: Protecci\u00f3n contra el calor de contacto hasta 100\u00b0C\/212\u00b0F Thumbslot: ajuste<\/p>\n<div class=\"klb-readmore button\"><a class=\"btn link\" href=\"https:\/\/solumeca.com\/?product=manguita-en-kevlar-ansell-ref-70-118\">Read More <i class=\"klbth-icon-right-arrow\"><\/i><\/a><\/div>\n","protected":false},"featured_media":32379,"comment_status":"closed","ping_status":"closed","template":"","meta":[],"product_brand":[],"product_cat":[374],"product_tag":[],"class_list":{"0":"post-39555","1":"product","2":"type-product","3":"status-publish","4":"has-post-thumbnail","6":"product_cat-ansell","8":"first","9":"instock","10":"taxable","11":"shipping-taxable","12":"purchasable","13":"product-type-simple"},"yoast_head":"<!-- This site is optimized with the Yoast SEO Premium plugin v22.5 (Yoast SEO v22.6) - https:\/\/yoast.com\/wordpress\/plugins\/seo\/ -->\n<title>MANGUITA EN KEVLAR ANSELL - Ref.70-118 - Herramientas Industriales - Equipos de Seguridad - Solumeca.com<\/title>\n<meta name=\"robots\" content=\"index, follow, max-snippet:-1, max-image-preview:large, max-video-preview:-1\" \/>\n<link rel=\"canonical\" href=\"https:\/\/solumeca.com\/?product=manguita-en-kevlar-ansell-ref-70-118\" \/>\n<meta property=\"og:locale\" content=\"es_ES\" \/>\n<meta property=\"og:type\" content=\"article\" \/>\n<meta property=\"og:title\" content=\"MANGUITA EN KEVLAR ANSELL - Ref.70-118\" \/>\n<meta property=\"og:description\" content=\"Denominado anteriormente Neptune\u00ae Kevlar\u00ae Mangas de protecci\u00f3n de los brazos forradas de Kevlar\u00ae, que garantizan la resistencia a los cortes y la protecci\u00f3n contra el calor Caracter\u00edsticas y ventajas claves Fibras cortas de para-aramida Kevlar\u00ae: excelente resistencia a los cortes y confort Resistencia al calor: Protecci\u00f3n contra el calor de contacto hasta 100\u00b0C\/212\u00b0F Thumbslot: ajusteRead More\" \/>\n<meta property=\"og:url\" content=\"https:\/\/solumeca.com\/?product=manguita-en-kevlar-ansell-ref-70-118\" \/>\n<meta property=\"og:site_name\" content=\"Herramientas Industriales - Equipos de Seguridad - Solumeca.com\" \/>\n<meta property=\"article:modified_time\" content=\"2026-03-17T20:32:44+00:00\" \/>\n<meta name=\"twitter:card\" content=\"summary_large_image\" \/>\n<script type=\"application\/ld+json\" class=\"yoast-schema-graph\">{\"@context\":\"https:\/\/schema.org\",\"@graph\":[{\"@type\":\"WebPage\",\"@id\":\"https:\/\/solumeca.com\/?product=manguita-en-kevlar-ansell-ref-70-118\",\"url\":\"https:\/\/solumeca.com\/?product=manguita-en-kevlar-ansell-ref-70-118\",\"name\":\"MANGUITA EN KEVLAR ANSELL - Ref.70-118 - Herramientas Industriales - Equipos de Seguridad - Solumeca.com\",\"isPartOf\":{\"@id\":\"https:\/\/solumeca.com\/#website\"},\"primaryImageOfPage\":{\"@id\":\"https:\/\/solumeca.com\/?product=manguita-en-kevlar-ansell-ref-70-118#primaryimage\"},\"image\":{\"@id\":\"https:\/\/solumeca.com\/?product=manguita-en-kevlar-ansell-ref-70-118#primaryimage\"},\"thumbnailUrl\":\"https:\/\/solumeca.com\/wp-content\/uploads\/2026\/03\/Sin-titulo-5od9932.png\",\"datePublished\":\"2026-03-17T20:32:33+00:00\",\"dateModified\":\"2026-03-17T20:32:44+00:00\",\"breadcrumb\":{\"@id\":\"https:\/\/solumeca.com\/?product=manguita-en-kevlar-ansell-ref-70-118#breadcrumb\"},\"inLanguage\":\"es\",\"potentialAction\":[{\"@type\":\"ReadAction\",\"target\":[\"https:\/\/solumeca.com\/?product=manguita-en-kevlar-ansell-ref-70-118\"]}]},{\"@type\":\"ImageObject\",\"inLanguage\":\"es\",\"@id\":\"https:\/\/solumeca.com\/?product=manguita-en-kevlar-ansell-ref-70-118#primaryimage\",\"url\":\"https:\/\/solumeca.com\/wp-content\/uploads\/2026\/03\/Sin-titulo-5od9932.png\",\"contentUrl\":\"https:\/\/solumeca.com\/wp-content\/uploads\/2026\/03\/Sin-titulo-5od9932.png\",\"width\":1080,\"height\":1080},{\"@type\":\"BreadcrumbList\",\"@id\":\"https:\/\/solumeca.com\/?product=manguita-en-kevlar-ansell-ref-70-118#breadcrumb\",\"itemListElement\":[{\"@type\":\"ListItem\",\"position\":1,\"name\":\"Portada\",\"item\":\"https:\/\/solumeca.com\/\"},{\"@type\":\"ListItem\",\"position\":2,\"name\":\"Shop\",\"item\":\"https:\/\/solumeca.com\/?page_id=10\"},{\"@type\":\"ListItem\",\"position\":3,\"name\":\"MANGUITA EN KEVLAR ANSELL &#8211; Ref.70-118\"}]},{\"@type\":\"WebSite\",\"@id\":\"https:\/\/solumeca.com\/#website\",\"url\":\"https:\/\/solumeca.com\/\",\"name\":\"SOS Integral - Equipos de Seguridad - Herramientas Industriales\",\"description\":\"Equipos de Seguridad, Santo Domingo, Republica Dominicana, Herramientas Industriales,Tel.: (809) 274-3888 \/ Info@solumeca.com\",\"publisher\":{\"@id\":\"https:\/\/solumeca.com\/#organization\"},\"potentialAction\":[{\"@type\":\"SearchAction\",\"target\":{\"@type\":\"EntryPoint\",\"urlTemplate\":\"https:\/\/solumeca.com\/?s={search_term_string}\"},\"query-input\":\"required name=search_term_string\"}],\"inLanguage\":\"es\"},{\"@type\":\"Organization\",\"@id\":\"https:\/\/solumeca.com\/#organization\",\"name\":\"SOS Integral - Equipos de Seguridad - Herramientas Industriales\",\"url\":\"https:\/\/solumeca.com\/\",\"logo\":{\"@type\":\"ImageObject\",\"inLanguage\":\"es\",\"@id\":\"https:\/\/solumeca.com\/#\/schema\/logo\/image\/\",\"url\":\"https:\/\/solumeca.com\/wp-content\/uploads\/2024\/04\/equipos-de-seguridad-sos-2.png\",\"contentUrl\":\"https:\/\/solumeca.com\/wp-content\/uploads\/2024\/04\/equipos-de-seguridad-sos-2.png\",\"width\":600,\"height\":259,\"caption\":\"SOS Integral - Equipos de Seguridad - Herramientas Industriales\"},\"image\":{\"@id\":\"https:\/\/solumeca.com\/#\/schema\/logo\/image\/\"},\"sameAs\":[\"https:\/\/www.instagram.com\/sosintegralrd\/\"]}]}<\/script>\n<!-- \/ Yoast SEO Premium plugin. -->","yoast_head_json":{"title":"MANGUITA EN KEVLAR ANSELL - Ref.70-118 - Herramientas Industriales - Equipos de Seguridad - Solumeca.com","robots":{"index":"index","follow":"follow","max-snippet":"max-snippet:-1","max-image-preview":"max-image-preview:large","max-video-preview":"max-video-preview:-1"},"canonical":"https:\/\/solumeca.com\/?product=manguita-en-kevlar-ansell-ref-70-118","og_locale":"es_ES","og_type":"article","og_title":"MANGUITA EN KEVLAR ANSELL - Ref.70-118","og_description":"Denominado anteriormente Neptune\u00ae Kevlar\u00ae Mangas de protecci\u00f3n de los brazos forradas de Kevlar\u00ae, que garantizan la resistencia a los cortes y la protecci\u00f3n contra el calor Caracter\u00edsticas y ventajas claves Fibras cortas de para-aramida Kevlar\u00ae: excelente resistencia a los cortes y confort Resistencia al calor: Protecci\u00f3n contra el calor de contacto hasta 100\u00b0C\/212\u00b0F Thumbslot: ajusteRead More","og_url":"https:\/\/solumeca.com\/?product=manguita-en-kevlar-ansell-ref-70-118","og_site_name":"Herramientas Industriales - Equipos de Seguridad - Solumeca.com","article_modified_time":"2026-03-17T20:32:44+00:00","twitter_card":"summary_large_image","schema":{"@context":"https:\/\/schema.org","@graph":[{"@type":"WebPage","@id":"https:\/\/solumeca.com\/?product=manguita-en-kevlar-ansell-ref-70-118","url":"https:\/\/solumeca.com\/?product=manguita-en-kevlar-ansell-ref-70-118","name":"MANGUITA EN KEVLAR ANSELL - Ref.70-118 - Herramientas Industriales - Equipos de Seguridad - Solumeca.com","isPartOf":{"@id":"https:\/\/solumeca.com\/#website"},"primaryImageOfPage":{"@id":"https:\/\/solumeca.com\/?product=manguita-en-kevlar-ansell-ref-70-118#primaryimage"},"image":{"@id":"https:\/\/solumeca.com\/?product=manguita-en-kevlar-ansell-ref-70-118#primaryimage"},"thumbnailUrl":"https:\/\/solumeca.com\/wp-content\/uploads\/2026\/03\/Sin-titulo-5od9932.png","datePublished":"2026-03-17T20:32:33+00:00","dateModified":"2026-03-17T20:32:44+00:00","breadcrumb":{"@id":"https:\/\/solumeca.com\/?product=manguita-en-kevlar-ansell-ref-70-118#breadcrumb"},"inLanguage":"es","potentialAction":[{"@type":"ReadAction","target":["https:\/\/solumeca.com\/?product=manguita-en-kevlar-ansell-ref-70-118"]}]},{"@type":"ImageObject","inLanguage":"es","@id":"https:\/\/solumeca.com\/?product=manguita-en-kevlar-ansell-ref-70-118#primaryimage","url":"https:\/\/solumeca.com\/wp-content\/uploads\/2026\/03\/Sin-titulo-5od9932.png","contentUrl":"https:\/\/solumeca.com\/wp-content\/uploads\/2026\/03\/Sin-titulo-5od9932.png","width":1080,"height":1080},{"@type":"BreadcrumbList","@id":"https:\/\/solumeca.com\/?product=manguita-en-kevlar-ansell-ref-70-118#breadcrumb","itemListElement":[{"@type":"ListItem","position":1,"name":"Portada","item":"https:\/\/solumeca.com\/"},{"@type":"ListItem","position":2,"name":"Shop","item":"https:\/\/solumeca.com\/?page_id=10"},{"@type":"ListItem","position":3,"name":"MANGUITA EN KEVLAR ANSELL &#8211; Ref.70-118"}]},{"@type":"WebSite","@id":"https:\/\/solumeca.com\/#website","url":"https:\/\/solumeca.com\/","name":"SOS Integral - Equipos de Seguridad - Herramientas Industriales","description":"Equipos de Seguridad, Santo Domingo, Republica Dominicana, Herramientas Industriales,Tel.: (809) 274-3888 \/ Info@solumeca.com","publisher":{"@id":"https:\/\/solumeca.com\/#organization"},"potentialAction":[{"@type":"SearchAction","target":{"@type":"EntryPoint","urlTemplate":"https:\/\/solumeca.com\/?s={search_term_string}"},"query-input":"required name=search_term_string"}],"inLanguage":"es"},{"@type":"Organization","@id":"https:\/\/solumeca.com\/#organization","name":"SOS Integral - Equipos de Seguridad - Herramientas Industriales","url":"https:\/\/solumeca.com\/","logo":{"@type":"ImageObject","inLanguage":"es","@id":"https:\/\/solumeca.com\/#\/schema\/logo\/image\/","url":"https:\/\/solumeca.com\/wp-content\/uploads\/2024\/04\/equipos-de-seguridad-sos-2.png","contentUrl":"https:\/\/solumeca.com\/wp-content\/uploads\/2024\/04\/equipos-de-seguridad-sos-2.png","width":600,"height":259,"caption":"SOS Integral - Equipos de Seguridad - Herramientas Industriales"},"image":{"@id":"https:\/\/solumeca.com\/#\/schema\/logo\/image\/"},"sameAs":["https:\/\/www.instagram.com\/sosintegralrd\/"]}]}},"_links":{"self":[{"href":"https:\/\/solumeca.com\/index.php?rest_route=\/wp\/v2\/product\/39555","targetHints":{"allow":["GET"]}}],"collection":[{"href":"https:\/\/solumeca.com\/index.php?rest_route=\/wp\/v2\/product"}],"about":[{"href":"https:\/\/solumeca.com\/index.php?rest_route=\/wp\/v2\/types\/product"}],"replies":[{"embeddable":true,"href":"https:\/\/solumeca.com\/index.php?rest_route=%2Fwp%2Fv2%2Fcomments&post=39555"}],"version-history":[{"count":1,"href":"https:\/\/solumeca.com\/index.php?rest_route=\/wp\/v2\/product\/39555\/revisions"}],"predecessor-version":[{"id":39585,"href":"https:\/\/solumeca.com\/index.php?rest_route=\/wp\/v2\/product\/39555\/revisions\/39585"}],"wp:featuredmedia":[{"embeddable":true,"href":"https:\/\/solumeca.com\/index.php?rest_route=\/wp\/v2\/media\/32379"}],"wp:attachment":[{"href":"https:\/\/solumeca.com\/index.php?rest_route=%2Fwp%2Fv2%2Fmedia&parent=39555"}],"wp:term":[{"taxonomy":"product_brand","embeddable":true,"href":"https:\/\/solumeca.com\/index.php?rest_route=%2Fwp%2Fv2%2Fproduct_brand&post=39555"},{"taxonomy":"product_cat","embeddable":true,"href":"https:\/\/solumeca.com\/index.php?rest_route=%2Fwp%2Fv2%2Fproduct_cat&post=39555"},{"taxonomy":"product_tag","embeddable":true,"href":"https:\/\/solumeca.com\/index.php?rest_route=%2Fwp%2Fv2%2Fproduct_tag&post=39555"}],"curies":[{"name":"wp","href":"https:\/\/api.w.org\/{rel}","templated":true}]}}