{"id":39249,"date":"2026-03-17T21:31:06","date_gmt":"2026-03-17T20:31:06","guid":{"rendered":"https:\/\/solumeca.com\/?post_type=product&#038;p=39249"},"modified":"2026-03-17T21:31:15","modified_gmt":"2026-03-17T20:31:15","slug":"llave-combinada-con-chicharra-de-18mm-proto-ref-jscrm18","status":"publish","type":"product","link":"https:\/\/solumeca.com\/?product=llave-combinada-con-chicharra-de-18mm-proto-ref-jscrm18","title":{"rendered":"LLAVE COMBINADA CON CHICHARRA DE 18MM PROTO &#8211; Ref.JSCRM18"},"content":{"rendered":"<ul class=\"feature-ul\">\n<li class=\"feature-list-li\">Las llaves de Spline M\u00e9trico se pueden utilizar en la m\u00e9trica 4, 6, 12 puntos, spline y sujetadores de Torx.<\/li>\n<li class=\"feature-list-li\">Box end es contrasunk para una f\u00e1cil aplicaci\u00f3n al cierre.<\/li>\n<li class=\"feature-list-li\">El dise\u00f1o de Spline se cre\u00f3 para su uso con pernos especiales de l\u00ednea de esp\u00e1rona que se utilizan cuando el peso y el tama\u00f1o de las cabezas de pernos deben minimizarse.<\/li>\n<\/ul>\n","protected":false},"excerpt":{"rendered":"<p>Las llaves de Spline M\u00e9trico se pueden utilizar en la m\u00e9trica 4, 6, 12 puntos, spline y sujetadores de Torx. Box end es contrasunk para una f\u00e1cil aplicaci\u00f3n al cierre. El dise\u00f1o de Spline se cre\u00f3 para su uso con pernos especiales de l\u00ednea de esp\u00e1rona que se utilizan cuando el peso y el tama\u00f1o<\/p>\n<div class=\"klb-readmore button\"><a class=\"btn link\" href=\"https:\/\/solumeca.com\/?product=llave-combinada-con-chicharra-de-18mm-proto-ref-jscrm18\">Read More <i class=\"klbth-icon-right-arrow\"><\/i><\/a><\/div>\n","protected":false},"featured_media":31664,"comment_status":"closed","ping_status":"closed","template":"","meta":[],"product_brand":[],"product_cat":[372],"product_tag":[],"class_list":{"0":"post-39249","1":"product","2":"type-product","3":"status-publish","4":"has-post-thumbnail","6":"product_cat-proto","8":"first","9":"instock","10":"taxable","11":"shipping-taxable","12":"purchasable","13":"product-type-simple"},"yoast_head":"<!-- This site is optimized with the Yoast SEO Premium plugin v22.5 (Yoast SEO v22.6) - https:\/\/yoast.com\/wordpress\/plugins\/seo\/ -->\n<title>LLAVE COMBINADA CON CHICHARRA DE 18MM PROTO - Ref.JSCRM18 - Herramientas Industriales - Equipos de Seguridad - Solumeca.com<\/title>\n<meta name=\"robots\" content=\"index, follow, max-snippet:-1, max-image-preview:large, max-video-preview:-1\" \/>\n<link rel=\"canonical\" href=\"https:\/\/solumeca.com\/?product=llave-combinada-con-chicharra-de-18mm-proto-ref-jscrm18\" \/>\n<meta property=\"og:locale\" content=\"es_ES\" \/>\n<meta property=\"og:type\" content=\"article\" \/>\n<meta property=\"og:title\" content=\"LLAVE COMBINADA CON CHICHARRA DE 18MM PROTO - Ref.JSCRM18\" \/>\n<meta property=\"og:description\" content=\"Las llaves de Spline M\u00e9trico se pueden utilizar en la m\u00e9trica 4, 6, 12 puntos, spline y sujetadores de Torx. Box end es contrasunk para una f\u00e1cil aplicaci\u00f3n al cierre. El dise\u00f1o de Spline se cre\u00f3 para su uso con pernos especiales de l\u00ednea de esp\u00e1rona que se utilizan cuando el peso y el tama\u00f1oRead More\" \/>\n<meta property=\"og:url\" content=\"https:\/\/solumeca.com\/?product=llave-combinada-con-chicharra-de-18mm-proto-ref-jscrm18\" \/>\n<meta property=\"og:site_name\" content=\"Herramientas Industriales - Equipos de Seguridad - Solumeca.com\" \/>\n<meta property=\"article:modified_time\" content=\"2026-03-17T20:31:15+00:00\" \/>\n<meta name=\"twitter:card\" content=\"summary_large_image\" \/>\n<script type=\"application\/ld+json\" class=\"yoast-schema-graph\">{\"@context\":\"https:\/\/schema.org\",\"@graph\":[{\"@type\":\"WebPage\",\"@id\":\"https:\/\/solumeca.com\/?product=llave-combinada-con-chicharra-de-18mm-proto-ref-jscrm18\",\"url\":\"https:\/\/solumeca.com\/?product=llave-combinada-con-chicharra-de-18mm-proto-ref-jscrm18\",\"name\":\"LLAVE COMBINADA CON CHICHARRA DE 18MM PROTO - Ref.JSCRM18 - Herramientas Industriales - Equipos de Seguridad - Solumeca.com\",\"isPartOf\":{\"@id\":\"https:\/\/solumeca.com\/#website\"},\"primaryImageOfPage\":{\"@id\":\"https:\/\/solumeca.com\/?product=llave-combinada-con-chicharra-de-18mm-proto-ref-jscrm18#primaryimage\"},\"image\":{\"@id\":\"https:\/\/solumeca.com\/?product=llave-combinada-con-chicharra-de-18mm-proto-ref-jscrm18#primaryimage\"},\"thumbnailUrl\":\"https:\/\/solumeca.com\/wp-content\/uploads\/2026\/03\/s-l1600-3.jpg\",\"datePublished\":\"2026-03-17T20:31:06+00:00\",\"dateModified\":\"2026-03-17T20:31:15+00:00\",\"breadcrumb\":{\"@id\":\"https:\/\/solumeca.com\/?product=llave-combinada-con-chicharra-de-18mm-proto-ref-jscrm18#breadcrumb\"},\"inLanguage\":\"es\",\"potentialAction\":[{\"@type\":\"ReadAction\",\"target\":[\"https:\/\/solumeca.com\/?product=llave-combinada-con-chicharra-de-18mm-proto-ref-jscrm18\"]}]},{\"@type\":\"ImageObject\",\"inLanguage\":\"es\",\"@id\":\"https:\/\/solumeca.com\/?product=llave-combinada-con-chicharra-de-18mm-proto-ref-jscrm18#primaryimage\",\"url\":\"https:\/\/solumeca.com\/wp-content\/uploads\/2026\/03\/s-l1600-3.jpg\",\"contentUrl\":\"https:\/\/solumeca.com\/wp-content\/uploads\/2026\/03\/s-l1600-3.jpg\",\"width\":1000,\"height\":1000},{\"@type\":\"BreadcrumbList\",\"@id\":\"https:\/\/solumeca.com\/?product=llave-combinada-con-chicharra-de-18mm-proto-ref-jscrm18#breadcrumb\",\"itemListElement\":[{\"@type\":\"ListItem\",\"position\":1,\"name\":\"Portada\",\"item\":\"https:\/\/solumeca.com\/\"},{\"@type\":\"ListItem\",\"position\":2,\"name\":\"Shop\",\"item\":\"https:\/\/solumeca.com\/?page_id=10\"},{\"@type\":\"ListItem\",\"position\":3,\"name\":\"LLAVE COMBINADA CON CHICHARRA DE 18MM PROTO &#8211; Ref.JSCRM18\"}]},{\"@type\":\"WebSite\",\"@id\":\"https:\/\/solumeca.com\/#website\",\"url\":\"https:\/\/solumeca.com\/\",\"name\":\"SOS Integral - Equipos de Seguridad - Herramientas Industriales\",\"description\":\"Equipos de Seguridad, Santo Domingo, Republica Dominicana, Herramientas Industriales,Tel.: (809) 274-3888 \/ Info@solumeca.com\",\"publisher\":{\"@id\":\"https:\/\/solumeca.com\/#organization\"},\"potentialAction\":[{\"@type\":\"SearchAction\",\"target\":{\"@type\":\"EntryPoint\",\"urlTemplate\":\"https:\/\/solumeca.com\/?s={search_term_string}\"},\"query-input\":\"required name=search_term_string\"}],\"inLanguage\":\"es\"},{\"@type\":\"Organization\",\"@id\":\"https:\/\/solumeca.com\/#organization\",\"name\":\"SOS Integral - Equipos de Seguridad - Herramientas Industriales\",\"url\":\"https:\/\/solumeca.com\/\",\"logo\":{\"@type\":\"ImageObject\",\"inLanguage\":\"es\",\"@id\":\"https:\/\/solumeca.com\/#\/schema\/logo\/image\/\",\"url\":\"https:\/\/solumeca.com\/wp-content\/uploads\/2024\/04\/equipos-de-seguridad-sos-2.png\",\"contentUrl\":\"https:\/\/solumeca.com\/wp-content\/uploads\/2024\/04\/equipos-de-seguridad-sos-2.png\",\"width\":600,\"height\":259,\"caption\":\"SOS Integral - Equipos de Seguridad - Herramientas Industriales\"},\"image\":{\"@id\":\"https:\/\/solumeca.com\/#\/schema\/logo\/image\/\"},\"sameAs\":[\"https:\/\/www.instagram.com\/sosintegralrd\/\"]}]}<\/script>\n<!-- \/ Yoast SEO Premium plugin. -->","yoast_head_json":{"title":"LLAVE COMBINADA CON CHICHARRA DE 18MM PROTO - Ref.JSCRM18 - Herramientas Industriales - Equipos de Seguridad - Solumeca.com","robots":{"index":"index","follow":"follow","max-snippet":"max-snippet:-1","max-image-preview":"max-image-preview:large","max-video-preview":"max-video-preview:-1"},"canonical":"https:\/\/solumeca.com\/?product=llave-combinada-con-chicharra-de-18mm-proto-ref-jscrm18","og_locale":"es_ES","og_type":"article","og_title":"LLAVE COMBINADA CON CHICHARRA DE 18MM PROTO - Ref.JSCRM18","og_description":"Las llaves de Spline M\u00e9trico se pueden utilizar en la m\u00e9trica 4, 6, 12 puntos, spline y sujetadores de Torx. Box end es contrasunk para una f\u00e1cil aplicaci\u00f3n al cierre. El dise\u00f1o de Spline se cre\u00f3 para su uso con pernos especiales de l\u00ednea de esp\u00e1rona que se utilizan cuando el peso y el tama\u00f1oRead More","og_url":"https:\/\/solumeca.com\/?product=llave-combinada-con-chicharra-de-18mm-proto-ref-jscrm18","og_site_name":"Herramientas Industriales - Equipos de Seguridad - Solumeca.com","article_modified_time":"2026-03-17T20:31:15+00:00","twitter_card":"summary_large_image","schema":{"@context":"https:\/\/schema.org","@graph":[{"@type":"WebPage","@id":"https:\/\/solumeca.com\/?product=llave-combinada-con-chicharra-de-18mm-proto-ref-jscrm18","url":"https:\/\/solumeca.com\/?product=llave-combinada-con-chicharra-de-18mm-proto-ref-jscrm18","name":"LLAVE COMBINADA CON CHICHARRA DE 18MM PROTO - Ref.JSCRM18 - Herramientas Industriales - Equipos de Seguridad - Solumeca.com","isPartOf":{"@id":"https:\/\/solumeca.com\/#website"},"primaryImageOfPage":{"@id":"https:\/\/solumeca.com\/?product=llave-combinada-con-chicharra-de-18mm-proto-ref-jscrm18#primaryimage"},"image":{"@id":"https:\/\/solumeca.com\/?product=llave-combinada-con-chicharra-de-18mm-proto-ref-jscrm18#primaryimage"},"thumbnailUrl":"https:\/\/solumeca.com\/wp-content\/uploads\/2026\/03\/s-l1600-3.jpg","datePublished":"2026-03-17T20:31:06+00:00","dateModified":"2026-03-17T20:31:15+00:00","breadcrumb":{"@id":"https:\/\/solumeca.com\/?product=llave-combinada-con-chicharra-de-18mm-proto-ref-jscrm18#breadcrumb"},"inLanguage":"es","potentialAction":[{"@type":"ReadAction","target":["https:\/\/solumeca.com\/?product=llave-combinada-con-chicharra-de-18mm-proto-ref-jscrm18"]}]},{"@type":"ImageObject","inLanguage":"es","@id":"https:\/\/solumeca.com\/?product=llave-combinada-con-chicharra-de-18mm-proto-ref-jscrm18#primaryimage","url":"https:\/\/solumeca.com\/wp-content\/uploads\/2026\/03\/s-l1600-3.jpg","contentUrl":"https:\/\/solumeca.com\/wp-content\/uploads\/2026\/03\/s-l1600-3.jpg","width":1000,"height":1000},{"@type":"BreadcrumbList","@id":"https:\/\/solumeca.com\/?product=llave-combinada-con-chicharra-de-18mm-proto-ref-jscrm18#breadcrumb","itemListElement":[{"@type":"ListItem","position":1,"name":"Portada","item":"https:\/\/solumeca.com\/"},{"@type":"ListItem","position":2,"name":"Shop","item":"https:\/\/solumeca.com\/?page_id=10"},{"@type":"ListItem","position":3,"name":"LLAVE COMBINADA CON CHICHARRA DE 18MM PROTO &#8211; Ref.JSCRM18"}]},{"@type":"WebSite","@id":"https:\/\/solumeca.com\/#website","url":"https:\/\/solumeca.com\/","name":"SOS Integral - Equipos de Seguridad - Herramientas Industriales","description":"Equipos de Seguridad, Santo Domingo, Republica Dominicana, Herramientas Industriales,Tel.: (809) 274-3888 \/ Info@solumeca.com","publisher":{"@id":"https:\/\/solumeca.com\/#organization"},"potentialAction":[{"@type":"SearchAction","target":{"@type":"EntryPoint","urlTemplate":"https:\/\/solumeca.com\/?s={search_term_string}"},"query-input":"required name=search_term_string"}],"inLanguage":"es"},{"@type":"Organization","@id":"https:\/\/solumeca.com\/#organization","name":"SOS Integral - Equipos de Seguridad - Herramientas Industriales","url":"https:\/\/solumeca.com\/","logo":{"@type":"ImageObject","inLanguage":"es","@id":"https:\/\/solumeca.com\/#\/schema\/logo\/image\/","url":"https:\/\/solumeca.com\/wp-content\/uploads\/2024\/04\/equipos-de-seguridad-sos-2.png","contentUrl":"https:\/\/solumeca.com\/wp-content\/uploads\/2024\/04\/equipos-de-seguridad-sos-2.png","width":600,"height":259,"caption":"SOS Integral - Equipos de Seguridad - Herramientas Industriales"},"image":{"@id":"https:\/\/solumeca.com\/#\/schema\/logo\/image\/"},"sameAs":["https:\/\/www.instagram.com\/sosintegralrd\/"]}]}},"_links":{"self":[{"href":"https:\/\/solumeca.com\/index.php?rest_route=\/wp\/v2\/product\/39249","targetHints":{"allow":["GET"]}}],"collection":[{"href":"https:\/\/solumeca.com\/index.php?rest_route=\/wp\/v2\/product"}],"about":[{"href":"https:\/\/solumeca.com\/index.php?rest_route=\/wp\/v2\/types\/product"}],"replies":[{"embeddable":true,"href":"https:\/\/solumeca.com\/index.php?rest_route=%2Fwp%2Fv2%2Fcomments&post=39249"}],"version-history":[{"count":1,"href":"https:\/\/solumeca.com\/index.php?rest_route=\/wp\/v2\/product\/39249\/revisions"}],"predecessor-version":[{"id":39279,"href":"https:\/\/solumeca.com\/index.php?rest_route=\/wp\/v2\/product\/39249\/revisions\/39279"}],"wp:featuredmedia":[{"embeddable":true,"href":"https:\/\/solumeca.com\/index.php?rest_route=\/wp\/v2\/media\/31664"}],"wp:attachment":[{"href":"https:\/\/solumeca.com\/index.php?rest_route=%2Fwp%2Fv2%2Fmedia&parent=39249"}],"wp:term":[{"taxonomy":"product_brand","embeddable":true,"href":"https:\/\/solumeca.com\/index.php?rest_route=%2Fwp%2Fv2%2Fproduct_brand&post=39249"},{"taxonomy":"product_cat","embeddable":true,"href":"https:\/\/solumeca.com\/index.php?rest_route=%2Fwp%2Fv2%2Fproduct_cat&post=39249"},{"taxonomy":"product_tag","embeddable":true,"href":"https:\/\/solumeca.com\/index.php?rest_route=%2Fwp%2Fv2%2Fproduct_tag&post=39249"}],"curies":[{"name":"wp","href":"https:\/\/api.w.org\/{rel}","templated":true}]}}