{"id":39183,"date":"2026-03-17T21:30:48","date_gmt":"2026-03-17T20:30:48","guid":{"rendered":"https:\/\/solumeca.com\/?post_type=product&#038;p=39183"},"modified":"2026-03-17T21:30:56","modified_gmt":"2026-03-17T20:30:56","slug":"tornillo-o-cancamo-de-1-proto-ref-j94029","status":"publish","type":"product","link":"https:\/\/solumeca.com\/?product=tornillo-o-cancamo-de-1-proto-ref-j94029","title":{"rendered":"TORNILLO O CANCAMO DE 1&#8243; PROTO &#8211; Ref.J94029"},"content":{"rendered":"<ul class=\"a-unordered-list a-vertical a-spacing-mini\">\n<li class=\"a-spacing-mini\"><span class=\"a-list-item\"> Las clasificaciones de carga m\u00e1xima para los pernos de ojo se reducen dr\u00e1sticamente cuando se carga en \u00e1ngulo <\/span><\/li>\n<li class=\"a-spacing-mini\"><span class=\"a-list-item\"> Las cargas angulares deben evitarse siempre que sea posible <\/span><\/li>\n<li class=\"a-spacing-mini\"><span class=\"a-list-item\"> Para cargas angulares de 15\u00b0 o m\u00e1s, consulte B18.15 <\/span><\/li>\n<li class=\"a-spacing-mini\"><span class=\"a-list-item\"> Certificado libre de mercurio <\/span><\/li>\n<\/ul>\n","protected":false},"excerpt":{"rendered":"<p>Las clasificaciones de carga m\u00e1xima para los pernos de ojo se reducen dr\u00e1sticamente cuando se carga en \u00e1ngulo Las cargas angulares deben evitarse siempre que sea posible Para cargas angulares de 15\u00b0 o m\u00e1s, consulte B18.15 Certificado libre de mercurio<\/p>\n","protected":false},"featured_media":31565,"comment_status":"closed","ping_status":"closed","template":"","meta":[],"product_brand":[],"product_cat":[372],"product_tag":[],"class_list":{"0":"post-39183","1":"product","2":"type-product","3":"status-publish","4":"has-post-thumbnail","6":"product_cat-proto","8":"first","9":"instock","10":"taxable","11":"shipping-taxable","12":"purchasable","13":"product-type-simple"},"yoast_head":"<!-- This site is optimized with the Yoast SEO Premium plugin v22.5 (Yoast SEO v22.6) - https:\/\/yoast.com\/wordpress\/plugins\/seo\/ -->\n<title>TORNILLO O CANCAMO DE 1&quot; PROTO - Ref.J94029 - Herramientas Industriales - Equipos de Seguridad - Solumeca.com<\/title>\n<meta name=\"robots\" content=\"index, follow, max-snippet:-1, max-image-preview:large, max-video-preview:-1\" \/>\n<link rel=\"canonical\" href=\"https:\/\/solumeca.com\/?product=tornillo-o-cancamo-de-1-proto-ref-j94029\" \/>\n<meta property=\"og:locale\" content=\"es_ES\" \/>\n<meta property=\"og:type\" content=\"article\" \/>\n<meta property=\"og:title\" content=\"TORNILLO O CANCAMO DE 1&quot; PROTO - Ref.J94029\" \/>\n<meta property=\"og:description\" content=\"Las clasificaciones de carga m\u00e1xima para los pernos de ojo se reducen dr\u00e1sticamente cuando se carga en \u00e1ngulo Las cargas angulares deben evitarse siempre que sea posible Para cargas angulares de 15\u00b0 o m\u00e1s, consulte B18.15 Certificado libre de mercurio\" \/>\n<meta property=\"og:url\" content=\"https:\/\/solumeca.com\/?product=tornillo-o-cancamo-de-1-proto-ref-j94029\" \/>\n<meta property=\"og:site_name\" content=\"Herramientas Industriales - Equipos de Seguridad - Solumeca.com\" \/>\n<meta property=\"article:modified_time\" content=\"2026-03-17T20:30:56+00:00\" \/>\n<meta name=\"twitter:card\" content=\"summary_large_image\" \/>\n<script type=\"application\/ld+json\" class=\"yoast-schema-graph\">{\"@context\":\"https:\/\/schema.org\",\"@graph\":[{\"@type\":\"WebPage\",\"@id\":\"https:\/\/solumeca.com\/?product=tornillo-o-cancamo-de-1-proto-ref-j94029\",\"url\":\"https:\/\/solumeca.com\/?product=tornillo-o-cancamo-de-1-proto-ref-j94029\",\"name\":\"TORNILLO O CANCAMO DE 1\\\" PROTO - Ref.J94029 - Herramientas Industriales - Equipos de Seguridad - Solumeca.com\",\"isPartOf\":{\"@id\":\"https:\/\/solumeca.com\/#website\"},\"primaryImageOfPage\":{\"@id\":\"https:\/\/solumeca.com\/?product=tornillo-o-cancamo-de-1-proto-ref-j94029#primaryimage\"},\"image\":{\"@id\":\"https:\/\/solumeca.com\/?product=tornillo-o-cancamo-de-1-proto-ref-j94029#primaryimage\"},\"thumbnailUrl\":\"https:\/\/solumeca.com\/wp-content\/uploads\/2026\/03\/cancamo.png\",\"datePublished\":\"2026-03-17T20:30:48+00:00\",\"dateModified\":\"2026-03-17T20:30:56+00:00\",\"breadcrumb\":{\"@id\":\"https:\/\/solumeca.com\/?product=tornillo-o-cancamo-de-1-proto-ref-j94029#breadcrumb\"},\"inLanguage\":\"es\",\"potentialAction\":[{\"@type\":\"ReadAction\",\"target\":[\"https:\/\/solumeca.com\/?product=tornillo-o-cancamo-de-1-proto-ref-j94029\"]}]},{\"@type\":\"ImageObject\",\"inLanguage\":\"es\",\"@id\":\"https:\/\/solumeca.com\/?product=tornillo-o-cancamo-de-1-proto-ref-j94029#primaryimage\",\"url\":\"https:\/\/solumeca.com\/wp-content\/uploads\/2026\/03\/cancamo.png\",\"contentUrl\":\"https:\/\/solumeca.com\/wp-content\/uploads\/2026\/03\/cancamo.png\",\"width\":800,\"height\":800},{\"@type\":\"BreadcrumbList\",\"@id\":\"https:\/\/solumeca.com\/?product=tornillo-o-cancamo-de-1-proto-ref-j94029#breadcrumb\",\"itemListElement\":[{\"@type\":\"ListItem\",\"position\":1,\"name\":\"Portada\",\"item\":\"https:\/\/solumeca.com\/\"},{\"@type\":\"ListItem\",\"position\":2,\"name\":\"Shop\",\"item\":\"https:\/\/solumeca.com\/?page_id=10\"},{\"@type\":\"ListItem\",\"position\":3,\"name\":\"TORNILLO O CANCAMO DE 1&#8243; PROTO &#8211; Ref.J94029\"}]},{\"@type\":\"WebSite\",\"@id\":\"https:\/\/solumeca.com\/#website\",\"url\":\"https:\/\/solumeca.com\/\",\"name\":\"SOS Integral - Equipos de Seguridad - Herramientas Industriales\",\"description\":\"Equipos de Seguridad, Santo Domingo, Republica Dominicana, Herramientas Industriales,Tel.: (809) 274-3888 \/ Info@solumeca.com\",\"publisher\":{\"@id\":\"https:\/\/solumeca.com\/#organization\"},\"potentialAction\":[{\"@type\":\"SearchAction\",\"target\":{\"@type\":\"EntryPoint\",\"urlTemplate\":\"https:\/\/solumeca.com\/?s={search_term_string}\"},\"query-input\":\"required name=search_term_string\"}],\"inLanguage\":\"es\"},{\"@type\":\"Organization\",\"@id\":\"https:\/\/solumeca.com\/#organization\",\"name\":\"SOS Integral - Equipos de Seguridad - Herramientas Industriales\",\"url\":\"https:\/\/solumeca.com\/\",\"logo\":{\"@type\":\"ImageObject\",\"inLanguage\":\"es\",\"@id\":\"https:\/\/solumeca.com\/#\/schema\/logo\/image\/\",\"url\":\"https:\/\/solumeca.com\/wp-content\/uploads\/2024\/04\/equipos-de-seguridad-sos-2.png\",\"contentUrl\":\"https:\/\/solumeca.com\/wp-content\/uploads\/2024\/04\/equipos-de-seguridad-sos-2.png\",\"width\":600,\"height\":259,\"caption\":\"SOS Integral - Equipos de Seguridad - Herramientas Industriales\"},\"image\":{\"@id\":\"https:\/\/solumeca.com\/#\/schema\/logo\/image\/\"},\"sameAs\":[\"https:\/\/www.instagram.com\/sosintegralrd\/\"]}]}<\/script>\n<!-- \/ Yoast SEO Premium plugin. -->","yoast_head_json":{"title":"TORNILLO O CANCAMO DE 1\" PROTO - Ref.J94029 - Herramientas Industriales - Equipos de Seguridad - Solumeca.com","robots":{"index":"index","follow":"follow","max-snippet":"max-snippet:-1","max-image-preview":"max-image-preview:large","max-video-preview":"max-video-preview:-1"},"canonical":"https:\/\/solumeca.com\/?product=tornillo-o-cancamo-de-1-proto-ref-j94029","og_locale":"es_ES","og_type":"article","og_title":"TORNILLO O CANCAMO DE 1\" PROTO - Ref.J94029","og_description":"Las clasificaciones de carga m\u00e1xima para los pernos de ojo se reducen dr\u00e1sticamente cuando se carga en \u00e1ngulo Las cargas angulares deben evitarse siempre que sea posible Para cargas angulares de 15\u00b0 o m\u00e1s, consulte B18.15 Certificado libre de mercurio","og_url":"https:\/\/solumeca.com\/?product=tornillo-o-cancamo-de-1-proto-ref-j94029","og_site_name":"Herramientas Industriales - Equipos de Seguridad - Solumeca.com","article_modified_time":"2026-03-17T20:30:56+00:00","twitter_card":"summary_large_image","schema":{"@context":"https:\/\/schema.org","@graph":[{"@type":"WebPage","@id":"https:\/\/solumeca.com\/?product=tornillo-o-cancamo-de-1-proto-ref-j94029","url":"https:\/\/solumeca.com\/?product=tornillo-o-cancamo-de-1-proto-ref-j94029","name":"TORNILLO O CANCAMO DE 1\" PROTO - Ref.J94029 - Herramientas Industriales - Equipos de Seguridad - Solumeca.com","isPartOf":{"@id":"https:\/\/solumeca.com\/#website"},"primaryImageOfPage":{"@id":"https:\/\/solumeca.com\/?product=tornillo-o-cancamo-de-1-proto-ref-j94029#primaryimage"},"image":{"@id":"https:\/\/solumeca.com\/?product=tornillo-o-cancamo-de-1-proto-ref-j94029#primaryimage"},"thumbnailUrl":"https:\/\/solumeca.com\/wp-content\/uploads\/2026\/03\/cancamo.png","datePublished":"2026-03-17T20:30:48+00:00","dateModified":"2026-03-17T20:30:56+00:00","breadcrumb":{"@id":"https:\/\/solumeca.com\/?product=tornillo-o-cancamo-de-1-proto-ref-j94029#breadcrumb"},"inLanguage":"es","potentialAction":[{"@type":"ReadAction","target":["https:\/\/solumeca.com\/?product=tornillo-o-cancamo-de-1-proto-ref-j94029"]}]},{"@type":"ImageObject","inLanguage":"es","@id":"https:\/\/solumeca.com\/?product=tornillo-o-cancamo-de-1-proto-ref-j94029#primaryimage","url":"https:\/\/solumeca.com\/wp-content\/uploads\/2026\/03\/cancamo.png","contentUrl":"https:\/\/solumeca.com\/wp-content\/uploads\/2026\/03\/cancamo.png","width":800,"height":800},{"@type":"BreadcrumbList","@id":"https:\/\/solumeca.com\/?product=tornillo-o-cancamo-de-1-proto-ref-j94029#breadcrumb","itemListElement":[{"@type":"ListItem","position":1,"name":"Portada","item":"https:\/\/solumeca.com\/"},{"@type":"ListItem","position":2,"name":"Shop","item":"https:\/\/solumeca.com\/?page_id=10"},{"@type":"ListItem","position":3,"name":"TORNILLO O CANCAMO DE 1&#8243; PROTO &#8211; Ref.J94029"}]},{"@type":"WebSite","@id":"https:\/\/solumeca.com\/#website","url":"https:\/\/solumeca.com\/","name":"SOS Integral - Equipos de Seguridad - Herramientas Industriales","description":"Equipos de Seguridad, Santo Domingo, Republica Dominicana, Herramientas Industriales,Tel.: (809) 274-3888 \/ Info@solumeca.com","publisher":{"@id":"https:\/\/solumeca.com\/#organization"},"potentialAction":[{"@type":"SearchAction","target":{"@type":"EntryPoint","urlTemplate":"https:\/\/solumeca.com\/?s={search_term_string}"},"query-input":"required name=search_term_string"}],"inLanguage":"es"},{"@type":"Organization","@id":"https:\/\/solumeca.com\/#organization","name":"SOS Integral - Equipos de Seguridad - Herramientas Industriales","url":"https:\/\/solumeca.com\/","logo":{"@type":"ImageObject","inLanguage":"es","@id":"https:\/\/solumeca.com\/#\/schema\/logo\/image\/","url":"https:\/\/solumeca.com\/wp-content\/uploads\/2024\/04\/equipos-de-seguridad-sos-2.png","contentUrl":"https:\/\/solumeca.com\/wp-content\/uploads\/2024\/04\/equipos-de-seguridad-sos-2.png","width":600,"height":259,"caption":"SOS Integral - Equipos de Seguridad - Herramientas Industriales"},"image":{"@id":"https:\/\/solumeca.com\/#\/schema\/logo\/image\/"},"sameAs":["https:\/\/www.instagram.com\/sosintegralrd\/"]}]}},"_links":{"self":[{"href":"https:\/\/solumeca.com\/index.php?rest_route=\/wp\/v2\/product\/39183","targetHints":{"allow":["GET"]}}],"collection":[{"href":"https:\/\/solumeca.com\/index.php?rest_route=\/wp\/v2\/product"}],"about":[{"href":"https:\/\/solumeca.com\/index.php?rest_route=\/wp\/v2\/types\/product"}],"replies":[{"embeddable":true,"href":"https:\/\/solumeca.com\/index.php?rest_route=%2Fwp%2Fv2%2Fcomments&post=39183"}],"version-history":[{"count":1,"href":"https:\/\/solumeca.com\/index.php?rest_route=\/wp\/v2\/product\/39183\/revisions"}],"predecessor-version":[{"id":39213,"href":"https:\/\/solumeca.com\/index.php?rest_route=\/wp\/v2\/product\/39183\/revisions\/39213"}],"wp:featuredmedia":[{"embeddable":true,"href":"https:\/\/solumeca.com\/index.php?rest_route=\/wp\/v2\/media\/31565"}],"wp:attachment":[{"href":"https:\/\/solumeca.com\/index.php?rest_route=%2Fwp%2Fv2%2Fmedia&parent=39183"}],"wp:term":[{"taxonomy":"product_brand","embeddable":true,"href":"https:\/\/solumeca.com\/index.php?rest_route=%2Fwp%2Fv2%2Fproduct_brand&post=39183"},{"taxonomy":"product_cat","embeddable":true,"href":"https:\/\/solumeca.com\/index.php?rest_route=%2Fwp%2Fv2%2Fproduct_cat&post=39183"},{"taxonomy":"product_tag","embeddable":true,"href":"https:\/\/solumeca.com\/index.php?rest_route=%2Fwp%2Fv2%2Fproduct_tag&post=39183"}],"curies":[{"name":"wp","href":"https:\/\/api.w.org\/{rel}","templated":true}]}}