{"id":37155,"date":"2026-03-17T21:16:52","date_gmt":"2026-03-17T20:16:52","guid":{"rendered":"https:\/\/solumeca.com\/?post_type=product&#038;p=37155"},"modified":"2026-03-17T21:17:01","modified_gmt":"2026-03-17T20:17:01","slug":"juego-5-cinceles-plano-de-1-4-a-1-2-urrea-ref-86c","status":"publish","type":"product","link":"https:\/\/solumeca.com\/?product=juego-5-cinceles-plano-de-1-4-a-1-2-urrea-ref-86c","title":{"rendered":"JUEGO 5 CINCELES PLANO DE  1\/4&#8243; A 1\/2&#8243;  URREA &#8211; Ref.86C"},"content":{"rendered":"","protected":false},"excerpt":{"rendered":"<div id=\"product-description-short-8606\" class=\"product-description-short\">\n<ul>\n<li>Juego de 5 cinceles 1\/4&#8243;* 1\/2&#8243; Urrea<\/li>\n<li>Fabricados en acero microaleado para mayor resistencia.<\/li>\n<li>El extremo contrario a la punta est\u00e1 dise\u00f1ado para soportar los golpes.<\/li>\n<li>Dise\u00f1ada para remover materiales fr\u00edos como el hierro, lat\u00f3n, bronce y acero.<\/li>\n<li>Punta m\u00e1s ancha que el cuerpo.<\/li>\n<\/ul>\n<\/div>\n","protected":false},"featured_media":28728,"comment_status":"closed","ping_status":"closed","template":"","meta":[],"product_brand":[],"product_cat":[371],"product_tag":[],"class_list":{"0":"post-37155","1":"product","2":"type-product","3":"status-publish","4":"has-post-thumbnail","6":"product_cat-urrea","8":"first","9":"instock","10":"taxable","11":"shipping-taxable","12":"purchasable","13":"product-type-simple"},"yoast_head":"<!-- This site is optimized with the Yoast SEO Premium plugin v22.5 (Yoast SEO v22.6) - https:\/\/yoast.com\/wordpress\/plugins\/seo\/ -->\n<title>JUEGO 5 CINCELES PLANO DE 1\/4&quot; A 1\/2&quot; URREA - Ref.86C - Herramientas Industriales - Equipos de Seguridad - Solumeca.com<\/title>\n<meta name=\"robots\" content=\"index, follow, max-snippet:-1, max-image-preview:large, max-video-preview:-1\" \/>\n<link rel=\"canonical\" href=\"https:\/\/solumeca.com\/?product=juego-5-cinceles-plano-de-1-4-a-1-2-urrea-ref-86c\" \/>\n<meta property=\"og:locale\" content=\"es_ES\" \/>\n<meta property=\"og:type\" content=\"article\" \/>\n<meta property=\"og:title\" content=\"JUEGO 5 CINCELES PLANO DE 1\/4&quot; A 1\/2&quot; URREA - Ref.86C\" \/>\n<meta property=\"og:description\" content=\"Juego de 5 cinceles 1\/4&quot;* 1\/2&quot; Urrea  Fabricados en acero microaleado para mayor resistencia.  El extremo contrario a la punta est\u00e1 dise\u00f1ado para soportar los golpes.  Dise\u00f1ada para remover materiales fr\u00edos como el hierro, lat\u00f3n, bronce y acero.  Punta m\u00e1s ancha que el cuerpo.\" \/>\n<meta property=\"og:url\" content=\"https:\/\/solumeca.com\/?product=juego-5-cinceles-plano-de-1-4-a-1-2-urrea-ref-86c\" \/>\n<meta property=\"og:site_name\" content=\"Herramientas Industriales - Equipos de Seguridad - Solumeca.com\" \/>\n<meta property=\"article:modified_time\" content=\"2026-03-17T20:17:01+00:00\" \/>\n<meta name=\"twitter:card\" content=\"summary_large_image\" \/>\n<script type=\"application\/ld+json\" class=\"yoast-schema-graph\">{\"@context\":\"https:\/\/schema.org\",\"@graph\":[{\"@type\":\"WebPage\",\"@id\":\"https:\/\/solumeca.com\/?product=juego-5-cinceles-plano-de-1-4-a-1-2-urrea-ref-86c\",\"url\":\"https:\/\/solumeca.com\/?product=juego-5-cinceles-plano-de-1-4-a-1-2-urrea-ref-86c\",\"name\":\"JUEGO 5 CINCELES PLANO DE 1\/4\\\" A 1\/2\\\" URREA - Ref.86C - Herramientas Industriales - Equipos de Seguridad - Solumeca.com\",\"isPartOf\":{\"@id\":\"https:\/\/solumeca.com\/#website\"},\"primaryImageOfPage\":{\"@id\":\"https:\/\/solumeca.com\/?product=juego-5-cinceles-plano-de-1-4-a-1-2-urrea-ref-86c#primaryimage\"},\"image\":{\"@id\":\"https:\/\/solumeca.com\/?product=juego-5-cinceles-plano-de-1-4-a-1-2-urrea-ref-86c#primaryimage\"},\"thumbnailUrl\":\"https:\/\/solumeca.com\/wp-content\/uploads\/2026\/03\/13.jpg\",\"datePublished\":\"2026-03-17T20:16:52+00:00\",\"dateModified\":\"2026-03-17T20:17:01+00:00\",\"breadcrumb\":{\"@id\":\"https:\/\/solumeca.com\/?product=juego-5-cinceles-plano-de-1-4-a-1-2-urrea-ref-86c#breadcrumb\"},\"inLanguage\":\"es\",\"potentialAction\":[{\"@type\":\"ReadAction\",\"target\":[\"https:\/\/solumeca.com\/?product=juego-5-cinceles-plano-de-1-4-a-1-2-urrea-ref-86c\"]}]},{\"@type\":\"ImageObject\",\"inLanguage\":\"es\",\"@id\":\"https:\/\/solumeca.com\/?product=juego-5-cinceles-plano-de-1-4-a-1-2-urrea-ref-86c#primaryimage\",\"url\":\"https:\/\/solumeca.com\/wp-content\/uploads\/2026\/03\/13.jpg\",\"contentUrl\":\"https:\/\/solumeca.com\/wp-content\/uploads\/2026\/03\/13.jpg\",\"width\":800,\"height\":800},{\"@type\":\"BreadcrumbList\",\"@id\":\"https:\/\/solumeca.com\/?product=juego-5-cinceles-plano-de-1-4-a-1-2-urrea-ref-86c#breadcrumb\",\"itemListElement\":[{\"@type\":\"ListItem\",\"position\":1,\"name\":\"Portada\",\"item\":\"https:\/\/solumeca.com\/\"},{\"@type\":\"ListItem\",\"position\":2,\"name\":\"Shop\",\"item\":\"https:\/\/solumeca.com\/?page_id=10\"},{\"@type\":\"ListItem\",\"position\":3,\"name\":\"JUEGO 5 CINCELES PLANO DE 1\/4&#8243; A 1\/2&#8243; URREA &#8211; Ref.86C\"}]},{\"@type\":\"WebSite\",\"@id\":\"https:\/\/solumeca.com\/#website\",\"url\":\"https:\/\/solumeca.com\/\",\"name\":\"SOS Integral - Equipos de Seguridad - Herramientas Industriales\",\"description\":\"Equipos de Seguridad, Santo Domingo, Republica Dominicana, Herramientas Industriales,Tel.: (809) 274-3888 \/ Info@solumeca.com\",\"publisher\":{\"@id\":\"https:\/\/solumeca.com\/#organization\"},\"potentialAction\":[{\"@type\":\"SearchAction\",\"target\":{\"@type\":\"EntryPoint\",\"urlTemplate\":\"https:\/\/solumeca.com\/?s={search_term_string}\"},\"query-input\":\"required name=search_term_string\"}],\"inLanguage\":\"es\"},{\"@type\":\"Organization\",\"@id\":\"https:\/\/solumeca.com\/#organization\",\"name\":\"SOS Integral - Equipos de Seguridad - Herramientas Industriales\",\"url\":\"https:\/\/solumeca.com\/\",\"logo\":{\"@type\":\"ImageObject\",\"inLanguage\":\"es\",\"@id\":\"https:\/\/solumeca.com\/#\/schema\/logo\/image\/\",\"url\":\"https:\/\/solumeca.com\/wp-content\/uploads\/2024\/04\/equipos-de-seguridad-sos-2.png\",\"contentUrl\":\"https:\/\/solumeca.com\/wp-content\/uploads\/2024\/04\/equipos-de-seguridad-sos-2.png\",\"width\":600,\"height\":259,\"caption\":\"SOS Integral - Equipos de Seguridad - Herramientas Industriales\"},\"image\":{\"@id\":\"https:\/\/solumeca.com\/#\/schema\/logo\/image\/\"},\"sameAs\":[\"https:\/\/www.instagram.com\/sosintegralrd\/\"]}]}<\/script>\n<!-- \/ Yoast SEO Premium plugin. -->","yoast_head_json":{"title":"JUEGO 5 CINCELES PLANO DE 1\/4\" A 1\/2\" URREA - Ref.86C - Herramientas Industriales - Equipos de Seguridad - Solumeca.com","robots":{"index":"index","follow":"follow","max-snippet":"max-snippet:-1","max-image-preview":"max-image-preview:large","max-video-preview":"max-video-preview:-1"},"canonical":"https:\/\/solumeca.com\/?product=juego-5-cinceles-plano-de-1-4-a-1-2-urrea-ref-86c","og_locale":"es_ES","og_type":"article","og_title":"JUEGO 5 CINCELES PLANO DE 1\/4\" A 1\/2\" URREA - Ref.86C","og_description":"Juego de 5 cinceles 1\/4\"* 1\/2\" Urrea  Fabricados en acero microaleado para mayor resistencia.  El extremo contrario a la punta est\u00e1 dise\u00f1ado para soportar los golpes.  Dise\u00f1ada para remover materiales fr\u00edos como el hierro, lat\u00f3n, bronce y acero.  Punta m\u00e1s ancha que el cuerpo.","og_url":"https:\/\/solumeca.com\/?product=juego-5-cinceles-plano-de-1-4-a-1-2-urrea-ref-86c","og_site_name":"Herramientas Industriales - Equipos de Seguridad - Solumeca.com","article_modified_time":"2026-03-17T20:17:01+00:00","twitter_card":"summary_large_image","schema":{"@context":"https:\/\/schema.org","@graph":[{"@type":"WebPage","@id":"https:\/\/solumeca.com\/?product=juego-5-cinceles-plano-de-1-4-a-1-2-urrea-ref-86c","url":"https:\/\/solumeca.com\/?product=juego-5-cinceles-plano-de-1-4-a-1-2-urrea-ref-86c","name":"JUEGO 5 CINCELES PLANO DE 1\/4\" A 1\/2\" URREA - Ref.86C - Herramientas Industriales - Equipos de Seguridad - Solumeca.com","isPartOf":{"@id":"https:\/\/solumeca.com\/#website"},"primaryImageOfPage":{"@id":"https:\/\/solumeca.com\/?product=juego-5-cinceles-plano-de-1-4-a-1-2-urrea-ref-86c#primaryimage"},"image":{"@id":"https:\/\/solumeca.com\/?product=juego-5-cinceles-plano-de-1-4-a-1-2-urrea-ref-86c#primaryimage"},"thumbnailUrl":"https:\/\/solumeca.com\/wp-content\/uploads\/2026\/03\/13.jpg","datePublished":"2026-03-17T20:16:52+00:00","dateModified":"2026-03-17T20:17:01+00:00","breadcrumb":{"@id":"https:\/\/solumeca.com\/?product=juego-5-cinceles-plano-de-1-4-a-1-2-urrea-ref-86c#breadcrumb"},"inLanguage":"es","potentialAction":[{"@type":"ReadAction","target":["https:\/\/solumeca.com\/?product=juego-5-cinceles-plano-de-1-4-a-1-2-urrea-ref-86c"]}]},{"@type":"ImageObject","inLanguage":"es","@id":"https:\/\/solumeca.com\/?product=juego-5-cinceles-plano-de-1-4-a-1-2-urrea-ref-86c#primaryimage","url":"https:\/\/solumeca.com\/wp-content\/uploads\/2026\/03\/13.jpg","contentUrl":"https:\/\/solumeca.com\/wp-content\/uploads\/2026\/03\/13.jpg","width":800,"height":800},{"@type":"BreadcrumbList","@id":"https:\/\/solumeca.com\/?product=juego-5-cinceles-plano-de-1-4-a-1-2-urrea-ref-86c#breadcrumb","itemListElement":[{"@type":"ListItem","position":1,"name":"Portada","item":"https:\/\/solumeca.com\/"},{"@type":"ListItem","position":2,"name":"Shop","item":"https:\/\/solumeca.com\/?page_id=10"},{"@type":"ListItem","position":3,"name":"JUEGO 5 CINCELES PLANO DE 1\/4&#8243; A 1\/2&#8243; URREA &#8211; Ref.86C"}]},{"@type":"WebSite","@id":"https:\/\/solumeca.com\/#website","url":"https:\/\/solumeca.com\/","name":"SOS Integral - Equipos de Seguridad - Herramientas Industriales","description":"Equipos de Seguridad, Santo Domingo, Republica Dominicana, Herramientas Industriales,Tel.: (809) 274-3888 \/ Info@solumeca.com","publisher":{"@id":"https:\/\/solumeca.com\/#organization"},"potentialAction":[{"@type":"SearchAction","target":{"@type":"EntryPoint","urlTemplate":"https:\/\/solumeca.com\/?s={search_term_string}"},"query-input":"required name=search_term_string"}],"inLanguage":"es"},{"@type":"Organization","@id":"https:\/\/solumeca.com\/#organization","name":"SOS Integral - Equipos de Seguridad - Herramientas Industriales","url":"https:\/\/solumeca.com\/","logo":{"@type":"ImageObject","inLanguage":"es","@id":"https:\/\/solumeca.com\/#\/schema\/logo\/image\/","url":"https:\/\/solumeca.com\/wp-content\/uploads\/2024\/04\/equipos-de-seguridad-sos-2.png","contentUrl":"https:\/\/solumeca.com\/wp-content\/uploads\/2024\/04\/equipos-de-seguridad-sos-2.png","width":600,"height":259,"caption":"SOS Integral - Equipos de Seguridad - Herramientas Industriales"},"image":{"@id":"https:\/\/solumeca.com\/#\/schema\/logo\/image\/"},"sameAs":["https:\/\/www.instagram.com\/sosintegralrd\/"]}]}},"_links":{"self":[{"href":"https:\/\/solumeca.com\/index.php?rest_route=\/wp\/v2\/product\/37155","targetHints":{"allow":["GET"]}}],"collection":[{"href":"https:\/\/solumeca.com\/index.php?rest_route=\/wp\/v2\/product"}],"about":[{"href":"https:\/\/solumeca.com\/index.php?rest_route=\/wp\/v2\/types\/product"}],"replies":[{"embeddable":true,"href":"https:\/\/solumeca.com\/index.php?rest_route=%2Fwp%2Fv2%2Fcomments&post=37155"}],"version-history":[{"count":1,"href":"https:\/\/solumeca.com\/index.php?rest_route=\/wp\/v2\/product\/37155\/revisions"}],"predecessor-version":[{"id":37185,"href":"https:\/\/solumeca.com\/index.php?rest_route=\/wp\/v2\/product\/37155\/revisions\/37185"}],"wp:featuredmedia":[{"embeddable":true,"href":"https:\/\/solumeca.com\/index.php?rest_route=\/wp\/v2\/media\/28728"}],"wp:attachment":[{"href":"https:\/\/solumeca.com\/index.php?rest_route=%2Fwp%2Fv2%2Fmedia&parent=37155"}],"wp:term":[{"taxonomy":"product_brand","embeddable":true,"href":"https:\/\/solumeca.com\/index.php?rest_route=%2Fwp%2Fv2%2Fproduct_brand&post=37155"},{"taxonomy":"product_cat","embeddable":true,"href":"https:\/\/solumeca.com\/index.php?rest_route=%2Fwp%2Fv2%2Fproduct_cat&post=37155"},{"taxonomy":"product_tag","embeddable":true,"href":"https:\/\/solumeca.com\/index.php?rest_route=%2Fwp%2Fv2%2Fproduct_tag&post=37155"}],"curies":[{"name":"wp","href":"https:\/\/api.w.org\/{rel}","templated":true}]}}