{"id":33931,"date":"2026-03-17T20:54:00","date_gmt":"2026-03-17T19:54:00","guid":{"rendered":"https:\/\/solumeca.com\/?post_type=product&#038;p=33931"},"modified":"2026-03-17T20:54:10","modified_gmt":"2026-03-17T19:54:10","slug":"cincel-plano-de-5-8-x-6-surtek-117122","status":"publish","type":"product","link":"https:\/\/solumeca.com\/?product=cincel-plano-de-5-8-x-6-surtek-117122","title":{"rendered":"CINCEL PLANO DE 5\/8&#8243; X 6&#8243; SURTEK &#8211; 117122"},"content":{"rendered":"","protected":false},"excerpt":{"rendered":"<div class=\"richContent-root-2XB\">\n<ul>\n<li>Fabricado en acero alta resistencia<\/li>\n<li>Dise\u00f1ados para remover, cortar o romper materiales con una dureza menor a la del cincel tal es el caso del concreto, piedra, escoria de soldadura, lat\u00f3n, acero sin tratar, tuercas, tornillos, pernos etc<\/li>\n<li>Ba\u00f1o especial anticorrosi\u00f3n<\/li>\n<\/ul>\n<\/div>\n","protected":false},"featured_media":22786,"comment_status":"closed","ping_status":"closed","template":"","meta":[],"product_brand":[],"product_cat":[355],"product_tag":[],"class_list":{"0":"post-33931","1":"product","2":"type-product","3":"status-publish","4":"has-post-thumbnail","6":"product_cat-surtek","8":"first","9":"instock","10":"taxable","11":"shipping-taxable","12":"purchasable","13":"product-type-simple"},"yoast_head":"<!-- This site is optimized with the Yoast SEO Premium plugin v22.5 (Yoast SEO v22.6) - https:\/\/yoast.com\/wordpress\/plugins\/seo\/ -->\n<title>CINCEL PLANO DE 5\/8&quot; X 6&quot; SURTEK - 117122 - Herramientas Industriales - Equipos de Seguridad - Solumeca.com<\/title>\n<meta name=\"robots\" content=\"index, follow, max-snippet:-1, max-image-preview:large, max-video-preview:-1\" \/>\n<link rel=\"canonical\" href=\"https:\/\/solumeca.com\/?product=cincel-plano-de-5-8-x-6-surtek-117122\" \/>\n<meta property=\"og:locale\" content=\"es_ES\" \/>\n<meta property=\"og:type\" content=\"article\" \/>\n<meta property=\"og:title\" content=\"CINCEL PLANO DE 5\/8&quot; X 6&quot; SURTEK - 117122\" \/>\n<meta property=\"og:description\" content=\"Fabricado en acero alta resistencia  Dise\u00f1ados para remover, cortar o romper materiales con una dureza menor a la del cincel tal es el caso del concreto, piedra, escoria de soldadura, lat\u00f3n, acero sin tratar, tuercas, tornillos, pernos etc  Ba\u00f1o especial anticorrosi\u00f3n\" \/>\n<meta property=\"og:url\" content=\"https:\/\/solumeca.com\/?product=cincel-plano-de-5-8-x-6-surtek-117122\" \/>\n<meta property=\"og:site_name\" content=\"Herramientas Industriales - Equipos de Seguridad - Solumeca.com\" \/>\n<meta property=\"article:modified_time\" content=\"2026-03-17T19:54:10+00:00\" \/>\n<meta name=\"twitter:card\" content=\"summary_large_image\" \/>\n<script type=\"application\/ld+json\" class=\"yoast-schema-graph\">{\"@context\":\"https:\/\/schema.org\",\"@graph\":[{\"@type\":\"WebPage\",\"@id\":\"https:\/\/solumeca.com\/?product=cincel-plano-de-5-8-x-6-surtek-117122\",\"url\":\"https:\/\/solumeca.com\/?product=cincel-plano-de-5-8-x-6-surtek-117122\",\"name\":\"CINCEL PLANO DE 5\/8\\\" X 6\\\" SURTEK - 117122 - Herramientas Industriales - Equipos de Seguridad - Solumeca.com\",\"isPartOf\":{\"@id\":\"https:\/\/solumeca.com\/#website\"},\"primaryImageOfPage\":{\"@id\":\"https:\/\/solumeca.com\/?product=cincel-plano-de-5-8-x-6-surtek-117122#primaryimage\"},\"image\":{\"@id\":\"https:\/\/solumeca.com\/?product=cincel-plano-de-5-8-x-6-surtek-117122#primaryimage\"},\"thumbnailUrl\":\"https:\/\/solumeca.com\/wp-content\/uploads\/2026\/03\/117122.webp\",\"datePublished\":\"2026-03-17T19:54:00+00:00\",\"dateModified\":\"2026-03-17T19:54:10+00:00\",\"breadcrumb\":{\"@id\":\"https:\/\/solumeca.com\/?product=cincel-plano-de-5-8-x-6-surtek-117122#breadcrumb\"},\"inLanguage\":\"es\",\"potentialAction\":[{\"@type\":\"ReadAction\",\"target\":[\"https:\/\/solumeca.com\/?product=cincel-plano-de-5-8-x-6-surtek-117122\"]}]},{\"@type\":\"ImageObject\",\"inLanguage\":\"es\",\"@id\":\"https:\/\/solumeca.com\/?product=cincel-plano-de-5-8-x-6-surtek-117122#primaryimage\",\"url\":\"https:\/\/solumeca.com\/wp-content\/uploads\/2026\/03\/117122.webp\",\"contentUrl\":\"https:\/\/solumeca.com\/wp-content\/uploads\/2026\/03\/117122.webp\",\"width\":1000,\"height\":1000},{\"@type\":\"BreadcrumbList\",\"@id\":\"https:\/\/solumeca.com\/?product=cincel-plano-de-5-8-x-6-surtek-117122#breadcrumb\",\"itemListElement\":[{\"@type\":\"ListItem\",\"position\":1,\"name\":\"Portada\",\"item\":\"https:\/\/solumeca.com\/\"},{\"@type\":\"ListItem\",\"position\":2,\"name\":\"Shop\",\"item\":\"https:\/\/solumeca.com\/?page_id=10\"},{\"@type\":\"ListItem\",\"position\":3,\"name\":\"CINCEL PLANO DE 5\/8&#8243; X 6&#8243; SURTEK &#8211; 117122\"}]},{\"@type\":\"WebSite\",\"@id\":\"https:\/\/solumeca.com\/#website\",\"url\":\"https:\/\/solumeca.com\/\",\"name\":\"SOS Integral - Equipos de Seguridad - Herramientas Industriales\",\"description\":\"Equipos de Seguridad, Santo Domingo, Republica Dominicana, Herramientas Industriales,Tel.: (809) 274-3888 \/ Info@solumeca.com\",\"publisher\":{\"@id\":\"https:\/\/solumeca.com\/#organization\"},\"potentialAction\":[{\"@type\":\"SearchAction\",\"target\":{\"@type\":\"EntryPoint\",\"urlTemplate\":\"https:\/\/solumeca.com\/?s={search_term_string}\"},\"query-input\":\"required name=search_term_string\"}],\"inLanguage\":\"es\"},{\"@type\":\"Organization\",\"@id\":\"https:\/\/solumeca.com\/#organization\",\"name\":\"SOS Integral - Equipos de Seguridad - Herramientas Industriales\",\"url\":\"https:\/\/solumeca.com\/\",\"logo\":{\"@type\":\"ImageObject\",\"inLanguage\":\"es\",\"@id\":\"https:\/\/solumeca.com\/#\/schema\/logo\/image\/\",\"url\":\"https:\/\/solumeca.com\/wp-content\/uploads\/2024\/04\/equipos-de-seguridad-sos-2.png\",\"contentUrl\":\"https:\/\/solumeca.com\/wp-content\/uploads\/2024\/04\/equipos-de-seguridad-sos-2.png\",\"width\":600,\"height\":259,\"caption\":\"SOS Integral - Equipos de Seguridad - Herramientas Industriales\"},\"image\":{\"@id\":\"https:\/\/solumeca.com\/#\/schema\/logo\/image\/\"},\"sameAs\":[\"https:\/\/www.instagram.com\/sosintegralrd\/\"]}]}<\/script>\n<!-- \/ Yoast SEO Premium plugin. -->","yoast_head_json":{"title":"CINCEL PLANO DE 5\/8\" X 6\" SURTEK - 117122 - Herramientas Industriales - Equipos de Seguridad - Solumeca.com","robots":{"index":"index","follow":"follow","max-snippet":"max-snippet:-1","max-image-preview":"max-image-preview:large","max-video-preview":"max-video-preview:-1"},"canonical":"https:\/\/solumeca.com\/?product=cincel-plano-de-5-8-x-6-surtek-117122","og_locale":"es_ES","og_type":"article","og_title":"CINCEL PLANO DE 5\/8\" X 6\" SURTEK - 117122","og_description":"Fabricado en acero alta resistencia  Dise\u00f1ados para remover, cortar o romper materiales con una dureza menor a la del cincel tal es el caso del concreto, piedra, escoria de soldadura, lat\u00f3n, acero sin tratar, tuercas, tornillos, pernos etc  Ba\u00f1o especial anticorrosi\u00f3n","og_url":"https:\/\/solumeca.com\/?product=cincel-plano-de-5-8-x-6-surtek-117122","og_site_name":"Herramientas Industriales - Equipos de Seguridad - Solumeca.com","article_modified_time":"2026-03-17T19:54:10+00:00","twitter_card":"summary_large_image","schema":{"@context":"https:\/\/schema.org","@graph":[{"@type":"WebPage","@id":"https:\/\/solumeca.com\/?product=cincel-plano-de-5-8-x-6-surtek-117122","url":"https:\/\/solumeca.com\/?product=cincel-plano-de-5-8-x-6-surtek-117122","name":"CINCEL PLANO DE 5\/8\" X 6\" SURTEK - 117122 - Herramientas Industriales - Equipos de Seguridad - Solumeca.com","isPartOf":{"@id":"https:\/\/solumeca.com\/#website"},"primaryImageOfPage":{"@id":"https:\/\/solumeca.com\/?product=cincel-plano-de-5-8-x-6-surtek-117122#primaryimage"},"image":{"@id":"https:\/\/solumeca.com\/?product=cincel-plano-de-5-8-x-6-surtek-117122#primaryimage"},"thumbnailUrl":"https:\/\/solumeca.com\/wp-content\/uploads\/2026\/03\/117122.webp","datePublished":"2026-03-17T19:54:00+00:00","dateModified":"2026-03-17T19:54:10+00:00","breadcrumb":{"@id":"https:\/\/solumeca.com\/?product=cincel-plano-de-5-8-x-6-surtek-117122#breadcrumb"},"inLanguage":"es","potentialAction":[{"@type":"ReadAction","target":["https:\/\/solumeca.com\/?product=cincel-plano-de-5-8-x-6-surtek-117122"]}]},{"@type":"ImageObject","inLanguage":"es","@id":"https:\/\/solumeca.com\/?product=cincel-plano-de-5-8-x-6-surtek-117122#primaryimage","url":"https:\/\/solumeca.com\/wp-content\/uploads\/2026\/03\/117122.webp","contentUrl":"https:\/\/solumeca.com\/wp-content\/uploads\/2026\/03\/117122.webp","width":1000,"height":1000},{"@type":"BreadcrumbList","@id":"https:\/\/solumeca.com\/?product=cincel-plano-de-5-8-x-6-surtek-117122#breadcrumb","itemListElement":[{"@type":"ListItem","position":1,"name":"Portada","item":"https:\/\/solumeca.com\/"},{"@type":"ListItem","position":2,"name":"Shop","item":"https:\/\/solumeca.com\/?page_id=10"},{"@type":"ListItem","position":3,"name":"CINCEL PLANO DE 5\/8&#8243; X 6&#8243; SURTEK &#8211; 117122"}]},{"@type":"WebSite","@id":"https:\/\/solumeca.com\/#website","url":"https:\/\/solumeca.com\/","name":"SOS Integral - Equipos de Seguridad - Herramientas Industriales","description":"Equipos de Seguridad, Santo Domingo, Republica Dominicana, Herramientas Industriales,Tel.: (809) 274-3888 \/ Info@solumeca.com","publisher":{"@id":"https:\/\/solumeca.com\/#organization"},"potentialAction":[{"@type":"SearchAction","target":{"@type":"EntryPoint","urlTemplate":"https:\/\/solumeca.com\/?s={search_term_string}"},"query-input":"required name=search_term_string"}],"inLanguage":"es"},{"@type":"Organization","@id":"https:\/\/solumeca.com\/#organization","name":"SOS Integral - Equipos de Seguridad - Herramientas Industriales","url":"https:\/\/solumeca.com\/","logo":{"@type":"ImageObject","inLanguage":"es","@id":"https:\/\/solumeca.com\/#\/schema\/logo\/image\/","url":"https:\/\/solumeca.com\/wp-content\/uploads\/2024\/04\/equipos-de-seguridad-sos-2.png","contentUrl":"https:\/\/solumeca.com\/wp-content\/uploads\/2024\/04\/equipos-de-seguridad-sos-2.png","width":600,"height":259,"caption":"SOS Integral - Equipos de Seguridad - Herramientas Industriales"},"image":{"@id":"https:\/\/solumeca.com\/#\/schema\/logo\/image\/"},"sameAs":["https:\/\/www.instagram.com\/sosintegralrd\/"]}]}},"_links":{"self":[{"href":"https:\/\/solumeca.com\/index.php?rest_route=\/wp\/v2\/product\/33931","targetHints":{"allow":["GET"]}}],"collection":[{"href":"https:\/\/solumeca.com\/index.php?rest_route=\/wp\/v2\/product"}],"about":[{"href":"https:\/\/solumeca.com\/index.php?rest_route=\/wp\/v2\/types\/product"}],"replies":[{"embeddable":true,"href":"https:\/\/solumeca.com\/index.php?rest_route=%2Fwp%2Fv2%2Fcomments&post=33931"}],"version-history":[{"count":1,"href":"https:\/\/solumeca.com\/index.php?rest_route=\/wp\/v2\/product\/33931\/revisions"}],"predecessor-version":[{"id":33961,"href":"https:\/\/solumeca.com\/index.php?rest_route=\/wp\/v2\/product\/33931\/revisions\/33961"}],"wp:featuredmedia":[{"embeddable":true,"href":"https:\/\/solumeca.com\/index.php?rest_route=\/wp\/v2\/media\/22786"}],"wp:attachment":[{"href":"https:\/\/solumeca.com\/index.php?rest_route=%2Fwp%2Fv2%2Fmedia&parent=33931"}],"wp:term":[{"taxonomy":"product_brand","embeddable":true,"href":"https:\/\/solumeca.com\/index.php?rest_route=%2Fwp%2Fv2%2Fproduct_brand&post=33931"},{"taxonomy":"product_cat","embeddable":true,"href":"https:\/\/solumeca.com\/index.php?rest_route=%2Fwp%2Fv2%2Fproduct_cat&post=33931"},{"taxonomy":"product_tag","embeddable":true,"href":"https:\/\/solumeca.com\/index.php?rest_route=%2Fwp%2Fv2%2Fproduct_tag&post=33931"}],"curies":[{"name":"wp","href":"https:\/\/api.w.org\/{rel}","templated":true}]}}