{"id":33309,"date":"2026-03-17T20:51:30","date_gmt":"2026-03-17T19:51:30","guid":{"rendered":"https:\/\/solumeca.com\/?post_type=product&#038;p=33309"},"modified":"2026-03-17T20:51:32","modified_gmt":"2026-03-17T19:51:32","slug":"multimetro-trms-industrial-con-registro-de-datos-inalambrico-flir-dm91","status":"publish","type":"product","link":"https:\/\/solumeca.com\/?product=multimetro-trms-industrial-con-registro-de-datos-inalambrico-flir-dm91","title":{"rendered":"MULT\u00cdMETRO TRMS INDUSTRIAL CON REGISTRO DE DATOS (INAL\u00c1MBRICO FLIR &#8211; DM91"},"content":{"rendered":"","protected":false},"excerpt":{"rendered":"<p>El FLIR DM62 tiene funciones de medici\u00f3n esenciales que incluyen voltaje y corriente CA\/CC de verdadero valor eficaz, detecci\u00f3n de voltaje sin contacto, modo VFD y rango de medici\u00f3n de voltaje extendido de hasta 600 V.<\/p>\n<p>Ya sea electricista comercial o t\u00e9cnico en electr\u00f3nica, el DM62 proporciona mediciones precisas y una construcci\u00f3n de calidad para el uso diario. El DM62 viene con un soporte para sonda integral, 2 pilas alcalinas (AAA), cables de prueba de silicona de alta calidad y un estuche de transporte blando.<\/p>\n","protected":false},"featured_media":24858,"comment_status":"closed","ping_status":"closed","template":"","meta":[],"product_brand":[],"product_cat":[322],"product_tag":[],"class_list":{"0":"post-33309","1":"product","2":"type-product","3":"status-publish","4":"has-post-thumbnail","6":"product_cat-flir","8":"first","9":"instock","10":"taxable","11":"shipping-taxable","12":"purchasable","13":"product-type-simple"},"yoast_head":"<!-- This site is optimized with the Yoast SEO Premium plugin v22.5 (Yoast SEO v22.6) - https:\/\/yoast.com\/wordpress\/plugins\/seo\/ -->\n<title>MULT\u00cdMETRO TRMS INDUSTRIAL CON REGISTRO DE DATOS (INAL\u00c1MBRICO FLIR - DM91 - Herramientas Industriales - Equipos de Seguridad - Solumeca.com<\/title>\n<meta name=\"robots\" content=\"index, follow, max-snippet:-1, max-image-preview:large, max-video-preview:-1\" \/>\n<link rel=\"canonical\" href=\"https:\/\/solumeca.com\/?product=multimetro-trms-industrial-con-registro-de-datos-inalambrico-flir-dm91\" \/>\n<meta property=\"og:locale\" content=\"es_ES\" \/>\n<meta property=\"og:type\" content=\"article\" \/>\n<meta property=\"og:title\" content=\"MULT\u00cdMETRO TRMS INDUSTRIAL CON REGISTRO DE DATOS (INAL\u00c1MBRICO FLIR - DM91\" \/>\n<meta property=\"og:description\" content=\"El FLIR DM62 tiene funciones de medici\u00f3n esenciales que incluyen voltaje y corriente CA\/CC de verdadero valor eficaz, detecci\u00f3n de voltaje sin contacto, modo VFD y rango de medici\u00f3n de voltaje extendido de hasta 600 V.  Ya sea electricista comercial o t\u00e9cnico en electr\u00f3nica, el DM62 proporciona mediciones precisas y una construcci\u00f3n de calidad para el uso diario. El DM62 viene con un soporte para sonda integral, 2 pilas alcalinas (AAA), cables de prueba de silicona de alta calidad y un estuche de transporte blando.\" \/>\n<meta property=\"og:url\" content=\"https:\/\/solumeca.com\/?product=multimetro-trms-industrial-con-registro-de-datos-inalambrico-flir-dm91\" \/>\n<meta property=\"og:site_name\" content=\"Herramientas Industriales - Equipos de Seguridad - Solumeca.com\" \/>\n<meta property=\"article:modified_time\" content=\"2026-03-17T19:51:32+00:00\" \/>\n<meta name=\"twitter:card\" content=\"summary_large_image\" \/>\n<script type=\"application\/ld+json\" class=\"yoast-schema-graph\">{\"@context\":\"https:\/\/schema.org\",\"@graph\":[{\"@type\":\"WebPage\",\"@id\":\"https:\/\/solumeca.com\/?product=multimetro-trms-industrial-con-registro-de-datos-inalambrico-flir-dm91\",\"url\":\"https:\/\/solumeca.com\/?product=multimetro-trms-industrial-con-registro-de-datos-inalambrico-flir-dm91\",\"name\":\"MULT\u00cdMETRO TRMS INDUSTRIAL CON REGISTRO DE DATOS (INAL\u00c1MBRICO FLIR - DM91 - Herramientas Industriales - Equipos de Seguridad - Solumeca.com\",\"isPartOf\":{\"@id\":\"https:\/\/solumeca.com\/#website\"},\"primaryImageOfPage\":{\"@id\":\"https:\/\/solumeca.com\/?product=multimetro-trms-industrial-con-registro-de-datos-inalambrico-flir-dm91#primaryimage\"},\"image\":{\"@id\":\"https:\/\/solumeca.com\/?product=multimetro-trms-industrial-con-registro-de-datos-inalambrico-flir-dm91#primaryimage\"},\"thumbnailUrl\":\"https:\/\/solumeca.com\/wp-content\/uploads\/2026\/03\/Sin-titulo-10dssika.png\",\"datePublished\":\"2026-03-17T19:51:30+00:00\",\"dateModified\":\"2026-03-17T19:51:32+00:00\",\"breadcrumb\":{\"@id\":\"https:\/\/solumeca.com\/?product=multimetro-trms-industrial-con-registro-de-datos-inalambrico-flir-dm91#breadcrumb\"},\"inLanguage\":\"es\",\"potentialAction\":[{\"@type\":\"ReadAction\",\"target\":[\"https:\/\/solumeca.com\/?product=multimetro-trms-industrial-con-registro-de-datos-inalambrico-flir-dm91\"]}]},{\"@type\":\"ImageObject\",\"inLanguage\":\"es\",\"@id\":\"https:\/\/solumeca.com\/?product=multimetro-trms-industrial-con-registro-de-datos-inalambrico-flir-dm91#primaryimage\",\"url\":\"https:\/\/solumeca.com\/wp-content\/uploads\/2026\/03\/Sin-titulo-10dssika.png\",\"contentUrl\":\"https:\/\/solumeca.com\/wp-content\/uploads\/2026\/03\/Sin-titulo-10dssika.png\",\"width\":1000,\"height\":1000},{\"@type\":\"BreadcrumbList\",\"@id\":\"https:\/\/solumeca.com\/?product=multimetro-trms-industrial-con-registro-de-datos-inalambrico-flir-dm91#breadcrumb\",\"itemListElement\":[{\"@type\":\"ListItem\",\"position\":1,\"name\":\"Portada\",\"item\":\"https:\/\/solumeca.com\/\"},{\"@type\":\"ListItem\",\"position\":2,\"name\":\"Shop\",\"item\":\"https:\/\/solumeca.com\/?page_id=10\"},{\"@type\":\"ListItem\",\"position\":3,\"name\":\"MULT\u00cdMETRO TRMS INDUSTRIAL CON REGISTRO DE DATOS (INAL\u00c1MBRICO FLIR &#8211; DM91\"}]},{\"@type\":\"WebSite\",\"@id\":\"https:\/\/solumeca.com\/#website\",\"url\":\"https:\/\/solumeca.com\/\",\"name\":\"SOS Integral - Equipos de Seguridad - Herramientas Industriales\",\"description\":\"Equipos de Seguridad, Santo Domingo, Republica Dominicana, Herramientas Industriales,Tel.: (809) 274-3888 \/ Info@solumeca.com\",\"publisher\":{\"@id\":\"https:\/\/solumeca.com\/#organization\"},\"potentialAction\":[{\"@type\":\"SearchAction\",\"target\":{\"@type\":\"EntryPoint\",\"urlTemplate\":\"https:\/\/solumeca.com\/?s={search_term_string}\"},\"query-input\":\"required name=search_term_string\"}],\"inLanguage\":\"es\"},{\"@type\":\"Organization\",\"@id\":\"https:\/\/solumeca.com\/#organization\",\"name\":\"SOS Integral - Equipos de Seguridad - Herramientas Industriales\",\"url\":\"https:\/\/solumeca.com\/\",\"logo\":{\"@type\":\"ImageObject\",\"inLanguage\":\"es\",\"@id\":\"https:\/\/solumeca.com\/#\/schema\/logo\/image\/\",\"url\":\"https:\/\/solumeca.com\/wp-content\/uploads\/2024\/04\/equipos-de-seguridad-sos-2.png\",\"contentUrl\":\"https:\/\/solumeca.com\/wp-content\/uploads\/2024\/04\/equipos-de-seguridad-sos-2.png\",\"width\":600,\"height\":259,\"caption\":\"SOS Integral - Equipos de Seguridad - Herramientas Industriales\"},\"image\":{\"@id\":\"https:\/\/solumeca.com\/#\/schema\/logo\/image\/\"},\"sameAs\":[\"https:\/\/www.instagram.com\/sosintegralrd\/\"]}]}<\/script>\n<!-- \/ Yoast SEO Premium plugin. -->","yoast_head_json":{"title":"MULT\u00cdMETRO TRMS INDUSTRIAL CON REGISTRO DE DATOS (INAL\u00c1MBRICO FLIR - DM91 - Herramientas Industriales - Equipos de Seguridad - Solumeca.com","robots":{"index":"index","follow":"follow","max-snippet":"max-snippet:-1","max-image-preview":"max-image-preview:large","max-video-preview":"max-video-preview:-1"},"canonical":"https:\/\/solumeca.com\/?product=multimetro-trms-industrial-con-registro-de-datos-inalambrico-flir-dm91","og_locale":"es_ES","og_type":"article","og_title":"MULT\u00cdMETRO TRMS INDUSTRIAL CON REGISTRO DE DATOS (INAL\u00c1MBRICO FLIR - DM91","og_description":"El FLIR DM62 tiene funciones de medici\u00f3n esenciales que incluyen voltaje y corriente CA\/CC de verdadero valor eficaz, detecci\u00f3n de voltaje sin contacto, modo VFD y rango de medici\u00f3n de voltaje extendido de hasta 600 V.  Ya sea electricista comercial o t\u00e9cnico en electr\u00f3nica, el DM62 proporciona mediciones precisas y una construcci\u00f3n de calidad para el uso diario. El DM62 viene con un soporte para sonda integral, 2 pilas alcalinas (AAA), cables de prueba de silicona de alta calidad y un estuche de transporte blando.","og_url":"https:\/\/solumeca.com\/?product=multimetro-trms-industrial-con-registro-de-datos-inalambrico-flir-dm91","og_site_name":"Herramientas Industriales - Equipos de Seguridad - Solumeca.com","article_modified_time":"2026-03-17T19:51:32+00:00","twitter_card":"summary_large_image","schema":{"@context":"https:\/\/schema.org","@graph":[{"@type":"WebPage","@id":"https:\/\/solumeca.com\/?product=multimetro-trms-industrial-con-registro-de-datos-inalambrico-flir-dm91","url":"https:\/\/solumeca.com\/?product=multimetro-trms-industrial-con-registro-de-datos-inalambrico-flir-dm91","name":"MULT\u00cdMETRO TRMS INDUSTRIAL CON REGISTRO DE DATOS (INAL\u00c1MBRICO FLIR - DM91 - Herramientas Industriales - Equipos de Seguridad - Solumeca.com","isPartOf":{"@id":"https:\/\/solumeca.com\/#website"},"primaryImageOfPage":{"@id":"https:\/\/solumeca.com\/?product=multimetro-trms-industrial-con-registro-de-datos-inalambrico-flir-dm91#primaryimage"},"image":{"@id":"https:\/\/solumeca.com\/?product=multimetro-trms-industrial-con-registro-de-datos-inalambrico-flir-dm91#primaryimage"},"thumbnailUrl":"https:\/\/solumeca.com\/wp-content\/uploads\/2026\/03\/Sin-titulo-10dssika.png","datePublished":"2026-03-17T19:51:30+00:00","dateModified":"2026-03-17T19:51:32+00:00","breadcrumb":{"@id":"https:\/\/solumeca.com\/?product=multimetro-trms-industrial-con-registro-de-datos-inalambrico-flir-dm91#breadcrumb"},"inLanguage":"es","potentialAction":[{"@type":"ReadAction","target":["https:\/\/solumeca.com\/?product=multimetro-trms-industrial-con-registro-de-datos-inalambrico-flir-dm91"]}]},{"@type":"ImageObject","inLanguage":"es","@id":"https:\/\/solumeca.com\/?product=multimetro-trms-industrial-con-registro-de-datos-inalambrico-flir-dm91#primaryimage","url":"https:\/\/solumeca.com\/wp-content\/uploads\/2026\/03\/Sin-titulo-10dssika.png","contentUrl":"https:\/\/solumeca.com\/wp-content\/uploads\/2026\/03\/Sin-titulo-10dssika.png","width":1000,"height":1000},{"@type":"BreadcrumbList","@id":"https:\/\/solumeca.com\/?product=multimetro-trms-industrial-con-registro-de-datos-inalambrico-flir-dm91#breadcrumb","itemListElement":[{"@type":"ListItem","position":1,"name":"Portada","item":"https:\/\/solumeca.com\/"},{"@type":"ListItem","position":2,"name":"Shop","item":"https:\/\/solumeca.com\/?page_id=10"},{"@type":"ListItem","position":3,"name":"MULT\u00cdMETRO TRMS INDUSTRIAL CON REGISTRO DE DATOS (INAL\u00c1MBRICO FLIR &#8211; DM91"}]},{"@type":"WebSite","@id":"https:\/\/solumeca.com\/#website","url":"https:\/\/solumeca.com\/","name":"SOS Integral - Equipos de Seguridad - Herramientas Industriales","description":"Equipos de Seguridad, Santo Domingo, Republica Dominicana, Herramientas Industriales,Tel.: (809) 274-3888 \/ Info@solumeca.com","publisher":{"@id":"https:\/\/solumeca.com\/#organization"},"potentialAction":[{"@type":"SearchAction","target":{"@type":"EntryPoint","urlTemplate":"https:\/\/solumeca.com\/?s={search_term_string}"},"query-input":"required name=search_term_string"}],"inLanguage":"es"},{"@type":"Organization","@id":"https:\/\/solumeca.com\/#organization","name":"SOS Integral - Equipos de Seguridad - Herramientas Industriales","url":"https:\/\/solumeca.com\/","logo":{"@type":"ImageObject","inLanguage":"es","@id":"https:\/\/solumeca.com\/#\/schema\/logo\/image\/","url":"https:\/\/solumeca.com\/wp-content\/uploads\/2024\/04\/equipos-de-seguridad-sos-2.png","contentUrl":"https:\/\/solumeca.com\/wp-content\/uploads\/2024\/04\/equipos-de-seguridad-sos-2.png","width":600,"height":259,"caption":"SOS Integral - Equipos de Seguridad - Herramientas Industriales"},"image":{"@id":"https:\/\/solumeca.com\/#\/schema\/logo\/image\/"},"sameAs":["https:\/\/www.instagram.com\/sosintegralrd\/"]}]}},"_links":{"self":[{"href":"https:\/\/solumeca.com\/index.php?rest_route=\/wp\/v2\/product\/33309","targetHints":{"allow":["GET"]}}],"collection":[{"href":"https:\/\/solumeca.com\/index.php?rest_route=\/wp\/v2\/product"}],"about":[{"href":"https:\/\/solumeca.com\/index.php?rest_route=\/wp\/v2\/types\/product"}],"replies":[{"embeddable":true,"href":"https:\/\/solumeca.com\/index.php?rest_route=%2Fwp%2Fv2%2Fcomments&post=33309"}],"version-history":[{"count":1,"href":"https:\/\/solumeca.com\/index.php?rest_route=\/wp\/v2\/product\/33309\/revisions"}],"predecessor-version":[{"id":33339,"href":"https:\/\/solumeca.com\/index.php?rest_route=\/wp\/v2\/product\/33309\/revisions\/33339"}],"wp:featuredmedia":[{"embeddable":true,"href":"https:\/\/solumeca.com\/index.php?rest_route=\/wp\/v2\/media\/24858"}],"wp:attachment":[{"href":"https:\/\/solumeca.com\/index.php?rest_route=%2Fwp%2Fv2%2Fmedia&parent=33309"}],"wp:term":[{"taxonomy":"product_brand","embeddable":true,"href":"https:\/\/solumeca.com\/index.php?rest_route=%2Fwp%2Fv2%2Fproduct_brand&post=33309"},{"taxonomy":"product_cat","embeddable":true,"href":"https:\/\/solumeca.com\/index.php?rest_route=%2Fwp%2Fv2%2Fproduct_cat&post=33309"},{"taxonomy":"product_tag","embeddable":true,"href":"https:\/\/solumeca.com\/index.php?rest_route=%2Fwp%2Fv2%2Fproduct_tag&post=33309"}],"curies":[{"name":"wp","href":"https:\/\/api.w.org\/{rel}","templated":true}]}}