{"id":33252,"date":"2026-03-17T20:51:16","date_gmt":"2026-03-17T19:51:16","guid":{"rendered":"https:\/\/solumeca.com\/?post_type=product&#038;p=33252"},"modified":"2026-03-17T20:51:19","modified_gmt":"2026-03-17T19:51:19","slug":"orejera-de-cuello-3m-peltor-optime-105-28db-h10b","status":"publish","type":"product","link":"https:\/\/solumeca.com\/?product=orejera-de-cuello-3m-peltor-optime-105-28db-h10b","title":{"rendered":"OREJERA DE CUELLO 3M PELTOR OPTIME 105 28dB &#8211; H10B"},"content":{"rendered":"<p>3M\u2122 Peltor\u2122 Optime\u2122 Extreme cuentan con la tecnolog\u00eda de doble copa para proporcionar protecci\u00f3n auditiva eficaz.<\/p>\n<p>Para los niveles de ruido de hasta 105 dBA, estas copas con banda de nuca detr\u00e1s de la que cabeza que cuentan con la tecnolog\u00eda de doble casco para proporcionar protecci\u00f3n auditiva eficaz dise\u00f1o Twin-Cup\u2122 patentado. cuenta con copas suaves,cojines rellenos de espuma. dise\u00f1o de banda nuca detras de la que cabeza que permite un f\u00e1cil uso con cascos. cojines llenos de l\u00edquido \/ espuma C\u00f3digo de colores para ayudar a las necesidades de avistamiento. C\u00f3digo de colores para avistamiento Reducci\u00f3n de ruido Rating (NRR) *: 29 dB. CSA Class AL * El NRR puede sobrestimar la protecci\u00f3n auditiva proporcionada durante el uso t\u00edpico. 3M recomienda reducir el NRR en un 50% para la estimaci\u00f3n de la cantidad de reducci\u00f3n de ruido proporcionada. 3M\u2122 es l\u00edder en la Promoci\u00f3n de la Conservaci\u00f3n Auditiva.<\/p>\n<p>Ideal para la protecci\u00f3n contra el ruido procedente de una amplia gama de aplicaciones incluyendo el lugar de trabajo de procesamiento de metales, construcci\u00f3n, qu\u00edmica y fabricaci\u00f3n de productos farmac\u00e9uticos, ingenier\u00eda de la luz, automoci\u00f3n, manufactura textil, impresi\u00f3n y trabajo de la madera.<\/p>\n<ul>\n<li>Dise\u00f1o Twin-Cup\u2122 patentado. cuenta con copas suaves,cojines rellenos de espuma.<\/li>\n<li>Dise\u00f1o de banda nuca detras de la que cabeza que permite un f\u00e1cil uso con cascos.<\/li>\n<li>Cojines llenos de l\u00edquido \/ espuma<\/li>\n<li>C\u00f3digo de colores para ayudar a las necesidades de avistamiento.<\/li>\n<li>C\u00f3digo de colores para avistamiento<\/li>\n<li>Reducci\u00f3n de ruido Rating (NRR) *: 29 dB. CSA Class AL<\/li>\n<\/ul>\n","protected":false},"excerpt":{"rendered":"<p>Para los niveles de ruido de hasta 105 dBA, estas copas con banda de nuca detr\u00e1s de la que cabeza que cuentan con la tecnolog\u00eda de doble casco para proporcionar protecci\u00f3n auditiva eficaz dise\u00f1o Twin-Cup\u2122 patentado. cuenta con copas suaves,cojines rellenos de espuma. dise\u00f1o de banda nuca detras de la que cabeza que permite un f\u00e1cil uso con cascos. cojines llenos de l\u00edquido \/ espuma C\u00f3digo de colores para ayudar a las necesidades de avistamiento. C\u00f3digo de colores para avistamiento Reducci\u00f3n de ruido Rating (NRR) *: 29 dB. CSA Class AL * El NRR puede sobrestimar la protecci\u00f3n auditiva proporcionada durante el uso t\u00edpico. 3M recomienda reducir el NRR en un 50% para la estimaci\u00f3n de la cantidad de reducci\u00f3n de ruido proporcionada. 3M\u2122 es l\u00edder en la Promoci\u00f3n de la Conservaci\u00f3n Auditiva.<\/p>\n","protected":false},"featured_media":24781,"comment_status":"closed","ping_status":"closed","template":"","meta":[],"product_brand":[],"product_cat":[311,317],"product_tag":[],"class_list":{"0":"post-33252","1":"product","2":"type-product","3":"status-publish","4":"has-post-thumbnail","6":"product_cat-3m","7":"product_cat-orejeras","9":"first","10":"instock","11":"taxable","12":"shipping-taxable","13":"purchasable","14":"product-type-simple"},"yoast_head":"<!-- This site is optimized with the Yoast SEO Premium plugin v22.5 (Yoast SEO v22.6) - https:\/\/yoast.com\/wordpress\/plugins\/seo\/ -->\n<title>OREJERA DE CUELLO 3M PELTOR OPTIME 105 28dB - H10B - Herramientas Industriales - Equipos de Seguridad - Solumeca.com<\/title>\n<meta name=\"robots\" content=\"index, follow, max-snippet:-1, max-image-preview:large, max-video-preview:-1\" \/>\n<link rel=\"canonical\" href=\"https:\/\/solumeca.com\/?product=orejera-de-cuello-3m-peltor-optime-105-28db-h10b\" \/>\n<meta property=\"og:locale\" content=\"es_ES\" \/>\n<meta property=\"og:type\" content=\"article\" \/>\n<meta property=\"og:title\" content=\"OREJERA DE CUELLO 3M PELTOR OPTIME 105 28dB - H10B\" \/>\n<meta property=\"og:description\" content=\"Para los niveles de ruido de hasta 105 dBA, estas copas con banda de nuca detr\u00e1s de la que cabeza que cuentan con la tecnolog\u00eda de doble casco para proporcionar protecci\u00f3n auditiva eficaz dise\u00f1o Twin-Cup\u2122 patentado. cuenta con copas suaves,cojines rellenos de espuma. dise\u00f1o de banda nuca detras de la que cabeza que permite un f\u00e1cil uso con cascos. cojines llenos de l\u00edquido \/ espuma C\u00f3digo de colores para ayudar a las necesidades de avistamiento. C\u00f3digo de colores para avistamiento Reducci\u00f3n de ruido Rating (NRR) *: 29 dB. CSA Class AL * El NRR puede sobrestimar la protecci\u00f3n auditiva proporcionada durante el uso t\u00edpico. 3M recomienda reducir el NRR en un 50% para la estimaci\u00f3n de la cantidad de reducci\u00f3n de ruido proporcionada. 3M\u2122 es l\u00edder en la Promoci\u00f3n de la Conservaci\u00f3n Auditiva.\" \/>\n<meta property=\"og:url\" content=\"https:\/\/solumeca.com\/?product=orejera-de-cuello-3m-peltor-optime-105-28db-h10b\" \/>\n<meta property=\"og:site_name\" content=\"Herramientas Industriales - Equipos de Seguridad - Solumeca.com\" \/>\n<meta property=\"article:modified_time\" content=\"2026-03-17T19:51:19+00:00\" \/>\n<meta name=\"twitter:card\" content=\"summary_large_image\" \/>\n<meta name=\"twitter:label1\" content=\"Tiempo de lectura\" \/>\n\t<meta name=\"twitter:data1\" content=\"1 minuto\" \/>\n<script type=\"application\/ld+json\" class=\"yoast-schema-graph\">{\"@context\":\"https:\/\/schema.org\",\"@graph\":[{\"@type\":\"WebPage\",\"@id\":\"https:\/\/solumeca.com\/?product=orejera-de-cuello-3m-peltor-optime-105-28db-h10b\",\"url\":\"https:\/\/solumeca.com\/?product=orejera-de-cuello-3m-peltor-optime-105-28db-h10b\",\"name\":\"OREJERA DE CUELLO 3M PELTOR OPTIME 105 28dB - H10B - Herramientas Industriales - Equipos de Seguridad - Solumeca.com\",\"isPartOf\":{\"@id\":\"https:\/\/solumeca.com\/#website\"},\"primaryImageOfPage\":{\"@id\":\"https:\/\/solumeca.com\/?product=orejera-de-cuello-3m-peltor-optime-105-28db-h10b#primaryimage\"},\"image\":{\"@id\":\"https:\/\/solumeca.com\/?product=orejera-de-cuello-3m-peltor-optime-105-28db-h10b#primaryimage\"},\"thumbnailUrl\":\"https:\/\/solumeca.com\/wp-content\/uploads\/2026\/03\/h10b.png\",\"datePublished\":\"2026-03-17T19:51:16+00:00\",\"dateModified\":\"2026-03-17T19:51:19+00:00\",\"breadcrumb\":{\"@id\":\"https:\/\/solumeca.com\/?product=orejera-de-cuello-3m-peltor-optime-105-28db-h10b#breadcrumb\"},\"inLanguage\":\"es\",\"potentialAction\":[{\"@type\":\"ReadAction\",\"target\":[\"https:\/\/solumeca.com\/?product=orejera-de-cuello-3m-peltor-optime-105-28db-h10b\"]}]},{\"@type\":\"ImageObject\",\"inLanguage\":\"es\",\"@id\":\"https:\/\/solumeca.com\/?product=orejera-de-cuello-3m-peltor-optime-105-28db-h10b#primaryimage\",\"url\":\"https:\/\/solumeca.com\/wp-content\/uploads\/2026\/03\/h10b.png\",\"contentUrl\":\"https:\/\/solumeca.com\/wp-content\/uploads\/2026\/03\/h10b.png\",\"width\":1000,\"height\":1000},{\"@type\":\"BreadcrumbList\",\"@id\":\"https:\/\/solumeca.com\/?product=orejera-de-cuello-3m-peltor-optime-105-28db-h10b#breadcrumb\",\"itemListElement\":[{\"@type\":\"ListItem\",\"position\":1,\"name\":\"Portada\",\"item\":\"https:\/\/solumeca.com\/\"},{\"@type\":\"ListItem\",\"position\":2,\"name\":\"Shop\",\"item\":\"https:\/\/solumeca.com\/?page_id=10\"},{\"@type\":\"ListItem\",\"position\":3,\"name\":\"OREJERA DE CUELLO 3M PELTOR OPTIME 105 28dB &#8211; H10B\"}]},{\"@type\":\"WebSite\",\"@id\":\"https:\/\/solumeca.com\/#website\",\"url\":\"https:\/\/solumeca.com\/\",\"name\":\"SOS Integral - Equipos de Seguridad - Herramientas Industriales\",\"description\":\"Equipos de Seguridad, Santo Domingo, Republica Dominicana, Herramientas Industriales,Tel.: (809) 274-3888 \/ Info@solumeca.com\",\"publisher\":{\"@id\":\"https:\/\/solumeca.com\/#organization\"},\"potentialAction\":[{\"@type\":\"SearchAction\",\"target\":{\"@type\":\"EntryPoint\",\"urlTemplate\":\"https:\/\/solumeca.com\/?s={search_term_string}\"},\"query-input\":\"required name=search_term_string\"}],\"inLanguage\":\"es\"},{\"@type\":\"Organization\",\"@id\":\"https:\/\/solumeca.com\/#organization\",\"name\":\"SOS Integral - Equipos de Seguridad - Herramientas Industriales\",\"url\":\"https:\/\/solumeca.com\/\",\"logo\":{\"@type\":\"ImageObject\",\"inLanguage\":\"es\",\"@id\":\"https:\/\/solumeca.com\/#\/schema\/logo\/image\/\",\"url\":\"https:\/\/solumeca.com\/wp-content\/uploads\/2024\/04\/equipos-de-seguridad-sos-2.png\",\"contentUrl\":\"https:\/\/solumeca.com\/wp-content\/uploads\/2024\/04\/equipos-de-seguridad-sos-2.png\",\"width\":600,\"height\":259,\"caption\":\"SOS Integral - Equipos de Seguridad - Herramientas Industriales\"},\"image\":{\"@id\":\"https:\/\/solumeca.com\/#\/schema\/logo\/image\/\"},\"sameAs\":[\"https:\/\/www.instagram.com\/sosintegralrd\/\"]}]}<\/script>\n<!-- \/ Yoast SEO Premium plugin. -->","yoast_head_json":{"title":"OREJERA DE CUELLO 3M PELTOR OPTIME 105 28dB - H10B - Herramientas Industriales - Equipos de Seguridad - Solumeca.com","robots":{"index":"index","follow":"follow","max-snippet":"max-snippet:-1","max-image-preview":"max-image-preview:large","max-video-preview":"max-video-preview:-1"},"canonical":"https:\/\/solumeca.com\/?product=orejera-de-cuello-3m-peltor-optime-105-28db-h10b","og_locale":"es_ES","og_type":"article","og_title":"OREJERA DE CUELLO 3M PELTOR OPTIME 105 28dB - H10B","og_description":"Para los niveles de ruido de hasta 105 dBA, estas copas con banda de nuca detr\u00e1s de la que cabeza que cuentan con la tecnolog\u00eda de doble casco para proporcionar protecci\u00f3n auditiva eficaz dise\u00f1o Twin-Cup\u2122 patentado. cuenta con copas suaves,cojines rellenos de espuma. dise\u00f1o de banda nuca detras de la que cabeza que permite un f\u00e1cil uso con cascos. cojines llenos de l\u00edquido \/ espuma C\u00f3digo de colores para ayudar a las necesidades de avistamiento. C\u00f3digo de colores para avistamiento Reducci\u00f3n de ruido Rating (NRR) *: 29 dB. CSA Class AL * El NRR puede sobrestimar la protecci\u00f3n auditiva proporcionada durante el uso t\u00edpico. 3M recomienda reducir el NRR en un 50% para la estimaci\u00f3n de la cantidad de reducci\u00f3n de ruido proporcionada. 3M\u2122 es l\u00edder en la Promoci\u00f3n de la Conservaci\u00f3n Auditiva.","og_url":"https:\/\/solumeca.com\/?product=orejera-de-cuello-3m-peltor-optime-105-28db-h10b","og_site_name":"Herramientas Industriales - Equipos de Seguridad - Solumeca.com","article_modified_time":"2026-03-17T19:51:19+00:00","twitter_card":"summary_large_image","twitter_misc":{"Tiempo de lectura":"1 minuto"},"schema":{"@context":"https:\/\/schema.org","@graph":[{"@type":"WebPage","@id":"https:\/\/solumeca.com\/?product=orejera-de-cuello-3m-peltor-optime-105-28db-h10b","url":"https:\/\/solumeca.com\/?product=orejera-de-cuello-3m-peltor-optime-105-28db-h10b","name":"OREJERA DE CUELLO 3M PELTOR OPTIME 105 28dB - H10B - Herramientas Industriales - Equipos de Seguridad - Solumeca.com","isPartOf":{"@id":"https:\/\/solumeca.com\/#website"},"primaryImageOfPage":{"@id":"https:\/\/solumeca.com\/?product=orejera-de-cuello-3m-peltor-optime-105-28db-h10b#primaryimage"},"image":{"@id":"https:\/\/solumeca.com\/?product=orejera-de-cuello-3m-peltor-optime-105-28db-h10b#primaryimage"},"thumbnailUrl":"https:\/\/solumeca.com\/wp-content\/uploads\/2026\/03\/h10b.png","datePublished":"2026-03-17T19:51:16+00:00","dateModified":"2026-03-17T19:51:19+00:00","breadcrumb":{"@id":"https:\/\/solumeca.com\/?product=orejera-de-cuello-3m-peltor-optime-105-28db-h10b#breadcrumb"},"inLanguage":"es","potentialAction":[{"@type":"ReadAction","target":["https:\/\/solumeca.com\/?product=orejera-de-cuello-3m-peltor-optime-105-28db-h10b"]}]},{"@type":"ImageObject","inLanguage":"es","@id":"https:\/\/solumeca.com\/?product=orejera-de-cuello-3m-peltor-optime-105-28db-h10b#primaryimage","url":"https:\/\/solumeca.com\/wp-content\/uploads\/2026\/03\/h10b.png","contentUrl":"https:\/\/solumeca.com\/wp-content\/uploads\/2026\/03\/h10b.png","width":1000,"height":1000},{"@type":"BreadcrumbList","@id":"https:\/\/solumeca.com\/?product=orejera-de-cuello-3m-peltor-optime-105-28db-h10b#breadcrumb","itemListElement":[{"@type":"ListItem","position":1,"name":"Portada","item":"https:\/\/solumeca.com\/"},{"@type":"ListItem","position":2,"name":"Shop","item":"https:\/\/solumeca.com\/?page_id=10"},{"@type":"ListItem","position":3,"name":"OREJERA DE CUELLO 3M PELTOR OPTIME 105 28dB &#8211; H10B"}]},{"@type":"WebSite","@id":"https:\/\/solumeca.com\/#website","url":"https:\/\/solumeca.com\/","name":"SOS Integral - Equipos de Seguridad - Herramientas Industriales","description":"Equipos de Seguridad, Santo Domingo, Republica Dominicana, Herramientas Industriales,Tel.: (809) 274-3888 \/ Info@solumeca.com","publisher":{"@id":"https:\/\/solumeca.com\/#organization"},"potentialAction":[{"@type":"SearchAction","target":{"@type":"EntryPoint","urlTemplate":"https:\/\/solumeca.com\/?s={search_term_string}"},"query-input":"required name=search_term_string"}],"inLanguage":"es"},{"@type":"Organization","@id":"https:\/\/solumeca.com\/#organization","name":"SOS Integral - Equipos de Seguridad - Herramientas Industriales","url":"https:\/\/solumeca.com\/","logo":{"@type":"ImageObject","inLanguage":"es","@id":"https:\/\/solumeca.com\/#\/schema\/logo\/image\/","url":"https:\/\/solumeca.com\/wp-content\/uploads\/2024\/04\/equipos-de-seguridad-sos-2.png","contentUrl":"https:\/\/solumeca.com\/wp-content\/uploads\/2024\/04\/equipos-de-seguridad-sos-2.png","width":600,"height":259,"caption":"SOS Integral - Equipos de Seguridad - Herramientas Industriales"},"image":{"@id":"https:\/\/solumeca.com\/#\/schema\/logo\/image\/"},"sameAs":["https:\/\/www.instagram.com\/sosintegralrd\/"]}]}},"_links":{"self":[{"href":"https:\/\/solumeca.com\/index.php?rest_route=\/wp\/v2\/product\/33252","targetHints":{"allow":["GET"]}}],"collection":[{"href":"https:\/\/solumeca.com\/index.php?rest_route=\/wp\/v2\/product"}],"about":[{"href":"https:\/\/solumeca.com\/index.php?rest_route=\/wp\/v2\/types\/product"}],"replies":[{"embeddable":true,"href":"https:\/\/solumeca.com\/index.php?rest_route=%2Fwp%2Fv2%2Fcomments&post=33252"}],"version-history":[{"count":1,"href":"https:\/\/solumeca.com\/index.php?rest_route=\/wp\/v2\/product\/33252\/revisions"}],"predecessor-version":[{"id":33282,"href":"https:\/\/solumeca.com\/index.php?rest_route=\/wp\/v2\/product\/33252\/revisions\/33282"}],"wp:featuredmedia":[{"embeddable":true,"href":"https:\/\/solumeca.com\/index.php?rest_route=\/wp\/v2\/media\/24781"}],"wp:attachment":[{"href":"https:\/\/solumeca.com\/index.php?rest_route=%2Fwp%2Fv2%2Fmedia&parent=33252"}],"wp:term":[{"taxonomy":"product_brand","embeddable":true,"href":"https:\/\/solumeca.com\/index.php?rest_route=%2Fwp%2Fv2%2Fproduct_brand&post=33252"},{"taxonomy":"product_cat","embeddable":true,"href":"https:\/\/solumeca.com\/index.php?rest_route=%2Fwp%2Fv2%2Fproduct_cat&post=33252"},{"taxonomy":"product_tag","embeddable":true,"href":"https:\/\/solumeca.com\/index.php?rest_route=%2Fwp%2Fv2%2Fproduct_tag&post=33252"}],"curies":[{"name":"wp","href":"https:\/\/api.w.org\/{rel}","templated":true}]}}