{"id":33215,"date":"2026-03-17T20:51:06","date_gmt":"2026-03-17T19:51:06","guid":{"rendered":"https:\/\/solumeca.com\/?post_type=product&#038;p=33215"},"modified":"2026-03-17T20:51:12","modified_gmt":"2026-03-17T19:51:12","slug":"respirador-desechable-gris-20-1-8247-3m-8247","status":"publish","type":"product","link":"https:\/\/solumeca.com\/?product=respirador-desechable-gris-20-1-8247-3m-8247","title":{"rendered":"RESPIRADOR  DESECHABLE GRIS 20\/1 8247 3M &#8211; 8247"},"content":{"rendered":"<p>Respirador tipo R95 Aprobado por NIOSH 42.CFR.84, con filtro de carb\u00f3n para el alivio contra niveles molestos de vapores org\u00e1nicos, resistente para una mayor durabilidad y compatible con una variedad de gafas protectoras y protecci\u00f3n auditiva.\u00a0Otras aplicaciones: rectificado, embolsado, lijado, barrido en entornos de part\u00edculas con y sin aceite y otras operaciones polvorientas.<\/p>\n<p>El respirador para part\u00edculas libre de mantenimiento 3M\u2122 8247 R95 ayuda a proporcionar protecci\u00f3n respiratoria confiable contra ciertas part\u00edculas de aceite y sin aceite. Construido con una capa de filtro de carbono para el alivio de niveles molestos de vapores Org\u00e1nicos.<\/p>\n","protected":false},"excerpt":{"rendered":"<p>Respirador tipo R95 Aprobado por NIOSH 42.CFR.84, con filtro de carb\u00f3n para el alivio contra niveles molestos de vapores org\u00e1nicos, resistente para una mayor durabilidad y compatible con una variedad de gafas protectoras y protecci\u00f3n auditiva.\u00a0Otras aplicaciones: rectificado, embolsado, lijado, barrido en entornos de part\u00edculas con y sin aceite y otras operaciones polvorientas.<\/p>\n","protected":false},"featured_media":24762,"comment_status":"closed","ping_status":"closed","template":"","meta":[],"product_brand":[],"product_cat":[311,314],"product_tag":[],"class_list":{"0":"post-33215","1":"product","2":"type-product","3":"status-publish","4":"has-post-thumbnail","6":"product_cat-3m","7":"product_cat-respiradores","9":"first","10":"instock","11":"taxable","12":"shipping-taxable","13":"purchasable","14":"product-type-simple"},"yoast_head":"<!-- This site is optimized with the Yoast SEO Premium plugin v22.5 (Yoast SEO v22.6) - https:\/\/yoast.com\/wordpress\/plugins\/seo\/ -->\n<title>RESPIRADOR DESECHABLE GRIS 20\/1 8247 3M - 8247 - Herramientas Industriales - Equipos de Seguridad - Solumeca.com<\/title>\n<meta name=\"robots\" content=\"index, follow, max-snippet:-1, max-image-preview:large, max-video-preview:-1\" \/>\n<link rel=\"canonical\" href=\"https:\/\/solumeca.com\/?product=respirador-desechable-gris-20-1-8247-3m-8247\" \/>\n<meta property=\"og:locale\" content=\"es_ES\" \/>\n<meta property=\"og:type\" content=\"article\" \/>\n<meta property=\"og:title\" content=\"RESPIRADOR DESECHABLE GRIS 20\/1 8247 3M - 8247\" \/>\n<meta property=\"og:description\" content=\"Respirador tipo R95 Aprobado por NIOSH 42.CFR.84, con filtro de carb\u00f3n para el alivio contra niveles molestos de vapores org\u00e1nicos, resistente para una mayor durabilidad y compatible con una variedad de gafas protectoras y protecci\u00f3n auditiva.\u00a0Otras aplicaciones: rectificado, embolsado, lijado, barrido en entornos de part\u00edculas con y sin aceite y otras operaciones polvorientas.\" \/>\n<meta property=\"og:url\" content=\"https:\/\/solumeca.com\/?product=respirador-desechable-gris-20-1-8247-3m-8247\" \/>\n<meta property=\"og:site_name\" content=\"Herramientas Industriales - Equipos de Seguridad - Solumeca.com\" \/>\n<meta property=\"article:modified_time\" content=\"2026-03-17T19:51:12+00:00\" \/>\n<meta name=\"twitter:card\" content=\"summary_large_image\" \/>\n<meta name=\"twitter:label1\" content=\"Tiempo de lectura\" \/>\n\t<meta name=\"twitter:data1\" content=\"1 minuto\" \/>\n<script type=\"application\/ld+json\" class=\"yoast-schema-graph\">{\"@context\":\"https:\/\/schema.org\",\"@graph\":[{\"@type\":\"WebPage\",\"@id\":\"https:\/\/solumeca.com\/?product=respirador-desechable-gris-20-1-8247-3m-8247\",\"url\":\"https:\/\/solumeca.com\/?product=respirador-desechable-gris-20-1-8247-3m-8247\",\"name\":\"RESPIRADOR DESECHABLE GRIS 20\/1 8247 3M - 8247 - Herramientas Industriales - Equipos de Seguridad - Solumeca.com\",\"isPartOf\":{\"@id\":\"https:\/\/solumeca.com\/#website\"},\"primaryImageOfPage\":{\"@id\":\"https:\/\/solumeca.com\/?product=respirador-desechable-gris-20-1-8247-3m-8247#primaryimage\"},\"image\":{\"@id\":\"https:\/\/solumeca.com\/?product=respirador-desechable-gris-20-1-8247-3m-8247#primaryimage\"},\"thumbnailUrl\":\"https:\/\/solumeca.com\/wp-content\/uploads\/2026\/03\/respirador-3m-8247-particulas-y-n.m.-de-v.o.-epp-proteccion-respiratoria.jpg\",\"datePublished\":\"2026-03-17T19:51:06+00:00\",\"dateModified\":\"2026-03-17T19:51:12+00:00\",\"breadcrumb\":{\"@id\":\"https:\/\/solumeca.com\/?product=respirador-desechable-gris-20-1-8247-3m-8247#breadcrumb\"},\"inLanguage\":\"es\",\"potentialAction\":[{\"@type\":\"ReadAction\",\"target\":[\"https:\/\/solumeca.com\/?product=respirador-desechable-gris-20-1-8247-3m-8247\"]}]},{\"@type\":\"ImageObject\",\"inLanguage\":\"es\",\"@id\":\"https:\/\/solumeca.com\/?product=respirador-desechable-gris-20-1-8247-3m-8247#primaryimage\",\"url\":\"https:\/\/solumeca.com\/wp-content\/uploads\/2026\/03\/respirador-3m-8247-particulas-y-n.m.-de-v.o.-epp-proteccion-respiratoria.jpg\",\"contentUrl\":\"https:\/\/solumeca.com\/wp-content\/uploads\/2026\/03\/respirador-3m-8247-particulas-y-n.m.-de-v.o.-epp-proteccion-respiratoria.jpg\",\"width\":550,\"height\":550},{\"@type\":\"BreadcrumbList\",\"@id\":\"https:\/\/solumeca.com\/?product=respirador-desechable-gris-20-1-8247-3m-8247#breadcrumb\",\"itemListElement\":[{\"@type\":\"ListItem\",\"position\":1,\"name\":\"Portada\",\"item\":\"https:\/\/solumeca.com\/\"},{\"@type\":\"ListItem\",\"position\":2,\"name\":\"Shop\",\"item\":\"https:\/\/solumeca.com\/?page_id=10\"},{\"@type\":\"ListItem\",\"position\":3,\"name\":\"RESPIRADOR DESECHABLE GRIS 20\/1 8247 3M &#8211; 8247\"}]},{\"@type\":\"WebSite\",\"@id\":\"https:\/\/solumeca.com\/#website\",\"url\":\"https:\/\/solumeca.com\/\",\"name\":\"SOS Integral - Equipos de Seguridad - Herramientas Industriales\",\"description\":\"Equipos de Seguridad, Santo Domingo, Republica Dominicana, Herramientas Industriales,Tel.: (809) 274-3888 \/ Info@solumeca.com\",\"publisher\":{\"@id\":\"https:\/\/solumeca.com\/#organization\"},\"potentialAction\":[{\"@type\":\"SearchAction\",\"target\":{\"@type\":\"EntryPoint\",\"urlTemplate\":\"https:\/\/solumeca.com\/?s={search_term_string}\"},\"query-input\":\"required name=search_term_string\"}],\"inLanguage\":\"es\"},{\"@type\":\"Organization\",\"@id\":\"https:\/\/solumeca.com\/#organization\",\"name\":\"SOS Integral - Equipos de Seguridad - Herramientas Industriales\",\"url\":\"https:\/\/solumeca.com\/\",\"logo\":{\"@type\":\"ImageObject\",\"inLanguage\":\"es\",\"@id\":\"https:\/\/solumeca.com\/#\/schema\/logo\/image\/\",\"url\":\"https:\/\/solumeca.com\/wp-content\/uploads\/2024\/04\/equipos-de-seguridad-sos-2.png\",\"contentUrl\":\"https:\/\/solumeca.com\/wp-content\/uploads\/2024\/04\/equipos-de-seguridad-sos-2.png\",\"width\":600,\"height\":259,\"caption\":\"SOS Integral - Equipos de Seguridad - Herramientas Industriales\"},\"image\":{\"@id\":\"https:\/\/solumeca.com\/#\/schema\/logo\/image\/\"},\"sameAs\":[\"https:\/\/www.instagram.com\/sosintegralrd\/\"]}]}<\/script>\n<!-- \/ Yoast SEO Premium plugin. -->","yoast_head_json":{"title":"RESPIRADOR DESECHABLE GRIS 20\/1 8247 3M - 8247 - Herramientas Industriales - Equipos de Seguridad - Solumeca.com","robots":{"index":"index","follow":"follow","max-snippet":"max-snippet:-1","max-image-preview":"max-image-preview:large","max-video-preview":"max-video-preview:-1"},"canonical":"https:\/\/solumeca.com\/?product=respirador-desechable-gris-20-1-8247-3m-8247","og_locale":"es_ES","og_type":"article","og_title":"RESPIRADOR DESECHABLE GRIS 20\/1 8247 3M - 8247","og_description":"Respirador tipo R95 Aprobado por NIOSH 42.CFR.84, con filtro de carb\u00f3n para el alivio contra niveles molestos de vapores org\u00e1nicos, resistente para una mayor durabilidad y compatible con una variedad de gafas protectoras y protecci\u00f3n auditiva.\u00a0Otras aplicaciones: rectificado, embolsado, lijado, barrido en entornos de part\u00edculas con y sin aceite y otras operaciones polvorientas.","og_url":"https:\/\/solumeca.com\/?product=respirador-desechable-gris-20-1-8247-3m-8247","og_site_name":"Herramientas Industriales - Equipos de Seguridad - Solumeca.com","article_modified_time":"2026-03-17T19:51:12+00:00","twitter_card":"summary_large_image","twitter_misc":{"Tiempo de lectura":"1 minuto"},"schema":{"@context":"https:\/\/schema.org","@graph":[{"@type":"WebPage","@id":"https:\/\/solumeca.com\/?product=respirador-desechable-gris-20-1-8247-3m-8247","url":"https:\/\/solumeca.com\/?product=respirador-desechable-gris-20-1-8247-3m-8247","name":"RESPIRADOR DESECHABLE GRIS 20\/1 8247 3M - 8247 - Herramientas Industriales - Equipos de Seguridad - Solumeca.com","isPartOf":{"@id":"https:\/\/solumeca.com\/#website"},"primaryImageOfPage":{"@id":"https:\/\/solumeca.com\/?product=respirador-desechable-gris-20-1-8247-3m-8247#primaryimage"},"image":{"@id":"https:\/\/solumeca.com\/?product=respirador-desechable-gris-20-1-8247-3m-8247#primaryimage"},"thumbnailUrl":"https:\/\/solumeca.com\/wp-content\/uploads\/2026\/03\/respirador-3m-8247-particulas-y-n.m.-de-v.o.-epp-proteccion-respiratoria.jpg","datePublished":"2026-03-17T19:51:06+00:00","dateModified":"2026-03-17T19:51:12+00:00","breadcrumb":{"@id":"https:\/\/solumeca.com\/?product=respirador-desechable-gris-20-1-8247-3m-8247#breadcrumb"},"inLanguage":"es","potentialAction":[{"@type":"ReadAction","target":["https:\/\/solumeca.com\/?product=respirador-desechable-gris-20-1-8247-3m-8247"]}]},{"@type":"ImageObject","inLanguage":"es","@id":"https:\/\/solumeca.com\/?product=respirador-desechable-gris-20-1-8247-3m-8247#primaryimage","url":"https:\/\/solumeca.com\/wp-content\/uploads\/2026\/03\/respirador-3m-8247-particulas-y-n.m.-de-v.o.-epp-proteccion-respiratoria.jpg","contentUrl":"https:\/\/solumeca.com\/wp-content\/uploads\/2026\/03\/respirador-3m-8247-particulas-y-n.m.-de-v.o.-epp-proteccion-respiratoria.jpg","width":550,"height":550},{"@type":"BreadcrumbList","@id":"https:\/\/solumeca.com\/?product=respirador-desechable-gris-20-1-8247-3m-8247#breadcrumb","itemListElement":[{"@type":"ListItem","position":1,"name":"Portada","item":"https:\/\/solumeca.com\/"},{"@type":"ListItem","position":2,"name":"Shop","item":"https:\/\/solumeca.com\/?page_id=10"},{"@type":"ListItem","position":3,"name":"RESPIRADOR DESECHABLE GRIS 20\/1 8247 3M &#8211; 8247"}]},{"@type":"WebSite","@id":"https:\/\/solumeca.com\/#website","url":"https:\/\/solumeca.com\/","name":"SOS Integral - Equipos de Seguridad - Herramientas Industriales","description":"Equipos de Seguridad, Santo Domingo, Republica Dominicana, Herramientas Industriales,Tel.: (809) 274-3888 \/ Info@solumeca.com","publisher":{"@id":"https:\/\/solumeca.com\/#organization"},"potentialAction":[{"@type":"SearchAction","target":{"@type":"EntryPoint","urlTemplate":"https:\/\/solumeca.com\/?s={search_term_string}"},"query-input":"required name=search_term_string"}],"inLanguage":"es"},{"@type":"Organization","@id":"https:\/\/solumeca.com\/#organization","name":"SOS Integral - Equipos de Seguridad - Herramientas Industriales","url":"https:\/\/solumeca.com\/","logo":{"@type":"ImageObject","inLanguage":"es","@id":"https:\/\/solumeca.com\/#\/schema\/logo\/image\/","url":"https:\/\/solumeca.com\/wp-content\/uploads\/2024\/04\/equipos-de-seguridad-sos-2.png","contentUrl":"https:\/\/solumeca.com\/wp-content\/uploads\/2024\/04\/equipos-de-seguridad-sos-2.png","width":600,"height":259,"caption":"SOS Integral - Equipos de Seguridad - Herramientas Industriales"},"image":{"@id":"https:\/\/solumeca.com\/#\/schema\/logo\/image\/"},"sameAs":["https:\/\/www.instagram.com\/sosintegralrd\/"]}]}},"_links":{"self":[{"href":"https:\/\/solumeca.com\/index.php?rest_route=\/wp\/v2\/product\/33215","targetHints":{"allow":["GET"]}}],"collection":[{"href":"https:\/\/solumeca.com\/index.php?rest_route=\/wp\/v2\/product"}],"about":[{"href":"https:\/\/solumeca.com\/index.php?rest_route=\/wp\/v2\/types\/product"}],"replies":[{"embeddable":true,"href":"https:\/\/solumeca.com\/index.php?rest_route=%2Fwp%2Fv2%2Fcomments&post=33215"}],"version-history":[{"count":1,"href":"https:\/\/solumeca.com\/index.php?rest_route=\/wp\/v2\/product\/33215\/revisions"}],"predecessor-version":[{"id":33245,"href":"https:\/\/solumeca.com\/index.php?rest_route=\/wp\/v2\/product\/33215\/revisions\/33245"}],"wp:featuredmedia":[{"embeddable":true,"href":"https:\/\/solumeca.com\/index.php?rest_route=\/wp\/v2\/media\/24762"}],"wp:attachment":[{"href":"https:\/\/solumeca.com\/index.php?rest_route=%2Fwp%2Fv2%2Fmedia&parent=33215"}],"wp:term":[{"taxonomy":"product_brand","embeddable":true,"href":"https:\/\/solumeca.com\/index.php?rest_route=%2Fwp%2Fv2%2Fproduct_brand&post=33215"},{"taxonomy":"product_cat","embeddable":true,"href":"https:\/\/solumeca.com\/index.php?rest_route=%2Fwp%2Fv2%2Fproduct_cat&post=33215"},{"taxonomy":"product_tag","embeddable":true,"href":"https:\/\/solumeca.com\/index.php?rest_route=%2Fwp%2Fv2%2Fproduct_tag&post=33215"}],"curies":[{"name":"wp","href":"https:\/\/api.w.org\/{rel}","templated":true}]}}